000
CXUS53 KAPX 010730
CF6PLN
PRELIMINARY LOCAL CLIMATOLOGICAL DATA (WS FORM: F-6)
STATION: PELLSTON
MONTH: JULY
YEAR: 2022
LATITUDE: 45 34 N
LONGITUDE: 84 48 W
TEMPERATURE IN F: :PCPN: SNOW: WIND :SUNSHINE: SKY :PK WND
================================================================================
1 2 3 4 5 6A 6B 7 8 9 10 11 12 13 14 15 16 17 18
12Z AVG MX 2MIN
DY MAX MIN AVG DEP HDD CDD WTR SNW DPTH SPD SPD DIR MIN PSBL S-S WX SPD DR
================================================================================
1 74 57 66 1 0 1 0.45 M M 6.9 13 320 M M 3 1 20 280
2 73 48 61 -4 4 0 0.00 M M 7.2 15 290 M M 2 23 280
3 77 41 59 -6 6 0 0.00 M M 2.7 10 310 M M 0 M M
4 80 56 68 3 0 3 0.34 M M 4.0 10 90 M M 6 1 16 140
5 79 60 70 4 0 5 0.31 M M 6.0 10 290 M M 9 1 M M
6 74 55 65 -1 0 0 0.00 M M 6.3 14 70 M M 6 1 26 50
7 80 51 66 0 0 1 T M M 5.5 15 260 M M 3 1 22 280
8 77 51 64 -2 1 0 0.00 M M 6.0 15 40 M M 1 23 60
9 79 45 62 -4 3 0 0.00 M M 2.5 12 130 M M 0 21 140
10 81 49 65 -1 0 0 T M M 4.9 17 280 M M 1 25 280
11 76 59 68 2 0 3 1.01 M M 6.3 15 240 M M 8 13 24 330
12 74 54 64 -2 1 0 0.34 M M 8.7 18 320 M M 6 1 27 290
13 77 52 65 -1 0 0 0.00 M M 5.8 12 70 M M 3 17 70
14 78 46 62 -4 3 0 0.00 M M 4.5 12 310 M M 0 16 290
15 76 45 61 -5 4 0 0.00 M M 2.3 8 280 M M 1 16 140
16 82 49 66 0 0 1 0.00 M M 2.3 12 350 M M 1 1 17 340
17 86 57 72 6 0 7 0.00 M M 3.5 13 140 M M 1 12 19 90
18 86 52 69 3 0 4 0.00 M M 5.7 15 280 M M 0 1 23 280
19 84 70 77 11 0 12 0.01 M M 3.5 12 240 M M 1 3 17 270
20 83 63 73 7 0 8 0.24 M M 10.4 29 260 M M 5 13 48 280
21 83 61 72 6 0 7 T M M 10.5 20 280 M M 4 1 29 290
22 87 54 71 5 0 6 0.00 M M 7.6 23 250 M M 2 1 35 250
23 88 62 75 9 0 10 0.00 M M 5.8 16 290 M M 1 23 290
24 77 59 68 2 0 3 0.04 M M 9.7 23 310 M M 7 18 32 320
25 70 52 61 -5 4 0 0.00 M M 8.3 16 280 M M 5 1 25 290
26 80 49 65 -1 0 0 0.00 M M 4.4 17 280 M M 1 1 27 280
27 78 55 67 1 0 2 0.06 M M 5.8 20 270 M M 5 38 29 250
28 73 52 63 -3 2 0 0.08 M M 7.8 20 310 M M 5 123 28 250
29 73 49 61 -5 4 0 0.00 M M 8.2 22 330 M M 5 1 27 290
30 80 51 66 0 0 1 0.00 M M 3.9 14 270 M M 3 1 24 260
31 84 51 68 2 0 3 0.00 M M 5.6 16 290 M M 1 24 290
================================================================================
SM 2449 1655 32 77 2.88 M 182.6 M 96
================================================================================
AV 79.0 53.4 5.9 FASTST M M 3 MAX(MPH)
MISC ----> 29 260 48 280
================================================================================
NOTES:
# LAST OF SEVERAL OCCURRENCES
COLUMN 17 PEAK WIND IN M.P.H.
PRELIMINARY LOCAL CLIMATOLOGICAL DATA (WS FORM: F-6) , PAGE 2
STATION: PELLSTON
MONTH: JULY
YEAR: 2022
LATITUDE: 45 34 N
LONGITUDE: 84 48 W
[TEMPERATURE DATA] [PRECIPITATION DATA] SYMBOLS USED IN COLUMN 16
AVERAGE MONTHLY: 66.2 TOTAL FOR MONTH: 2.88 1 = FOG OR MIST
DPTR FM NORMAL: 0.2 DPTR FM NORMAL: 0.21 2 = FOG REDUCING VISIBILITY
HIGHEST: 88 ON 23 GRTST 24HR 1.35 ON 11-12 TO 1/4 MILE OR LESS
LOWEST: 41 ON 3 3 = THUNDER
SNOW, ICE PELLETS, HAIL 4 = ICE PELLETS
TOTAL MONTH: M 5 = HAIL
GRTST 24HR M ON M 6 = FREEZING RAIN OR DRIZZLE
GRTST DEPTH: M ON M 7 = DUSTSTORM OR SANDSTORM:
VSBY 1/2 MILE OR LESS
8 = SMOKE OR HAZE
[NO. OF DAYS WITH] [WEATHER - DAYS WITH] 9 = BLOWING SNOW
X = TORNADO
MAX 32 OR BELOW: 0 0.01 INCH OR MORE: 10
MAX 90 OR ABOVE: 0 0.10 INCH OR MORE: 6
MIN 32 OR BELOW: 0 0.50 INCH OR MORE: 1
MIN 0 OR BELOW: 0 1.00 INCH OR MORE: 1
[HDD (BASE 65) ]
TOTAL THIS MO. 32 CLEAR (SCALE 0-3) 17
DPTR FM NORMAL -28 PTCLDY (SCALE 4-7) 13
TOTAL FM JUL 1 32 CLOUDY (SCALE 8-10) 1
DPTR FM NORMAL -33
[CDD (BASE 65) ]
TOTAL THIS MO. 77
DPTR FM NORMAL -15 [PRESSURE DATA]
TOTAL FM JAN 1 194 HIGHEST SLP 30.28 ON 9
DPTR FM NORMAL 38 LOWEST SLP 29.36 ON 20
[REMARKS]
#FINAL-07-22#