000
CXUS54 KOUN 010910
CF6PNC
PRELIMINARY LOCAL CLIMATOLOGICAL DATA (WS FORM: F-6)
STATION: PONCA CITY
MONTH: DECEMBER
YEAR: 2023
LATITUDE: 36 44 N
LONGITUDE: 97 6 W
TEMPERATURE IN F: :PCPN: SNOW: WIND :SUNSHINE: SKY :PK WND
================================================================================
1 2 3 4 5 6A 6B 7 8 9 10 11 12 13 14 15 16 17 18
12Z AVG MX 2MIN
DY MAX MIN AVG DEP HDD CDD WTR SNW DPTH SPD SPD DIR MIN PSBL S-S WX SPD DR
================================================================================
1 48 31 40 -2 25 0 0.00 M M 6.3 15 350 M M 10 20 350
2 42 31 37 -5 28 0 0.00 M M 6.5 13 140 M M 8 16 140
3 60 29 45 4 20 0 0.00 M M 6.5 18 310 M M 1 18 32 340
4 56 28 42 1 23 0 0.00 M M 5.2 16 340 M M 0 24 340
5 56 31 44 3 21 0 0.00 M M 5.1 21 10 M M 1 25 10
6 63 28 46 6 19 0 0.00 M M 7.1 17 220 M M 0 28 200
7 71 46 59 19 6 0 0.00 M M 12.9 22 180 M M 0 37 200
8 65 40 53 13 12 0 0.00 M M 6.9 14 360 M M 5 22 220
9 51 31 41 2 24 0 0.00 M M 9.8 23 350 M M 0 32 330
10 48 23 36 -3 29 0 0.00 M M 5.3 13 160 M M 0 16 180
11 58 23 41 2 24 0 0.00 M M 1.7 8 210 M M 0 12 200
12 59 28 44 5 21 0 0.00 M M 5.8 14 130 M M 0 18 130
13 59 41 50 12 15 0 0.00 M M 6.7 13 120 M M 2 17 120
14 58 36 47 9 18 0 T M M 7.2 15 130 M M 5 21 110
15 51 39 45 7 20 0 0.82 M M 8.2 23 130 M M 10 1 29 120
16 51 31 41 3 24 0 0.00 M M 5.3 13 260 M M 2 22 300
17 61 27 44 6 21 0 0.00 M M 3.8 10 340 M M 0 15 350
18 49 29 39 2 26 0 0.00 M M 5.8 21 20 M M 0 25 30
19 55 29 42 5 23 0 0.00 M M 14.5 28 160 M M 0 35 170
20 58 45 52 15 13 0 0.00 M M 13.3 20 190 M M 5 33 170
21 64 52 58 21 7 0 0.01 0.0 0 12.7 22 160 M M 9 34 150
22 62 42 52 15 13 0 0.16 0.0 0 5.3 13 170 M M 6 12 20 180
23 65 46 56 20 9 0 0.03 0.0 0 13.4 23 150 M M 9 12 30 160
24 61 39 50 14 15 0 2.49 0.0 0 12.1 24 140 M M 10 1 40 330
25 39 32 36 0 29 0 0.00 M M 11.6 24 330 M M 10 37 330
26 44 30 37 1 28 0 0.00 M M 10.7 25 250 M M 8 41 250
27 41 26 34 -2 31 0 T M M 9.2 18 340 M M 5 29 320
28 43 26 35 -1 30 0 0.00 0.0 0 8.0 18 360 M M 5 26 10
29 51 26 39 3 26 0 0.00 0.0 0 6.1 18 350 M M 0 24 350
30 53 25 39 3 26 0 0.00 0.0 0 2.2 8 210 M M 0 12 220
31 37 28 33 -3 32 0 0.00 0.0 0 10.8 18 10 M M 6 23 10
================================================================================
SM 1679 1018 658 0 3.51 0.0 246.0 M 117
================================================================================
AV 54.2 32.8 7.9 FASTST M M 4 MAX(MPH)
MISC ----> 28 160 41 250
================================================================================
NOTES:
# LAST OF SEVERAL OCCURRENCES
COLUMN 17 PEAK WIND IN M.P.H.
PRELIMINARY LOCAL CLIMATOLOGICAL DATA (WS FORM: F-6) , PAGE 2
STATION: PONCA CITY
MONTH: DECEMBER
YEAR: 2023
LATITUDE: 36 44 N
LONGITUDE: 97 6 W
[TEMPERATURE DATA] [PRECIPITATION DATA] SYMBOLS USED IN COLUMN 16
AVERAGE MONTHLY: 43.5 TOTAL FOR MONTH: 3.51 1 = FOG OR MIST
DPTR FM NORMAL: 5.4 DPTR FM NORMAL: 2.24 2 = FOG REDUCING VISIBILITY
HIGHEST: 71 ON 7 GRTST 24HR 2.52 ON 23-24 TO 1/4 MILE OR LESS
LOWEST: 23 ON 11,10 3 = THUNDER
SNOW, ICE PELLETS, HAIL 4 = ICE PELLETS
TOTAL MONTH: 0.0 INCH 5 = HAIL
GRTST 24HR 0.0 6 = FREEZING RAIN OR DRIZZLE
GRTST DEPTH: 0 7 = DUSTSTORM OR SANDSTORM:
VSBY 1/2 MILE OR LESS
8 = SMOKE OR HAZE
[NO. OF DAYS WITH] [WEATHER - DAYS WITH] 9 = BLOWING SNOW
X = TORNADO
MAX 32 OR BELOW: 0 0.01 INCH OR MORE: 5
MAX 90 OR ABOVE: 0 0.10 INCH OR MORE: 3
MIN 32 OR BELOW: 21 0.50 INCH OR MORE: 2
MIN 0 OR BELOW: 0 1.00 INCH OR MORE: 1
[HDD (BASE 65) ]
TOTAL THIS MO. 658 CLEAR (SCALE 0-3) 16
DPTR FM NORMAL -174 PTCLDY (SCALE 4-7) 9
TOTAL FM JUL 1 1293 CLOUDY (SCALE 8-10) 6
DPTR FM NORMAL -277
[CDD (BASE 65) ]
TOTAL THIS MO. 0
DPTR FM NORMAL 0 [PRESSURE DATA]
TOTAL FM JAN 1 2231 HIGHEST SLP 30.57 ON 14
DPTR FM NORMAL 292 LOWEST SLP 29.55 ON 8
[REMARKS]
#FINAL-12-23#