000
CXUS54 KMOB 010630
CF6PNS
PRELIMINARY LOCAL CLIMATOLOGICAL DATA (WS FORM: F-6)
STATION: PENSACOLA
MONTH: MARCH
YEAR: 2022
LATITUDE: 30 28 N
LONGITUDE: 87 12 W
TEMPERATURE IN F: :PCPN: SNOW: WIND :SUNSHINE: SKY :PK WND
================================================================================
1 2 3 4 5 6A 6B 7 8 9 10 11 12 13 14 15 16 17 18
12Z AVG MX 2MIN
DY MAX MIN AVG DEP HDD CDD WTR SNW DPTH SPD SPD DIR MIN PSBL S-S WX SPD DR
================================================================================
1 74 49 62 2 3 0 0.00 0.0 0 6.8 14 190 M M 0 18 360
2 75 44 60 0 5 0 T 0.0 0 6.6 14 210 M M 0 8 19 180
3 78 48 63 3 2 0 0.00 0.0 0 6.7 15 170 M M 0 19 340
4 76 49 63 3 2 0 0.00 0.0 0 5.9 14 130 M M 0 8 19 140
5 76 55 66 6 0 1 0.00 0.0 0 9.6 20 130 M M 1 18 26 130
6 77 64 71 10 0 6 0.00 0.0 0 9.8 20 150 M M 6 1 26 150
7 80 66 73 12 0 8 0.34 0.0 0 7.8 20 170 M M 10 18 26 200
8 75 60 68 7 0 3 T 0.0 0 8.8 17 150 M M 10 1 23 150
9 74 53 64 3 1 0 0.54 0.0 0 10.4 22 310 M M 9 13 32 220
10 77 53 65 4 0 0 0.07 0.0 0 6.4 14 340 M M 7 13 20 360
11 75 66 71 9 0 6 0.10 0.0 0 5.0 12 160 M M 10 1 15 160
12 70 38 54 -8 11 0 0.03 0.0 0 21.1 39 330 M M 3 1 57 350
13 58 35 47 -15 18 0 0.00 0.0 0 5.6 14 360 M M 0 23 360
14 68 44 56 -6 9 0 0.00 0.0 0 7.6 14 150 M M 0 21 150
15 73 58 66 4 0 1 0.36 0.0 0 14.0 25 140 M M 7 1 38 140
16 72 57 65 3 0 0 0.00 0.0 0 7.6 17 230 M M 4 128 22 220
17 73 52 63 1 2 0 0.00 0.0 0 5.9 14 190 M M 0 19 180
18 77 67 72 9 0 7 1.71 0.0 0 13.6 30 230 M M 8 123 42 240
19 74 57 66 3 0 1 0.00 0.0 0 9.1 17 340 M M 0 1 25 340
20 78 49 64 1 1 0 0.00 0.0 0 5.5 16 10 M M 0 23 30
21 74 51 63 0 2 0 0.00 0.0 0 11.5 24 120 M M 0 34 140
22 73 67 70 7 0 5 0.18 0.0 0 16.3 23 130 M M 10 13 34 130
23 75 62 69 5 0 4 0.82 0.0 0 10.4 31 200 M M 8 13 45 220
24 73 57 65 1 0 0 0.00 0.0 0 8.3 20 220 M M 3 24 240
25 75 54 65 1 0 0 0.00 0.0 0 10.4 21 330 M M 0 29 290
26 79 50 65 1 0 0 0.00 0.0 0 9.1 21 330 M M 0 29 340
27 76 56 66 2 0 1 0.00 0.0 0 7.7 15 190 M M 0 23 200
28 83 64 74 10 0 9 0.00 0.0 0 9.5 17 180 M M 1 26 220
29 79 63 71 6 0 6 0.00 0.0 0 8.7 16 140 M M 3 12 25 160
30 81 64 73 8 0 8 1.09 0.0 0 16.6 39 250 M M 6 138 57 240
31 77 62 70 5 0 5 0.85 0.0 0 6.9 22 230 M M 4 13 28 220
================================================================================
SM 2325 1714 56 71 6.09 0.0 289.2 M 110
================================================================================
AV 75.0 55.3 9.3 FASTST M M 4 MAX(MPH)
MISC ----> # 39 330 # 57 350
================================================================================
NOTES:
# LAST OF SEVERAL OCCURRENCES
COLUMN 17 PEAK WIND IN M.P.H.
PRELIMINARY LOCAL CLIMATOLOGICAL DATA (WS FORM: F-6) , PAGE 2
STATION: PENSACOLA
MONTH: MARCH
YEAR: 2022
LATITUDE: 30 28 N
LONGITUDE: 87 12 W
[TEMPERATURE DATA] [PRECIPITATION DATA] SYMBOLS USED IN COLUMN 16
AVERAGE MONTHLY: 65.1 TOTAL FOR MONTH: 6.09 1 = FOG OR MIST
DPTR FM NORMAL: 2.8 DPTR FM NORMAL: 0.84 2 = FOG REDUCING VISIBILITY
HIGHEST: 83 ON 28 GRTST 24HR 1.94 ON 30-31 TO 1/4 MILE OR LESS
LOWEST: 35 ON 13 3 = THUNDER
SNOW, ICE PELLETS, HAIL 4 = ICE PELLETS
TOTAL MONTH: 0.0 INCH 5 = HAIL
GRTST 24HR 0.0 6 = FREEZING RAIN OR DRIZZLE
GRTST DEPTH: 0 7 = DUSTSTORM OR SANDSTORM:
VSBY 1/2 MILE OR LESS
8 = SMOKE OR HAZE
[NO. OF DAYS WITH] [WEATHER - DAYS WITH] 9 = BLOWING SNOW
X = TORNADO
MAX 32 OR BELOW: 0 0.01 INCH OR MORE: 11
MAX 90 OR ABOVE: 0 0.10 INCH OR MORE: 9
MIN 32 OR BELOW: 0 0.50 INCH OR MORE: 5
MIN 0 OR BELOW: 0 1.00 INCH OR MORE: 2
[HDD (BASE 65) ]
TOTAL THIS MO. 56 CLEAR (SCALE 0-3) 18
DPTR FM NORMAL -83 PTCLDY (SCALE 4-7) 8
TOTAL FM JUL 1 1000 CLOUDY (SCALE 8-10) 5
DPTR FM NORMAL -268
[CDD (BASE 65) ]
TOTAL THIS MO. 71
DPTR FM NORMAL 14 [PRESSURE DATA]
TOTAL FM JAN 1 110 HIGHEST SLP 30.50 ON 13
DPTR FM NORMAL 24 LOWEST SLP 29.57 ON 30
[REMARKS]
#FINAL-03-22#