000
CXUS54 KMOB 010636
CF6PNS
PRELIMINARY LOCAL CLIMATOLOGICAL DATA (WS FORM: F-6)
STATION: PENSACOLA
MONTH: MAY
YEAR: 2020
LATITUDE: 30 28 N
LONGITUDE: 87 12 W
TEMPERATURE IN F: :PCPN: SNOW: WIND :SUNSHINE: SKY :PK WND
================================================================================
1 2 3 4 5 6A 6B 7 8 9 10 11 12 13 14 15 16 17 18
12Z AVG MX 2MIN
DY MAX MIN AVG DEP HDD CDD WTR SNW DPTH SPD SPD DIR MIN PSBL S-S WX SPD DR
================================================================================
1 78 52 65 -6 0 0 0.00 0.0 0 7.1 16 240 M M 0 21 250
2 82 54 68 -3 0 3 0.00 0.0 0 5.4 14 190 M M 0 17 200
3 81 59 70 -1 0 5 0.00 0.0 0 7.0 18 190 M M 0 27 190
4 84 62 73 1 0 8 0.00 0.0 0 8.3 21 200 M M 1 26 210
5 87 68 78 6 0 13 0.00 0.0 0 8.0 17 230 M M 3 1 22 220
6 86 65 76 4 0 11 0.00 0.0 0 14.2 29 330 M M 2 37 330
7 77 54 66 -6 0 1 0.00 0.0 0 7.0 17 320 M M 0 8 22 360
8 83 56 70 -3 0 5 0.02 0.0 0 12.8 24 220 M M 3 18 32 220
9 75 58 67 -6 0 2 0.01 0.0 0 10.3 21 360 M M 3 1 30 360
10 85 59 72 -1 0 7 0.00 0.0 0 6.6 14 320 M M 1 19 330
11 87 56 72 -1 0 7 0.00 0.0 0 9.6 18 330 M M 0 23 340
12 80 59 70 -4 0 5 0.00 0.0 0 7.5 14 170 M M 0 19 140
13 82 62 72 -2 0 7 0.00 0.0 0 8.3 17 140 M M 2 22 130
14 82 69 76 2 0 11 0.00 0.0 0 14.3 22 130 M M 3 30 120
15 82 67 75 1 0 10 0.00 0.0 0 10.9 21 120 M M 4 1 28 130
16 84 66 75 0 0 10 0.00 0.0 0 8.6 17 120 M M 0 1 22 130
17 84 71 78 3 0 13 0.16 0.0 0 10.7 22 220 M M 7 13 27 220
18 81 67 74 -1 0 9 1.05 0.0 0 10.0 25 200 M M 6 13 32 220
19 86 65 76 0 0 11 0.00 0.0 0 8.8 18 250 M M 3 24 230
20 77 66 72 -4 0 7 0.16 0.0 0 5.9 13 340 M M 8 13 17 240
21 91 66 79 3 0 14 0.00 0.0 0 6.4 20 210 M M 4 1 24 210
22 88 76 82 6 0 17 0.00 0.0 0 10.1 18 210 M M 6 22 190
23 87 75 81 5 0 16 0.00 0.0 0 8.3 15 170 M M 3 20 150
24 88 71 80 3 0 15 0.00 0.0 0 7.4 17 160 M M 1 23 160
25 88 73 81 4 0 16 0.01 0.0 0 12.4 24 90 M M 5 37 80
26 85 72 79 2 0 14 0.12 0.0 0 8.5 17 120 M M 8 13 22 110
27 81 71 76 -1 0 11 0.13 0.0 0 6.1 16 340 M M 8 1 20 300
28 90 75 83 5 0 18 0.00 0.0 0 9.0 17 170 M M 1 19 200
29 88 74 81 3 0 16 T 0.0 0 5.9 15 180 M M 2 19 180
30 92 73 83 5 0 18 0.00 0.0 0 6.8 13 230 M M 2 16 40
31 94 73 84 6 0 19 0.00 0.0 0 8.1 18 340 M M 0 24 330
================================================================================
SM 2615 2034 0 319 1.66 0.0 270.3 M 86
================================================================================
AV 84.4 65.6 8.7 FASTST M M 3 MAX(MPH)
MISC ----> # 29 330 # 37 330
================================================================================
NOTES:
# LAST OF SEVERAL OCCURRENCES
COLUMN 17 PEAK WIND IN M.P.H.
PRELIMINARY LOCAL CLIMATOLOGICAL DATA (WS FORM: F-6) , PAGE 2
STATION: PENSACOLA
MONTH: MAY
YEAR: 2020
LATITUDE: 30 28 N
LONGITUDE: 87 12 W
[TEMPERATURE DATA] [PRECIPITATION DATA] SYMBOLS USED IN COLUMN 16
AVERAGE MONTHLY: 75.0 TOTAL FOR MONTH: 1.66 1 = FOG OR MIST
DPTR FM NORMAL: 0.4 DPTR FM NORMAL: -2.52 2 = FOG REDUCING VISIBILITY
HIGHEST: 94 ON 31 GRTST 24HR 1.05 ON 18-18 TO 1/4 MILE OR LESS
LOWEST: 52 ON 1 3 = THUNDER
SNOW, ICE PELLETS, HAIL 4 = ICE PELLETS
TOTAL MONTH: 0.0 INCH 5 = HAIL
GRTST 24HR 0.0 6 = FREEZING RAIN OR DRIZZLE
GRTST DEPTH: 0 7 = DUSTSTORM OR SANDSTORM:
VSBY 1/2 MILE OR LESS
8 = SMOKE OR HAZE
[NO. OF DAYS WITH] [WEATHER - DAYS WITH] 9 = BLOWING SNOW
X = TORNADO
MAX 32 OR BELOW: 0 0.01 INCH OR MORE: 8
MAX 90 OR ABOVE: 4 0.10 INCH OR MORE: 5
MIN 32 OR BELOW: 0 0.50 INCH OR MORE: 1
MIN 0 OR BELOW: 0 1.00 INCH OR MORE: 1
[HDD (BASE 65) ]
TOTAL THIS MO. 0 CLEAR (SCALE 0-3) 17
DPTR FM NORMAL -2 PTCLDY (SCALE 4-7) 14
TOTAL FM JUL 1 947 CLOUDY (SCALE 8-10) 0
DPTR FM NORMAL -590
[CDD (BASE 65) ]
TOTAL THIS MO. 319
DPTR FM NORMAL 19 [PRESSURE DATA]
TOTAL FM JAN 1 761 HIGHEST SLP 30.24 ON 7
DPTR FM NORMAL 313 LOWEST SLP 29.74 ON 18
[REMARKS]
#FINAL-05-20#