000
CXUS53 KPAH 010700
CF6POF
PRELIMINARY LOCAL CLIMATOLOGICAL DATA (WS FORM: F-6)
STATION: POPLAR BLUFF MO
MONTH: NOVEMBER
YEAR: 2022
LATITUDE: 36 46 N
LONGITUDE: 90 19 W
TEMPERATURE IN F: :PCPN: SNOW: WIND :SUNSHINE: SKY :PK WND
================================================================================
1 2 3 4 5 6A 6B 7 8 9 10 11 12 13 14 15 16 17 18
12Z AVG MX 2MIN
DY MAX MIN AVG DEP HDD CDD WTR SNW DPTH SPD SPD DIR MIN PSBL S-S WX SPD DR
================================================================================
1 76 43 60 7 5 0 0.00 M M 2.4 10 210 M M 0 18 16 180
2 76 47 62 10 3 0 0.00 M M 4.0 14 190 M M 0 1 18 160
3 78 43 61 9 4 0 0.00 M M 5.9 16 200 M M 1 8 22 200
4 80 60 70 18 0 5 0.13 M M 12.0 29 160 M M 7 3 43 150
5 68 47 58 7 7 0 1.32 M M 13.5 32 200 M M 3 13 45 210
6 72 41 57 6 8 0 0.00 M M 4.1 15 150 M M 2 12 18 190
7 64 51 58 8 7 0 T M M 11.4 20 30 M M 7 28 20
8 68 54 61 11 4 0 T M M 7.8 12 60 M M 7 15 40
9 80 49 65 15 0 0 0.00 M M 5.3 13 200 M M 0 16 190
10 71 46 59 10 6 0 0.00 M M 4.2 15 180 M M 0 20 210
11 57 37 47 -2 18 0 0.01 M M 11.6 22 360 M M 6 29 360
12 37 30 34 -14 31 0 0.14 M M 9.6 17 350 M M 10 1 22 340
13 42 25 34 -14 31 0 0.00 M M 4.7 16 350 M M 2 20 350
14 45 24 35 -13 30 0 0.10 M M 6.5 13 90 M M 3 1 18 70
15 46 35 41 -6 24 0 0.03 M M 8.4 16 320 M M 10 22 290
16 45 28 37 -10 28 0 0.00 M M 6.7 21 290 M M 3 29 300
17 46 21 34 -13 31 0 0.00 M M 4.1 12 240 M M 3 19 210
18 41 24 33 -13 32 0 0.00 M M 7.1 20 330 M M 7 25 340
19 47 20 34 -12 31 0 0.00 M M 7.9 18 260 M M 0 27 260
20 41 18 30 -16 35 0 0.00 M M 2.5 9 190 M M 0 12 180
21 51 18 35 -10 30 0 0.00 M M 4.7 14 210 M M 0 18 210
22 58 26 42 -3 23 0 0.00 M M 2.2 13 200 M M 0 17 180
23 M 27 M M M M 0.00 M M 2.3 9 160 M M 1 8 15 140
24 51 42 47 3 18 0 0.66 M M 2.8 12 160 M M 10 1 14 150
25 59 38 49 5 16 0 T M M 5.9 14 10 M M 6 18 19 360
26 M 37 M M M M 0.36 M M 5.9 14 80 M M 4 138 22 60
27 M M M M M M 0.07 M M 11.0 28 210 M M 8 8 38 200
28 53 M M M M M 0.00 M M 2.8 12 200 M M 6 1 16 200
29 63 37 50 7 15 0 0.17 M M 9.2 28 320 M M 6 13 40 310
30 47 26 37 -5 28 0 0.00 M M 9.8 26 340 M M 0 37 320
================================================================================
SM 1562 994 465 5 2.99 M 196.3 M 112
================================================================================
AV 57.9 35.5 6.5 FASTST M M 4 MAX(MPH)
MISC ----> 32 200 45 210
================================================================================
NOTES:
# LAST OF SEVERAL OCCURRENCES
COLUMN 17 PEAK WIND IN M.P.H.
PRELIMINARY LOCAL CLIMATOLOGICAL DATA (WS FORM: F-6) , PAGE 2
STATION: POPLAR BLUFF MO
MONTH: NOVEMBER
YEAR: 2022
LATITUDE: 36 46 N
LONGITUDE: 90 19 W
[TEMPERATURE DATA] [PRECIPITATION DATA] SYMBOLS USED IN COLUMN 16
AVERAGE MONTHLY: 46.7 TOTAL FOR MONTH: 2.99 1 = FOG OR MIST
DPTR FM NORMAL: -0.7 DPTR FM NORMAL: -1.92 2 = FOG REDUCING VISIBILITY
HIGHEST: 80 ON 9, 4 GRTST 24HR 1.45 ON 4- 5 TO 1/4 MILE OR LESS
LOWEST: 18 ON 21,20 3 = THUNDER
SNOW, ICE PELLETS, HAIL 4 = ICE PELLETS
TOTAL MONTH: M 5 = HAIL
GRTST 24HR M ON M 6 = FREEZING RAIN OR DRIZZLE
GRTST DEPTH: M ON M 7 = DUSTSTORM OR SANDSTORM:
VSBY 1/2 MILE OR LESS
8 = SMOKE OR HAZE
[NO. OF DAYS WITH] [WEATHER - DAYS WITH] 9 = BLOWING SNOW
X = TORNADO
MAX 32 OR BELOW: 0 0.01 INCH OR MORE: 10
MAX 90 OR ABOVE: 0 0.10 INCH OR MORE: 7
MIN 32 OR BELOW: 12 0.50 INCH OR MORE: 2
MIN 0 OR BELOW: 0 1.00 INCH OR MORE: 1
[HDD (BASE 65) ]
TOTAL THIS MO. 465 CLEAR (SCALE 0-3) 16
DPTR FM NORMAL -66 PTCLDY (SCALE 4-7) 11
TOTAL FM JUL 1 688 CLOUDY (SCALE 8-10) 3
DPTR FM NORMAL -80
[CDD (BASE 65) ]
TOTAL THIS MO. 5
DPTR FM NORMAL 3 [PRESSURE DATA]
TOTAL FM JAN 1 1785 HIGHEST SLP M ON M
DPTR FM NORMAL 157 LOWEST SLP 29.43 ON 27
[REMARKS]
#FINAL-11-22#