000
CXUS53 KPAH 011950
CF6POF
PRELIMINARY LOCAL CLIMATOLOGICAL DATA (WS FORM: F-6)
STATION: POPLAR BLUFF MO
MONTH: JANUARY
YEAR: 2024
LATITUDE: 36 46 N
LONGITUDE: 90 19 W
TEMPERATURE IN F: :PCPN: SNOW: WIND :SUNSHINE: SKY :PK WND
================================================================================
1 2 3 4 5 6A 6B 7 8 9 10 11 12 13 14 15 16 17 18
12Z AVG MX 2MIN
DY MAX MIN AVG DEP HDD CDD WTR SNW DPTH SPD SPD DIR MIN PSBL S-S WX SPD DR
================================================================================
1 37 33 35 -1 30 0 0.00 M M 6.9 16 350 M M 10 20 340
2 41 26 34 -2 31 0 0.00 M M 3.4 10 220 M M 5 17 220
3 50 24 37 1 28 0 0.00 M M 3.1 14 30 M M 0 18 18 40
4 42 24 33 -3 32 0 0.00 M M 5.7 15 40 M M 5 20 30
5 37 24 31 -5 34 0 0.18 M M 5.2 13 90 M M 5 1 17 80
6 42 36 39 3 26 0 0.08 M M 5.5 10 280 M M 10 1 16 290
7 50 29 40 4 25 0 0.00 M M 5.1 15 250 M M 3 22 250
8 43 28 36 0 29 0 1.18 M M 7.4 17 90 M M 5 1 27 70
9 44 35 40 4 25 0 0.18 M M 12.8 26 250 M M 10 1 43 230
10 44 29 37 1 28 0 0.00 M M 9.6 17 290 M M 3 25 290
11 54 28 41 5 24 0 0.35 M M 6.2 18 120 M M 3 13 26 120
12 53 24 39 3 26 0 2.67 M M 12.8 29 280 M M 10 13 42 260
13 33 18 26 -10 39 0 0.00 M M 8.8 22 300 M M 3 30 290
14 18 5 12 -24 53 0 0.17 M M 8.5 18 330 M M 5 1 25 330
15 13 -3 5 -31 60 0 0.01 M M 7.5 20 330 M M 8 8 25 350
16 20 0 10 -26 55 0 0.00 M M 6.8 15 320 M M 1 19 320
17 26 -1 13 -23 52 0 0.00 M M 6.9 15 200 M M 0 21 230
18 33 15 24 -12 41 0 0.00 M M 1.7 12 170 M M 1 1 16 170
19 30 14 22 -14 43 0 T M M 12.5 29 320 M M 3 1 40 320
20 21 6 14 -22 51 0 0.00 M M 6.0 16 330 M M 0 21 340
21 29 6 18 -18 47 0 0.00 M M 4.4 14 130 M M 1 18 130
22 38 29 34 -2 31 0 0.67 M M 5.9 13 180 M M 10 1 20 170
23 47 35 41 5 24 0 1.37 M M 2.8 9 60 M M 10 126 12 60
24 53 42 48 12 17 0 0.23 M M 1.4 13 120 M M 10 12 17 120
25 51 44 48 12 17 0 0.24 M M 4.8 10 230 M M 10 12 15 30
26 50 45 48 11 17 0 0.00 M M 3.9 10 40 M M 10 1 16 300
27 45 40 43 6 22 0 1.40 M M 13.2 23 330 M M 10 1 32 340
28 42 36 39 2 26 0 0.00 M M 10.4 16 330 M M 10 23 290
29 43 32 38 1 27 0 0.00 M M 3.7 14 200 M M 5 1 18 210
30 61 31 46 9 19 0 0.00 M M 6.1 21 320 M M 2 12 27 310
31 49 33 41 4 24 0 0.00 M M 4.6 12 200 M M 4 17 210
================================================================================
SM 1239 767 1003 0 8.73 M 203.6 M 172
================================================================================
AV 40.0 24.7 6.6 FASTST M M 6 MAX(MPH)
MISC ----> # 29 280 43 230
================================================================================
NOTES:
# LAST OF SEVERAL OCCURRENCES
COLUMN 17 PEAK WIND IN M.P.H.
PRELIMINARY LOCAL CLIMATOLOGICAL DATA (WS FORM: F-6) , PAGE 2
STATION: POPLAR BLUFF MO
MONTH: JANUARY
YEAR: 2024
LATITUDE: 36 46 N
LONGITUDE: 90 19 W
[TEMPERATURE DATA] [PRECIPITATION DATA] SYMBOLS USED IN COLUMN 16
AVERAGE MONTHLY: 32.4 TOTAL FOR MONTH: 8.73 1 = FOG OR MIST
DPTR FM NORMAL: -3.7 DPTR FM NORMAL: 5.25 2 = FOG REDUCING VISIBILITY
HIGHEST: 61 ON 30 GRTST 24HR 3.02 ON 11-12 TO 1/4 MILE OR LESS
LOWEST: -3 ON 15 3 = THUNDER
SNOW, ICE PELLETS, HAIL 4 = ICE PELLETS
TOTAL MONTH: M 5 = HAIL
GRTST 24HR M ON M 6 = FREEZING RAIN OR DRIZZLE
GRTST DEPTH: M ON M 7 = DUSTSTORM OR SANDSTORM:
VSBY 1/2 MILE OR LESS
8 = SMOKE OR HAZE
[NO. OF DAYS WITH] [WEATHER - DAYS WITH] 9 = BLOWING SNOW
X = TORNADO
MAX 32 OR BELOW: 7 0.01 INCH OR MORE: 13
MAX 90 OR ABOVE: 0 0.10 INCH OR MORE: 11
MIN 32 OR BELOW: 21 0.50 INCH OR MORE: 5
MIN 0 OR BELOW: 3 1.00 INCH OR MORE: 4
[HDD (BASE 65) ]
TOTAL THIS MO. 1003 CLEAR (SCALE 0-3) 11
DPTR FM NORMAL 109 PTCLDY (SCALE 4-7) 9
TOTAL FM JUL 1 2309 CLOUDY (SCALE 8-10) 11
DPTR FM NORMAL -161
[CDD (BASE 65) ]
TOTAL THIS MO. 0
DPTR FM NORMAL 0 [PRESSURE DATA]
TOTAL FM JAN 1 0 HIGHEST SLP 30.73 ON 21
DPTR FM NORMAL 0 LOWEST SLP 29.22 ON 9
[REMARKS]
#FINAL-01-24#