000
CXUS51 KALY 012048
CLSPOU
CLIMATE REPORT
NATIONAL WEATHER SERVICE ALBANY NY
448 PM EDT WED JUN 01 2022
...................................
...THE POUGHKEEPSIE NY CLIMATE SUMMARY FOR THE SEASON, FROM
3/1/2022 TO 5/31/2022...
CLIMATE NORMAL PERIOD: 1991 TO 2020
CLIMATE RECORD PERIOD: 1931 TO 2022
WEATHER OBSERVED NORMAL DEPART LAST YEAR`S
VALUE DATE(S) VALUE FROM VALUE DATE(S)
NORMAL
................................................................
TEMPERATURE (F)
RECORD
HIGH 98 05/22/1941
LOW -13 03/19/1967
HIGHEST 93 05/31 92 05/26
LOWEST 12 03/04 14 03/08
AVG. MAXIMUM 61.5 59.9 1.6 62.3
AVG. MINIMUM 39.4 37.5 1.9 38.1
MEAN 50.5 48.7 1.8 50.2
DAYS MAX >= 90 3 1.3 1.7 1
DAYS MAX <= 32 1 1.7 -0.7 2
DAYS MIN <= 32 29 32.3 -3.3 26
DAYS MIN <= 0 0 0.3 -0.3 0
PRECIPITATION (INCHES)
RECORD
MAXIMUM 22.74 1983
MINIMUM 3.37 1941
TOTALS 11.17 10.18 0.99 8.73
DAILY AVG. 0.12 0.09
DAYS >= .01 39 35.0 4.0 31
DAYS >= .10 31 20.2 10.8 18
DAYS >= .50 5 5.7 -0.7 5
DAYS >= 1.00 1 1.8 -0.8 2
GREATEST
24 HR. TOTAL 2.05 04/07 TO 04/08
DEGREE DAYS
HEATING TOTAL 1389 1538 -149 1388
SINCE 7/1 5446 5958 -512 5540
COOLING TOTAL 80 41 39 46
SINCE 1/1 80 40 40 46
................................................................
WIND (MPH)
AVERAGE WIND SPEED 5.7
HIGHEST WIND SPEED/DIRECTION 32/290 DATE 03/07
HIGHEST GUST SPEED/DIRECTION 45/260 DATE 03/07
WEATHER CONDITIONS. NUMBER OF DAYS WITH
THUNDERSTORM 9 MIXED PRECIP 0
HEAVY RAIN 8 RAIN 20
LIGHT RAIN 39 FREEZING RAIN 0
LT FREEZING RAIN 0 HAIL 0
HEAVY SNOW 2 SNOW 2
LIGHT SNOW 6 SLEET 0
FOG 50 FOG W/VIS <= 1/4 MILE 18
HAZE 33
- INDICATES NEGATIVE NUMBERS.
R INDICATES RECORD WAS SET OR TIED.
MM INDICATES DATA IS MISSING.
T INDICATES TRACE AMOUNT.
$$