000
CXUS54 KFWD 070343
CF6PRX
PRELIMINARY LOCAL CLIMATOLOGICAL DATA (WS FORM: F-6)
STATION: PARIS
MONTH: NOVEMBER
YEAR: 2020
LATITUDE: 33 37 N
LONGITUDE: 95 27 W
TEMPERATURE IN F: :PCPN: SNOW: WIND :SUNSHINE: SKY :PK WND
================================================================================
1 2 3 4 5 6A 6B 7 8 9 10 11 12 13 14 15 16 17 18
12Z AVG MX 2MIN
DY MAX MIN AVG DEP HDD CDD WTR SNW DPTH SPD SPD DIR MIN PSBL S-S WX SPD DR
================================================================================
1 70 43 57 -3 8 0 0.00 M M 8.9 18 350 M M 0 23 340
2 67 38 53 -7 12 0 0.00 M M 5.8 12 120 M M 0 M M
3 76 38 57 -3 8 0 0.00 M M 7.6 10 180 M M 0 M M
4 75 41 58 -1 7 0 0.00 M M 9.0 16 190 M M 0 21 190
5 75 52 64 5 1 0 0.00 M M 7.7 14 210 M M 4 1 18 190
6 74 52 63 5 2 0 0.00 M M 6.8 9 110 M M 4 8 M M
7 76 48 62 4 3 0 0.00 M M 7.0 10 150 M M 1 M M
8 78 59 69 11 0 4 0.00 M M 9.7 17 140 M M 8 1 24 160
9 81 66 74 17 0 9 0.00 M M 11.2 17 150 M M 7 24 160
10 77 48 63 6 2 0 0.05 M M 9.5 16 250 M M 6 22 230
11 72 40 56 0 9 0 0.00 M M 6.9 10 360 M M 0 M M
12 75 45 60 4 5 0 0.00 M M 7.4 13 130 M M 3 M M
13 67 54 61 5 4 0 0.00 M M 9.4 16 70 M M 7 8 21 70
14 81 55 68 13 0 3 0.00 M M 14.1 27 200 M M 8 37 210
15 72 40 56 1 9 0 0.00 M M 10.8 28 320 M M 0 38 340
16 70 36 53 -1 12 0 0.00 M M 2.9 10 150 M M 0 M M
17 71 39 55 1 10 0 0.00 M M 5.3 15 120 M M 0 M M
18 72 41 57 3 8 0 0.00 M M 10.2 15 160 M M 0 18 150
19 75 44 60 7 5 0 0.00 M M 10.3 18 210 M M 2 31 210
20 76 54 65 12 0 0 0.00 M M 8.7 15 200 M M 4 12 18 200
21 78 57 68 16 0 3 0.00 M M 6.8 13 210 M M 6 12 17 190
22 61 40 51 -1 14 0 0.03 M M 9.9 17 340 M M 7 21 340
23 61 39 50 -1 15 0 0.00 M M 9.2 14 120 M M 3 M M
24 69 49 59 8 6 0 0.23 M M 14.6 40 260 M M 10 138 51 260
25 60 40 50 -1 15 0 0.00 M M 9.4 20 290 M M 1 25 290
26 69 35 52 2 13 0 0.00 M M 8.2 14 130 M M 1 M M
27 62 47 55 5 10 0 0.00 M M 8.5 13 20 M M 5 128 M M
28 58 40 49 0 16 0 0.05 M M 8.8 17 80 M M 1 1 22 80
29 50 41 46 -3 19 0 0.48 M M 11.3 26 340 M M 8 1 33 340
30 48 28 38 -11 27 0 0.00 M M 12.5 22 330 M M 0 36 330
================================================================================
SM 2096 1349 240 19 0.84 M 268.4 M 96
================================================================================
AV 69.9 45.0 8.9 FASTST M M 3 MAX(MPH)
MISC ----> 40 260 51 260
================================================================================
NOTES:
# LAST OF SEVERAL OCCURRENCES
COLUMN 17 PEAK WIND IN M.P.H.
PRELIMINARY LOCAL CLIMATOLOGICAL DATA (WS FORM: F-6) , PAGE 2
STATION: PARIS
MONTH: NOVEMBER
YEAR: 2020
LATITUDE: 33 37 N
LONGITUDE: 95 27 W
[TEMPERATURE DATA] [PRECIPITATION DATA] SYMBOLS USED IN COLUMN 16
AVERAGE MONTHLY: 57.4 TOTAL FOR MONTH: 0.84 1 = FOG OR MIST
DPTR FM NORMAL: 2.8 DPTR FM NORMAL: -3.84 2 = FOG REDUCING VISIBILITY
HIGHEST: 81 ON 14, 9 GRTST 24HR 0.53 ON 28-29 TO 1/4 MILE OR LESS
LOWEST: 28 ON 30 3 = THUNDER
SNOW, ICE PELLETS, HAIL 4 = ICE PELLETS
TOTAL MONTH: M 5 = HAIL
GRTST 24HR M ON M 6 = FREEZING RAIN OR DRIZZLE
GRTST DEPTH: M ON M 7 = DUSTSTORM OR SANDSTORM:
VSBY 1/2 MILE OR LESS
8 = SMOKE OR HAZE
[NO. OF DAYS WITH] [WEATHER - DAYS WITH] 9 = BLOWING SNOW
X = TORNADO
MAX 32 OR BELOW: 0 0.01 INCH OR MORE: 5
MAX 90 OR ABOVE: 0 0.10 INCH OR MORE: 2
MIN 32 OR BELOW: 1 0.50 INCH OR MORE: 0
MIN 0 OR BELOW: 0 1.00 INCH OR MORE: 0
[HDD (BASE 65) ]
TOTAL THIS MO. 240 CLEAR (SCALE 0-3) 16
DPTR FM NORMAL -93 PTCLDY (SCALE 4-7) 12
TOTAL FM JUL 1 409 CLOUDY (SCALE 8-10) 2
DPTR FM NORMAL -25
[CDD (BASE 65) ]
TOTAL THIS MO. 19
DPTR FM NORMAL 0 [PRESSURE DATA]
TOTAL FM JAN 1 2019 HIGHEST SLP 30.63 ON 2
DPTR FM NORMAL -520 LOWEST SLP 29.73 ON 14
[REMARKS]
#FINAL-11-20#