541
CXUS55 KALY 010710
CF6PSF
PRELIMINARY LOCAL CLIMATOLOGICAL DATA (WS FORM: F-6)
STATION: PITTSFIELD MA
MONTH: JUNE
YEAR: 2020
LATITUDE: 42 25 N
LONGITUDE: 73 18 W
TEMPERATURE IN F: :PCPN: SNOW: WIND :SUNSHINE: SKY :PK WND
================================================================================
1 2 3 4 5 6A 6B 7 8 9 10 11 12 13 14 15 16 17 18
12Z AVG MX 2MIN
DY MAX MIN AVG DEP HDD CDD WTR SNW DPTH SPD SPD DIR MIN PSBL S-S WX SPD DR
================================================================================
1 63 37 50 -10 15 0 T M M 5.2 18 290 M M 7 1 25 290
2 67 40 54 -6 11 0 0.04 M M 2.9 16 290 M M 8 12 26 270
3 78 51 65 5 0 0 T M M 5.2 21 280 M M 7 1 28 270
4 84 56 70 10 0 5 0.00 M M 6.5 17 260 M M 1 23 260
5 82 64 73 12 0 8 0.01 M M 6.7 14 200 M M 4 18 220
6 M M M M M M 0.21 M M M M M M M 4 13 M M
7 M M M M M M 0.00 M M M M M M M 0 M M
8 M M M M M M M M M M M M M M 0 M M
9 M M M M M M M M M M M M M M M M M
10 M M M M M M M M M M M M M M M M M
11 80 61 71 9 0 6 0.83 M M 7.7 20 250 M M 7 13 27 150
12 78 54 66 3 0 1 0.00 M M 7.8 21 250 M M 1 26 250
13 63 41 52 -11 13 0 0.00 M M 7.4 18 280 M M 1 26 270
14 69 37 53 -10 12 0 0.00 M M 2.3 10 50 M M 4 13 40
15 73 47 60 -4 5 0 0.00 M M 2.2 9 360 M M 4 11 10
16 78 45 62 -2 3 0 0.00 M M 2.4 12 120 M M 0 1 16 60
17 83 47 65 1 0 0 0.00 M M 2.3 9 130 M M 1 1 15 10
18 83 54 69 5 0 4 0.00 M M 3.3 13 230 M M 1 16 160
19 85 64 75 10 0 10 0.00 M M 5.1 14 260 M M 5 16 270
20 88 61 75 10 0 10 0.00 M M 3.6 12 240 M M 0 1 15 250
21 88 61 75 10 0 10 0.00 M M 3.3 13 240 M M 1 1 16 240
22 91 60 76 11 0 11 0.00 M M 3.4 12 240 M M 1 1 15 240
23 88 64 76 11 0 11 T M M 5.9 17 190 M M 2 12 24 140
24 80 60 70 4 0 5 0.84 M M 5.9 16 280 M M 5 13 21 280
25 80 53 67 1 0 2 0.07 M M 4.9 16 200 M M 4 1 21 200
26 81 56 69 3 0 4 0.00 M M 4.6 14 250 M M 4 12 25 230
27 70 53 62 -4 3 0 0.18 M M 1.5 9 170 M M 6 1 12 130
28 78 61 70 4 0 5 0.81 M M 2.0 22 300 M M 8 123 31 300
29 81 60 71 5 0 6 0.11 M M 3.4 13 80 M M 8 1238 18 60
30 76 60 68 2 0 3 0.12 M M 2.4 10 10 M M 8 13 14 40
================================================================================
SM 1967 1347 62 101 3.22 M 107.9 M 102
================================================================================
AV 78.7 53.9 4.3 FASTST M M 4 MAX(MPH)
MISC ----> 22 300 31 300
================================================================================
NOTES:
# LAST OF SEVERAL OCCURRENCES
COLUMN 17 PEAK WIND IN M.P.H.
PRELIMINARY LOCAL CLIMATOLOGICAL DATA (WS FORM: F-6) , PAGE 2
STATION: PITTSFIELD MA
MONTH: JUNE
YEAR: 2020
LATITUDE: 42 25 N
LONGITUDE: 73 18 W
[TEMPERATURE DATA] [PRECIPITATION DATA] SYMBOLS USED IN COLUMN 16
AVERAGE MONTHLY: 66.3 TOTAL FOR MONTH: 3.22 1 = FOG OR MIST
DPTR FM NORMAL: 2.8 DPTR FM NORMAL: -1.18 2 = FOG REDUCING VISIBILITY
HIGHEST: 91 ON 22 GRTST 24HR 0.86 ON 28-29 TO 1/4 MILE OR LESS
LOWEST: 37 ON 14, 1 3 = THUNDER
SNOW, ICE PELLETS, HAIL 4 = ICE PELLETS
TOTAL MONTH: M 5 = HAIL
GRTST 24HR M ON M 6 = FREEZING RAIN OR DRIZZLE
GRTST DEPTH: M ON M 7 = DUSTSTORM OR SANDSTORM:
VSBY 1/2 MILE OR LESS
8 = SMOKE OR HAZE
[NO. OF DAYS WITH] [WEATHER - DAYS WITH] 9 = BLOWING SNOW
X = TORNADO
MAX 32 OR BELOW: 0 0.01 INCH OR MORE: 10
MAX 90 OR ABOVE: 1 0.10 INCH OR MORE: 7
MIN 32 OR BELOW: 0 0.50 INCH OR MORE: 3
MIN 0 OR BELOW: 0 1.00 INCH OR MORE: 0
[HDD (BASE 65) ]
TOTAL THIS MO. 62 CLEAR (SCALE 0-3) 12
DPTR FM NORMAL -39 PTCLDY (SCALE 4-7) 15
TOTAL FM JUL 1 6680 CLOUDY (SCALE 8-10) 3
DPTR FM NORMAL -780
[CDD (BASE 65) ]
TOTAL THIS MO. 101
DPTR FM NORMAL 45 [PRESSURE DATA]
TOTAL FM JAN 1 132 HIGHEST SLP M ON M
DPTR FM NORMAL 63 LOWEST SLP 29.50 ON 3
[REMARKS]
#FINAL-06-20#