174
CXUS51 KALY 020033
CLSPSF
CLIMATE REPORT
NATIONAL WEATHER SERVICE ALBANY NY
833 PM EDT TUE SEP 01 2020
...................................
...THE PITTSFIELD MA CLIMATE SUMMARY FOR THE SEASON, FROM
6/1/2020 TO 8/31/2020...
CLIMATE NORMAL PERIOD: 1981 TO 2010
CLIMATE RECORD PERIOD: 9999 TO 9999
WEATHER OBSERVED NORMAL DEPART LAST YEAR`S
VALUE DATE(S) VALUE FROM VALUE DATE(S)
NORMAL
................................................................
TEMPERATURE (F)
HIGHEST 93 07/19 90 07/20
07/19
LOWEST 37R 06/01 39 06/04
06/14
AVG. MAXIMUM 80.9 76.7 4.2 79.3
AVG. MINIMUM 58.0 55.0 3.0 56.5
MEAN 69.4 65.8 3.6 67.9
DAYS MAX >= 90 4 1.1 2.9 2
DAYS MAX <= 32 0 0.0 0.0 0
DAYS MIN <= 32 0 0.1 -0.1 0
DAYS MIN <= 0 0 0.0 0.0 0
PRECIPITATION (INCHES)
TOTALS 9.64 12.74 -3.10 10.34
DAILY AVG. 0.11 0.11
DAYS >= .01 35 40
DAYS >= .10 20 20
DAYS >= .50 6 6
DAYS >= 1.00 2 3
GREATEST
24 HR. TOTAL 1.33
DEGREE DAYS
HEATING TOTAL 87 179 -92 93
SINCE 7/1 25 74 -49 26
COOLING TOTAL 515 258 257 386
SINCE 1/1 546 270 276 392
................................................................
WIND (MPH)
AVERAGE WIND SPEED 4.6
HIGHEST WIND SPEED/DIRECTION 31/280 DATE 08/04
HIGHEST GUST SPEED/DIRECTION 46/160 DATE 08/04
WEATHER CONDITIONS. NUMBER OF DAYS WITH
THUNDERSTORM 21 MIXED PRECIP 0
HEAVY RAIN 14 RAIN 17
LIGHT RAIN 43 FREEZING RAIN 0
LT FREEZING RAIN 0 HAIL 0
HEAVY SNOW 0 SNOW 0
LIGHT SNOW 0 SLEET 0
FOG 67 FOG W/VIS <= 1/4 MILE 22
HAZE 4
- INDICATES NEGATIVE NUMBERS.
R INDICATES RECORD WAS SET OR TIED.
MM INDICATES DATA IS MISSING.
T INDICATES TRACE AMOUNT.
$$