000
CXUS55 KPUB 031614
CLMPUB
CLIMATE REPORT
NATIONAL WEATHER SERVICE
1014 AM MDT MON APR 03 2023
...................................
...THE PUEBLO CO CLIMATE SUMMARY FOR THE MONTH OF MARCH 2023...
CLIMATE NORMAL PERIOD 1991 TO 2020
CLIMATE RECORD PERIOD 1888 TO 2023
WEATHER OBSERVED NORMAL DEPART LAST YEAR`S
VALUE DATE(S) VALUE FROM VALUE DATE(S)
NORMAL
................................................................
TEMPERATURE (F)
RECORD
HIGH 86 03/19/2017
03/10/1989
03/31/1946
LOW -20 03/05/1948
HIGHEST 78 03/15 61 17 84 03/26
LOWEST 6 03/28 22 -16 4 03/10
AVG. MAXIMUM 57.1 60.6 -3.5 58.2
AVG. MINIMUM 22.7 27.1 -4.4 24.3
MEAN 39.9 43.9 -4.0 41.2
DAYS MAX >= 90 0 0.0 0.0
DAYS MAX <= 32 0 0.8 -0.8
DAYS MIN <= 32 28 24.2 3.8
DAYS MIN <= 0 0 0.1 -0.1
PRECIPITATION (INCHES)
RECORD
MAXIMUM 3.06 1905
MINIMUM 0.01 1893
TOTALS 0.10 0.82 -0.72 1.33
DAILY AVG. 0.00 0.03 -0.03
DAYS >= .01 1 5.7 -4.7
DAYS >= .10 1 2.6 -1.6
DAYS >= .50 0 0.2 -0.2
DAYS >= 1.00 0 0.0 0.0
GREATEST
24 HR. TOTAL 0.10 03/16 TO 03/16
SNOWFALL (INCHES)
RECORDS
TOTAL 22.4 1948
TOTALS 1.4 4.5 -3.1 8.9
SINCE 7/1 17.4 24.9 -7.5 MM
SNOWDEPTH AVG. T
DAYS >= 1.0 1 1.6 -0.6
GREATEST
SNOW DEPTH 1 03/16 5
24 HR TOTAL 1.4 03/16 TO 03/16 5.8
DEGREE DAYS
HEATING TOTAL 769 656 113 731
SINCE 7/1 4988 4746 242 MM
COOLING TOTAL 0 0 0 0
SINCE 1/1 0 0 0 MM
................................................................
WIND (MPH)
AVERAGE WIND SPEED 9.7
HIGHEST WIND SPEED/DIRECTION 45/280 DATE 03/31
HIGHEST GUST SPEED/DIRECTION 59/270 DATE 03/31
SKY COVER
POSSIBLE SUNSHINE (PERCENT) MM
AVERAGE SKY COVER 0.24
NUMBER OF DAYS FAIR 24
NUMBER OF DAYS PC 4
NUMBER OF DAYS CLOUDY 3
AVERAGE RH (PERCENT) 45
WEATHER CONDITIONS. NUMBER OF DAYS WITH
THUNDERSTORM 0 MIXED PRECIP 0
HEAVY RAIN 0 RAIN 0
LIGHT RAIN 2 FREEZING RAIN 0
LT FREEZING RAIN 0 HAIL 0
HEAVY SNOW 1 SNOW 1
LIGHT SNOW 2 SLEET 0
FOG 5 FOG W/VIS <= 1/4 MILE 1
HAZE 2
- INDICATES NEGATIVE NUMBERS.
R INDICATES RECORD WAS SET OR TIED.
MM INDICATES DATA IS MISSING.
T INDICATES TRACE AMOUNT.
$$