000
CXUS56 KOTX 010910
CF6PUW
PRELIMINARY LOCAL CLIMATOLOGICAL DATA (WS FORM: F-6)
STATION: PULLMAN_MOSCOW AIRPORT
MONTH: MARCH
YEAR: 2022
LATITUDE: 46 44 N
LONGITUDE: 117 7 W
TEMPERATURE IN F: :PCPN: SNOW: WIND :SUNSHINE: SKY :PK WND
================================================================================
1 2 3 4 5 6A 6B 7 8 9 10 11 12 13 14 15 16 17 18
12Z AVG MX 2MIN
DY MAX MIN AVG DEP HDD CDD WTR SNW DPTH SPD SPD DIR MIN PSBL S-S WX SPD DR
================================================================================
1 56 41 49 11 16 0 0.18 M M 6.0 14 180 M M 8 1 18 200
2 50 41 46 8 19 0 0.14 M M 4.6 14 140 M M 9 1 16 140
3 43 32 38 0 27 0 0.46 M M 6.8 18 240 M M 8 12 25 260
4 41 28 35 -3 30 0 0.00 M M 1.9 9 350 M M 4 10 350
5 44 27 36 -3 29 0 0.00 M M 3.5 13 280 M M 4 15 280
6 45 28 37 -2 28 0 0.00 M M 6.2 21 30 M M 1 26 40
7 50 28 39 0 26 0 0.00 M M 7.0 20 260 M M 4 24 260
8 42 29 36 -4 29 0 T M M 9.7 23 280 M M 9 27 280
9 33 18 26 -14 39 0 T M M 8.0 17 90 M M 3 21 90
10 36 16 26 -14 39 0 0.00 M M 4.5 12 100 M M 3 15 160
11 42 27 35 -5 30 0 0.00 M M 9.7 20 100 M M 7 22 100
12 58 36 47 7 18 0 T M M 8.7 25 260 M M 3 33 280
13 47 33 40 -1 25 0 0.23 M M 10.3 28 250 M M 9 1 35 250
14 51 38 45 4 20 0 0.03 M M 8.7 20 250 M M 10 1 24 230
15 51 38 45 4 20 0 0.23 M M 14.8 29 240 M M 7 1 36 240
16 49 31 40 -1 25 0 T M M 10.0 21 250 M M 5 28 250
17 51 32 42 0 23 0 0.02 M M 9.5 17 250 M M 4 1 24 240
18 52 35 44 2 21 0 0.01 M M 4.2 15 230 M M 6 18 250
19 50 34 42 0 23 0 0.09 M M 7.2 25 280 M M 7 1 31 270
20 44 30 37 -5 28 0 0.00 M M 9.8 21 250 M M 2 25 280
21 42 32 37 -5 28 0 0.07 M M 4.6 10 90 M M 9 1 13 80
22 54 39 47 5 18 0 0.00 M M 6.7 14 90 M M 8 16 100
23 64 42 53 10 12 0 0.01 M M 13.1 24 240 M M 3 29 240
24 55 34 45 2 20 0 0.00 M M 4.6 17 250 M M 2 22 240
25 56 39 48 5 17 0 0.00 M M 3.2 10 100 M M 1 13 100
26 61 38 50 7 15 0 0.00 M M 3.2 10 210 M M 3 12 210
27 66 43 55 12 10 0 0.00 M M 8.1 21 90 M M 0 25 90
28 57 41 49 6 16 0 0.03 M M 3.5 10 230 M M 4 1 12 190
29 58 38 48 4 17 0 0.00 M M 7.2 20 270 M M 3 24 260
30 51 32 42 -2 23 0 0.00 M M 11.2 26 250 M M 3 33 240
31 48 30 39 -5 26 0 0.00 M M 9.9 21 240 M M 4 28 240
================================================================================
SM 1547 1030 717 0 1.50 M 226.4 M 153
================================================================================
AV 49.9 33.2 7.3 FASTST M M 5 MAX(MPH)
MISC ----> 29 240 36 240
================================================================================
NOTES:
# LAST OF SEVERAL OCCURRENCES
COLUMN 17 PEAK WIND IN M.P.H.
PRELIMINARY LOCAL CLIMATOLOGICAL DATA (WS FORM: F-6) , PAGE 2
STATION: PULLMAN_MOSCOW AIRPORT
MONTH: MARCH
YEAR: 2022
LATITUDE: 46 44 N
LONGITUDE: 117 7 W
[TEMPERATURE DATA] [PRECIPITATION DATA] SYMBOLS USED IN COLUMN 16
AVERAGE MONTHLY: 41.6 TOTAL FOR MONTH: 1.50 1 = FOG OR MIST
DPTR FM NORMAL: 0.5 DPTR FM NORMAL: -0.45 2 = FOG REDUCING VISIBILITY
HIGHEST: 66 ON 27 GRTST 24HR 0.60 ON 28- 1 TO 1/4 MILE OR LESS
LOWEST: 16 ON 10 3 = THUNDER
SNOW, ICE PELLETS, HAIL 4 = ICE PELLETS
TOTAL MONTH: M 5 = HAIL
GRTST 24HR M ON M 6 = FREEZING RAIN OR DRIZZLE
GRTST DEPTH: M ON M 7 = DUSTSTORM OR SANDSTORM:
VSBY 1/2 MILE OR LESS
8 = SMOKE OR HAZE
[NO. OF DAYS WITH] [WEATHER - DAYS WITH] 9 = BLOWING SNOW
X = TORNADO
MAX 32 OR BELOW: 0 0.01 INCH OR MORE: 12
MAX 90 OR ABOVE: 0 0.10 INCH OR MORE: 5
MIN 32 OR BELOW: 15 0.50 INCH OR MORE: 0
MIN 0 OR BELOW: 0 1.00 INCH OR MORE: 0
[HDD (BASE 65) ]
TOTAL THIS MO. 717 CLEAR (SCALE 0-3) 10
DPTR FM NORMAL -24 PTCLDY (SCALE 4-7) 15
TOTAL FM JUL 1 5107 CLOUDY (SCALE 8-10) 6
DPTR FM NORMAL -89
[CDD (BASE 65) ]
TOTAL THIS MO. 0
DPTR FM NORMAL 0 [PRESSURE DATA]
TOTAL FM JAN 1 0 HIGHEST SLP M ON M
DPTR FM NORMAL 0 LOWEST SLP 29.63 ON 27
[REMARKS]
#FINAL-03-22#