000
CXUS54 KOUN 010910
CF6PWA
PRELIMINARY LOCAL CLIMATOLOGICAL DATA (WS FORM: F-6)
STATION: BETHANY/WILEY POST
MONTH: JANUARY
YEAR: 2024
LATITUDE: 35 31 N
LONGITUDE: 97 38 W
TEMPERATURE IN F: :PCPN: SNOW: WIND :SUNSHINE: SKY :PK WND
================================================================================
1 2 3 4 5 6A 6B 7 8 9 10 11 12 13 14 15 16 17 18
12Z AVG MX 2MIN
DY MAX MIN AVG DEP HDD CDD WTR SNW DPTH SPD SPD DIR MIN PSBL S-S WX SPD DR
================================================================================
1 41 26 34 -5 31 0 0.00 0.0 M 5.8 17 10 M M 5 24 30
2 49 26 38 -1 27 0 0.00 0.0 M 6.0 17 180 M M 0 23 210
3 51 26 39 0 26 0 0.00 0.0 M 2.2 9 330 M M 0 1 12 340
4 54 29 42 3 23 0 0.07 M M 9.0 16 100 M M 1 1 23 110
5 42 35 39 0 26 0 0.16 M M 10.7 23 140 M M 10 1 33 110
6 48 30 39 0 26 0 T M M 7.7 16 320 M M 6 25 340
7 55 23 39 0 26 0 0.00 M M 15.8 32 150 M M 0 47 160
8 51 32 42 3 23 0 0.61 M M 15.9 33 150 M M 7 13 49 320
9 39 22 31 -8 34 0 T M M 16.8 32 320 M M 6 1 52 310
10 57 24 41 2 24 0 0.00 M M 9.2 20 170 M M 0 27 170
11 63 24 44 5 21 0 T M M 14.3 31 320 M M 2 45 320
12 39 16 28 -11 37 0 0.00 M M 15.2 31 330 M M 3 46 330
13 24 3 14 -25 51 0 T M M 16.8 29 360 M M 3 8 37 360
14 8 2 5 -34 60 0 T M M 13.0 23 360 M M 5 8 31 10
15 16 0 8 -31 57 0 0.00 M M 13.8 24 360 M M 2 32 10
16 23 3 13 -26 52 0 0.00 M M 8.9 16 350 M M 1 23 340
17 46 17 32 -7 33 0 0.00 M M 22.6 38 190 M M 0 48 190
18 49 22 36 -3 29 0 0.00 M M 11.2 38 360 M M 0 50 360
19 25 11 18 -21 47 0 0.00 M M 16.2 36 360 M M 0 46 360
20 31 11 21 -18 44 0 0.00 M M 9.1 16 60 M M 0 19 60
21 32 22 27 -12 38 0 0.04 M M 18.6 26 170 M M 9 16 36 170
22 36 29 33 -6 32 0 0.11 M M 10.2 24 160 M M 10 16 31 180
23 41 35 38 -2 27 0 0.03 M M 5.1 12 360 M M 10 12 15 360
24 42 36 39 -1 26 0 0.02 M M 6.9 12 350 M M 10 12 15 350
25 48 38 43 3 22 0 0.00 M M 3.5 10 30 M M 10 12 13 20
26 45 40 43 3 22 0 0.35 M M 8.3 17 30 M M 10 1 22 10
27 40 25 33 -7 32 0 0.21 M M 10.0 20 350 M M 8 12 27 340
28 61 24 43 3 22 0 0.00 M M 5.2 10 200 M M 0 12 14 190
29 71 33 52 12 13 0 0.00 M M 5.1 10 240 M M 0 20 320
30 67 38 53 13 12 0 0.00 M M 5.4 10 340 M M 0 17 340
31 73 36 55 15 10 0 0.00 M M 7.8 17 190 M M 0 23 180
================================================================================
SM 1367 738 953 0 1.60 0.0 326.3 M 118
================================================================================
AV 44.1 23.8 10.5 FASTST M M 4 MAX(MPH)
MISC ----> # 38 190 52 310
================================================================================
NOTES:
# LAST OF SEVERAL OCCURRENCES
COLUMN 17 PEAK WIND IN M.P.H.
PRELIMINARY LOCAL CLIMATOLOGICAL DATA (WS FORM: F-6) , PAGE 2
STATION: BETHANY/WILEY POST
MONTH: JANUARY
YEAR: 2024
LATITUDE: 35 31 N
LONGITUDE: 97 38 W
[TEMPERATURE DATA] [PRECIPITATION DATA] SYMBOLS USED IN COLUMN 16
AVERAGE MONTHLY: 34.0 TOTAL FOR MONTH: 1.60 1 = FOG OR MIST
DPTR FM NORMAL: -5.1 DPTR FM NORMAL: 0.82 2 = FOG REDUCING VISIBILITY
HIGHEST: 73 ON 31 GRTST 24HR 0.61 ON 8- 8 TO 1/4 MILE OR LESS
LOWEST: 0 ON 15 3 = THUNDER
SNOW, ICE PELLETS, HAIL 4 = ICE PELLETS
TOTAL MONTH: 0.0 INCH 5 = HAIL
GRTST 24HR 0.0 6 = FREEZING RAIN OR DRIZZLE
GRTST DEPTH: 0 7 = DUSTSTORM OR SANDSTORM:
VSBY 1/2 MILE OR LESS
8 = SMOKE OR HAZE
[NO. OF DAYS WITH] [WEATHER - DAYS WITH] 9 = BLOWING SNOW
X = TORNADO
MAX 32 OR BELOW: 7 0.01 INCH OR MORE: 9
MAX 90 OR ABOVE: 0 0.10 INCH OR MORE: 5
MIN 32 OR BELOW: 23 0.50 INCH OR MORE: 1
MIN 0 OR BELOW: 1 1.00 INCH OR MORE: 0
[HDD (BASE 65) ]
TOTAL THIS MO. 953 CLEAR (SCALE 0-3) 18
DPTR FM NORMAL 152 PTCLDY (SCALE 4-7) 6
TOTAL FM JUL 1 2123 CLOUDY (SCALE 8-10) 7
DPTR FM NORMAL -46
[CDD (BASE 65) ]
TOTAL THIS MO. 0
DPTR FM NORMAL 0 [PRESSURE DATA]
TOTAL FM JAN 1 0 HIGHEST SLP 30.69 ON 20
DPTR FM NORMAL 0 LOWEST SLP 29.36 ON 8
[REMARKS]
#FINAL-01-24#