000
CXUS51 KGYX 020440
CF6PWM
PRELIMINARY LOCAL CLIMATOLOGICAL DATA (WS FORM: F-6)
STATION: PORTLAND ME
MONTH: MARCH
YEAR: 2020
LATITUDE: 43 39 N
LONGITUDE: 70 19 W
TEMPERATURE IN F: :PCPN: SNOW: WIND :SUNSHINE: SKY :PK WND
================================================================================
1 2 3 4 5 6A 6B 7 8 9 10 11 12 13 14 15 16 17 18
12Z AVG MX 2MIN
DY MAX MIN AVG DEP HDD CDD WTR SNW DPTH SPD SPD DIR MIN PSBL S-S WX SPD DR
================================================================================
1 35 16 26 -3 39 0 0.00 0.0 T 9.2 18 310 M M 2 24 300
2 44 18 31 2 34 0 0.01 0.0 T 5.3 20 180 M M 5 29 190
3 61 32 47 17 18 0 0.11 0.0 T 5.8 14 150 M M 5 18 18 170
4 51 36 44 14 21 0 T 0.0 T 16.4 36 290 M M 6 12 45 260
5 51 29 40 10 25 0 0.00 0.0 0 7.9 21 310 M M 1 27 310
6 45 25 35 5 30 0 0.00 0.0 0 11.2 29 30 M M 6 39 30
7 44 26 35 4 30 0 0.00 0.0 0 18.6 33 350 M M 3 45 360
8 52 25 39 8 26 0 0.00 0.0 0 5.8 15 280 M M 3 20 280
9 70 38 54 23 11 0 0.00 0.0 0 6.1 17 270 M M 4 22 270
10 48 37 43 11 22 0 T 0.0 0 4.8 15 50 M M 9 20 40
11 51 36 44 12 21 0 0.00 0.0 0 7.0 15 320 M M 4 20 330
12 42 30 36 4 29 0 T T 0 6.3 13 40 M M 8 4 17 30
13 50 39 45 13 20 0 0.85 0.0 0 12.7 25 270 M M 8 1 35 240
14 53 37 45 12 20 0 0.00 0.0 0 13.6 26 300 M M 2 35 320
15 45 25 35 2 30 0 0.00 0.0 0 11.5 20 330 M M 2 23 10
16 35 20 28 -5 37 0 0.00 0.0 0 7.4 14 150 M M 1 19 150
17 42 32 37 3 28 0 0.12 T 0 7.5 17 180 M M 8 1 30 180
18 48 28 38 4 27 0 0.00 0.0 0 5.7 14 100 M M 2 16 120
19 43 37 40 6 25 0 0.26 0.0 0 9.2 17 110 M M 9 1 21 60
20 63 37 50 15 15 0 0.09 0.0 0 8.1 22 270 M M 9 1 33 260
21 54 26 40 5 25 0 0.00 0.0 0 14.7 25 310 M M 2 36 310
22 40 21 31 -4 34 0 0.00 0.0 0 7.1 18 350 M M 0 24 360
23 38 21 30 -6 35 0 0.85 5.5 0 9.1 17 150 M M 8 1 24 140
24 49 33 41 5 24 0 0.17 0.6 5 12.1 20 310 M M 6 1 23 300
25 43 27 35 -1 30 0 T 0.0 2 7.6 15 90 M M 6 17 90
26 52 31 42 5 23 0 T 0.0 1 7.2 16 360 M M 3 20 30
27 55 36 46 9 19 0 T 0.0 1 11.2 28 340 M M 2 37 340
28 51 29 40 3 25 0 0.00 0.0 0 5.6 15 200 M M 6 19 210
29 46 37 42 4 23 0 0.81 T 0 8.3 18 80 M M 10 134 24 80
30 39 34 37 -1 28 0 0.17 T T 11.2 20 40 M M 10 18 25 50
31 47 30 39 1 26 0 0.00 0.0 0 9.9 20 50 M M 5 27 30
================================================================================
SM 1487 928 800 0 3.44 6.1 284.1 M 155
================================================================================
AV 48.0 29.9 9.2 FASTST M M 5 MAX(MPH)
MISC ----> # 36 290 # 45 260
================================================================================
NOTES:
# LAST OF SEVERAL OCCURRENCES
COLUMN 17 PEAK WIND IN M.P.H.
PRELIMINARY LOCAL CLIMATOLOGICAL DATA (WS FORM: F-6) , PAGE 2
STATION: PORTLAND ME
MONTH: MARCH
YEAR: 2020
LATITUDE: 43 39 N
LONGITUDE: 70 19 W
[TEMPERATURE DATA] [PRECIPITATION DATA] SYMBOLS USED IN COLUMN 16
AVERAGE MONTHLY: 39.0 TOTAL FOR MONTH: 3.44 1 = FOG OR MIST
DPTR FM NORMAL: 5.5 DPTR FM NORMAL: -0.80 2 = FOG REDUCING VISIBILITY
HIGHEST: 70 ON 9 GRTST 24HR 0.85 ON 23-23 TO 1/4 MILE OR LESS
LOWEST: 16 ON 1 3 = THUNDER
SNOW, ICE PELLETS, HAIL 4 = ICE PELLETS
TOTAL MONTH: 6.1 INCHES 5 = HAIL
GRTST 24HR 5.5 ON 23-23 6 = FREEZING RAIN OR DRIZZLE
GRTST DEPTH: 5 ON 24 7 = DUSTSTORM OR SANDSTORM:
VSBY 1/2 MILE OR LESS
8 = SMOKE OR HAZE
[NO. OF DAYS WITH] [WEATHER - DAYS WITH] 9 = BLOWING SNOW
X = TORNADO
MAX 32 OR BELOW: 0 0.01 INCH OR MORE: 10
MAX 90 OR ABOVE: 0 0.10 INCH OR MORE: 8
MIN 32 OR BELOW: 19 0.50 INCH OR MORE: 3
MIN 0 OR BELOW: 0 1.00 INCH OR MORE: 0
[HDD (BASE 65) ]
TOTAL THIS MO. 800 CLEAR (SCALE 0-3) 12
DPTR FM NORMAL -176 PTCLDY (SCALE 4-7) 14
TOTAL FM JUL 1 5380 CLOUDY (SCALE 8-10) 5
DPTR FM NORMAL -638
[CDD (BASE 65) ]
TOTAL THIS MO. 0
DPTR FM NORMAL 0 [PRESSURE DATA]
TOTAL FM JAN 1 0 HIGHEST SLP M ON M
DPTR FM NORMAL 0 LOWEST SLP 29.26 ON 4
[REMARKS]
#FINAL-03-20#