000
CXUS53 KUNR 011030
CF6RAP
PRELIMINARY LOCAL CLIMATOLOGICAL DATA (WS FORM: F-6)
STATION: RAPID CITY AIRPORT SD
MONTH: NOVEMBER
YEAR: 2022
LATITUDE: 44 2 N
LONGITUDE: 103 4 W
TEMPERATURE IN F: :PCPN: SNOW: WIND :SUNSHINE: SKY :PK WND
================================================================================
1 2 3 4 5 6A 6B 7 8 9 10 11 12 13 14 15 16 17 18
12Z AVG MX 2MIN
DY MAX MIN AVG DEP HDD CDD WTR SNW DPTH SPD SPD DIR MIN PSBL S-S WX SPD DR
================================================================================
1 75 31 53 13 12 0 0.00 M M 8.1 26 190 M M 0 35 170
2 75 38 57 17 8 0 0.00 M M 11.9 35 350 M M 0 46 350
3 40 26 33 -6 32 0 T M M 20.1 38 330 M M 5 52 350
4 49 18 34 -5 31 0 0.00 M M 7.4 18 130 M M 2 1 24 140
5 63 19 41 2 24 0 T M M 8.9 45 340 M M 4 58 350
6 48 15 32 -6 33 0 0.00 M M 13.0 33 310 M M 0 42 310
7 48 23 36 -2 29 0 T M M 17.1 41 170 M M 6 53 180
8 36 20 28 -10 37 0 0.00 M M 16.4 31 350 M M 1 42 20
9 22 18 20 -17 45 0 0.02 M M 12.5 23 350 M M 10 16 30 360
10 21 10 16 -21 49 0 0.02 M M 18.6 35 340 M M 5 1 47 330
11 27 3 15 -21 50 0 0.00 M M 4.2 14 330 M M 0 15 330
12 36 2 19 -17 46 0 0.00 M M 4.1 14 150 M M 0 19 130
13 34 5 20 -16 45 0 T M M 15.6 36 350 M M 5 12 46 350
14 39 17 28 -7 37 0 T M M 11.0 25 350 M M 8 1 33 340
15 23 15 19 -16 46 0 0.11 M M 8.7 18 10 M M 10 1 23 360
16 34 15 25 -9 40 0 T M M 10.2 37 330 M M 10 1 50 330
17 24 9 17 -17 48 0 0.01 M M 28.4 41 330 M M 8 189 55 330
18 30 -9 11 -23 54 0 0.00 M M 10.9 31 330 M M 3 40 330
19 32 12 22 -11 43 0 0.00 M M 10.7 30 340 M M 4 43 340
20 51 14 33 0 32 0 0.00 M M 4.8 13 340 M M 0 19 270
21 49 20 35 3 30 0 0.00 M M 4.7 13 340 M M 0 17 340
22 56 20 38 6 27 0 0.00 M M 4.0 14 350 M M 0 16 340
23 54 19 37 5 28 0 0.00 M M 17.2 36 320 M M 0 51 320
24 49 23 36 5 29 0 0.00 M M 11.7 33 320 M M 2 48 320
25 67 24 46 15 19 0 0.00 M M 2.8 14 180 M M 0 17 170
26 53 22 38 7 27 0 T M M 16.7 32 330 M M 2 40 330
27 48 12 30 0 35 0 0.00 M M 7.7 22 180 M M 0 1 31 170
28 38 17 28 -2 37 0 0.00 M M 16.8 30 340 M M 7 42 340
29 25 -1 12 -18 53 0 0.00 M M 16.0 31 340 M M 0 41 340
30 32 -5 14 -15 51 0 0.00 M M 10.1 25 180 M M 0 33 180
================================================================================
SM 1278 452 1077 0 0.16 M 350.3 M 92
================================================================================
AV 42.6 15.1 11.7 FASTST M M 3 MAX(MPH)
MISC ----> 45 340 58 350
================================================================================
NOTES:
# LAST OF SEVERAL OCCURRENCES
COLUMN 17 PEAK WIND IN M.P.H.
PRELIMINARY LOCAL CLIMATOLOGICAL DATA (WS FORM: F-6) , PAGE 2
STATION: RAPID CITY AIRPORT SD
MONTH: NOVEMBER
YEAR: 2022
LATITUDE: 44 2 N
LONGITUDE: 103 4 W
[TEMPERATURE DATA] [PRECIPITATION DATA] SYMBOLS USED IN COLUMN 16
AVERAGE MONTHLY: 28.8 TOTAL FOR MONTH: 0.16 1 = FOG OR MIST
DPTR FM NORMAL: -5.8 DPTR FM NORMAL: -0.31 2 = FOG REDUCING VISIBILITY
HIGHEST: 75 ON 2, 1 GRTST 24HR 0.11 ON 15-15 TO 1/4 MILE OR LESS
LOWEST: -9 ON 18 3 = THUNDER
SNOW, ICE PELLETS, HAIL 4 = ICE PELLETS
TOTAL MONTH: M 5 = HAIL
GRTST 24HR M ON M 6 = FREEZING RAIN OR DRIZZLE
GRTST DEPTH: M ON M 7 = DUSTSTORM OR SANDSTORM:
VSBY 1/2 MILE OR LESS
8 = SMOKE OR HAZE
[NO. OF DAYS WITH] [WEATHER - DAYS WITH] 9 = BLOWING SNOW
X = TORNADO
MAX 32 OR BELOW: 9 0.01 INCH OR MORE: 4
MAX 90 OR ABOVE: 0 0.10 INCH OR MORE: 1
MIN 32 OR BELOW: 29 0.50 INCH OR MORE: 0
MIN 0 OR BELOW: 3 1.00 INCH OR MORE: 0
[HDD (BASE 65) ]
TOTAL THIS MO. 1077 CLEAR (SCALE 0-3) 17
DPTR FM NORMAL 165 PTCLDY (SCALE 4-7) 10
TOTAL FM JUL 1 1632 CLOUDY (SCALE 8-10) 3
DPTR FM NORMAL -53
[CDD (BASE 65) ]
TOTAL THIS MO. 0
DPTR FM NORMAL 0 [PRESSURE DATA]
TOTAL FM JAN 1 814 HIGHEST SLP 30.63 ON 17
DPTR FM NORMAL 207 LOWEST SLP 29.24 ON 5
[REMARKS]
#FINAL-11-22#