000
CXUS53 KUNR 071513
CF6RAP
PRELIMINARY LOCAL CLIMATOLOGICAL DATA (WS FORM: F-6)
STATION: RAPID CITY AIRPORT SD
MONTH: JUNE
YEAR: 2022
LATITUDE: 44 2 N
LONGITUDE: 103 4 W
TEMPERATURE IN F: :PCPN: SNOW: WIND :SUNSHINE: SKY :PK WND
================================================================================
1 2 3 4 5 6A 6B 7 8 9 10 11 12 13 14 15 16 17 18
12Z AVG MX 2MIN
DY MAX MIN AVG DEP HDD CDD WTR SNW DPTH SPD SPD DIR MIN PSBL S-S WX SPD DR
================================================================================
1 67 39 53 -7 12 0 0.00 M M 6.1 12 10 M M 1 17 40
2 71 43 57 -3 8 0 0.00 M M 7.1 14 360 M M 4 19 340
3 67 41 54 -7 11 0 0.00 M M 7.8 20 140 M M 4 24 140
4 72 45 59 -2 6 0 0.17 M M 4.8 15 280 M M 3 1 21 90
5 72 54 63 2 2 0 0.48 M M 4.2 24 350 M M 6 18 30 340
6 67 52 60 -2 5 0 0.52 M M 8.0 16 350 M M 8 12 44 280
7 66 43 55 -7 10 0 0.25 M M 5.5 30 340 M M 5 13 40 330
8 69 43 56 -6 9 0 T M M 8.1 20 350 M M 3 29 360
9 75 53 64 1 1 0 0.02 M M 5.2 17 10 M M 3 24 360
10 84 50 67 4 0 2 0.00 M M 7.9 20 150 M M 1 24 150
11 84 61 73 10 0 8 0.49 M M 11.0 35 320 M M 0 13 44 320
12 82 58 70 6 0 5 0.00 M M 9.9 30 60 M M 4 3 41 50
13 81 56 69 5 0 4 0.11 M M 10.9 37 350 M M 6 138 50 350
14 72 44 58 -6 7 0 T M M 11.9 30 340 M M 2 3 40 330
15 78 41 60 -4 5 0 0.00 M M 10.8 26 300 M M 0 40 290
16 80 45 63 -2 2 0 0.00 M M 7.3 14 100 M M 0 18 250
17 89 54 72 7 0 7 0.00 M M 12.2 25 150 M M 1 34 120
18 96 63 80 15 0 15 T M M 11.3 33 200 M M 0 3 53 200
19 93 65 79 13 0 14 T M M 11.7 28 240 M M 1 3 40 230
20 77 51 64 -2 1 0 0.60 M M 12.7 39 290 M M 2 123 47 290
21 75 44 60 -6 5 0 0.00 M M 8.1 21 360 M M 0 30 360
22 87 47 67 0 0 2 0.00 M M 9.0 23 180 M M 0 33 160
23 91 53 72 5 0 7 0.00 M M 5.7 15 350 M M 0 19 330
24 85 56 71 4 0 6 0.01 M M 13.0 36 330 M M 2 3 49 340
25 71 47 59 -9 6 0 0.02 M M 18.6 36 330 M M 2 49 330
26 76 43 60 -8 5 0 0.00 M M 5.8 14 340 M M 1 19 340
27 88 45 67 -1 0 2 0.00 M M 7.7 18 360 M M 0 27 20
28 92 51 72 4 0 7 0.00 M M 9.4 20 150 M M 0 31 140
29 102 60 81 12 0 16 T M M 10.3 30 340 M M 0 3 40 330
30 84 58 71 2 0 6 0.00 M M 10.9 22 340 M M 1 29 340
================================================================================
SM 2393 1505 95 101 2.67 M 272.9 M 60
================================================================================
AV 79.8 50.2 9.1 FASTST M M 2 MAX(MPH)
MISC ----> 39 290 53 200
================================================================================
NOTES:
# LAST OF SEVERAL OCCURRENCES
COLUMN 17 PEAK WIND IN M.P.H.
PRELIMINARY LOCAL CLIMATOLOGICAL DATA (WS FORM: F-6) , PAGE 2
STATION: RAPID CITY AIRPORT SD
MONTH: JUNE
YEAR: 2022
LATITUDE: 44 2 N
LONGITUDE: 103 4 W
[TEMPERATURE DATA] [PRECIPITATION DATA] SYMBOLS USED IN COLUMN 16
AVERAGE MONTHLY: 65.0 TOTAL FOR MONTH: 2.67 1 = FOG OR MIST
DPTR FM NORMAL: 0.4 DPTR FM NORMAL: -0.20 2 = FOG REDUCING VISIBILITY
HIGHEST: 102 ON 29 GRTST 24HR 0.65 ON 4- 5 TO 1/4 MILE OR LESS
LOWEST: 39 ON 1 3 = THUNDER
SNOW, ICE PELLETS, HAIL 4 = ICE PELLETS
TOTAL MONTH: M 5 = HAIL
GRTST 24HR M ON M 6 = FREEZING RAIN OR DRIZZLE
GRTST DEPTH: M ON M 7 = DUSTSTORM OR SANDSTORM:
VSBY 1/2 MILE OR LESS
8 = SMOKE OR HAZE
[NO. OF DAYS WITH] [WEATHER - DAYS WITH] 9 = BLOWING SNOW
X = TORNADO
MAX 32 OR BELOW: 0 0.01 INCH OR MORE: 10
MAX 90 OR ABOVE: 5 0.10 INCH OR MORE: 7
MIN 32 OR BELOW: 0 0.50 INCH OR MORE: 2
MIN 0 OR BELOW: 0 1.00 INCH OR MORE: 0
[HDD (BASE 65) ]
TOTAL THIS MO. 95 CLEAR (SCALE 0-3) 23
DPTR FM NORMAL 2 PTCLDY (SCALE 4-7) 7
TOTAL FM JUL 1 6915 CLOUDY (SCALE 8-10) 0
DPTR FM NORMAL -337
[CDD (BASE 65) ]
TOTAL THIS MO. 101
DPTR FM NORMAL 20 [PRESSURE DATA]
TOTAL FM JAN 1 107 HIGHEST SLP 30.44 ON 26
DPTR FM NORMAL 14 LOWEST SLP 29.45 ON 13
[REMARKS]
#FINAL-06-22#