000
CXUS53 KUNR 010930
CF6RAP
PRELIMINARY LOCAL CLIMATOLOGICAL DATA (WS FORM: F-6)
STATION: RAPID CITY AIRPORT SD
MONTH: APRIL
YEAR: 2022
LATITUDE: 44 2 N
LONGITUDE: 103 4 W
TEMPERATURE IN F: :PCPN: SNOW: WIND :SUNSHINE: SKY :PK WND
================================================================================
1 2 3 4 5 6A 6B 7 8 9 10 11 12 13 14 15 16 17 18
12Z AVG MX 2MIN
DY MAX MIN AVG DEP HDD CDD WTR SNW DPTH SPD SPD DIR MIN PSBL S-S WX SPD DR
================================================================================
1 51 31 41 1 24 0 0.08 M M 10.7 24 320 M M 9 31 320
2 61 25 43 2 22 0 0.00 M M 9.4 24 180 M M 1 33 150
3 58 25 42 1 23 0 0.00 M M 21.7 38 310 M M 1 52 320
4 70 27 49 8 16 0 0.00 M M 15.1 35 250 M M 0 47 260
5 53 37 45 4 20 0 T M M 27.7 48 320 M M 5 59 320
6 46 32 39 -3 26 0 0.01 M M 37.3 55 320 M M 7 1 69 310
7 48 34 41 -1 24 0 T M M 37.6 53 320 M M 4 70 330
8 56 20 38 -4 27 0 0.00 M M 8.9 18 140 M M 0 24 340
9 59 28 44 2 21 0 T M M 18.6 49 330 M M 3 63 330
10 47 25 36 -6 29 0 0.01 M M 10.8 31 330 M M 9 1 37 320
11 53 19 36 -7 29 0 T M M 6.3 18 30 M M 5 28 40
12 40 16 28 -15 37 0 0.01 M M 25.8 47 330 M M 8 18 59 330
13 30 12 21 -22 44 0 0.00 M M 23.0 40 310 M M 1 52 300
14 37 10 24 -19 41 0 0.00 M M 21.9 33 340 M M 0 42 350
15 32 16 24 -20 41 0 0.00 M M 14.9 24 340 M M 8 30 340
16 46 7 27 -17 38 0 0.00 M M 13.4 28 130 M M 1 38 140
17 50 19 35 -9 30 0 0.00 M M 23.4 44 330 M M 1 59 340
18 53 16 35 -9 30 0 0.00 M M 7.7 21 120 M M 1 29 120
19 78 28 53 8 12 0 T M M 19.5 37 330 M M 1 49 330
20 63 32 48 3 17 0 0.07 M M 13.8 30 340 M M 4 39 340
21 72 20 46 1 19 0 0.00 M M 14.6 31 120 M M 1 40 120
22 71 40 56 11 9 0 0.52 M M 22.1 47 340 M M 4 13 60 350
23 41 31 36 -10 29 0 0.26 M M 43.5 60 320 M M 10 12 75 330
24 43 32 38 -8 27 0 0.02 M M 32.6 54 320 M M 5 1 70 330
25 54 27 41 -5 24 0 0.00 M M 5.0 15 100 M M 0 19 130
26 69 30 50 3 15 0 0.00 M M 10.4 26 90 M M 0 33 90
27 54 26 40 -7 25 0 0.00 M M 5.1 14 60 M M 1 19 20
28 65 32 49 2 16 0 T M M 7.5 22 100 M M 1 29 100
29 53 37 45 -3 20 0 0.59 M M 18.0 39 330 M M 7 1 49 340
30 57 37 47 -1 18 0 0.01 M M 26.2 44 330 M M 6 56 330
================================================================================
SM 1610 771 753 0 1.58 M 552.5 M 104
================================================================================
AV 53.7 25.7 18.4 FASTST M M 3 MAX(MPH)
MISC ----> 60 320 75 330
================================================================================
NOTES:
# LAST OF SEVERAL OCCURRENCES
COLUMN 17 PEAK WIND IN M.P.H.
PRELIMINARY LOCAL CLIMATOLOGICAL DATA (WS FORM: F-6) , PAGE 2
STATION: RAPID CITY AIRPORT SD
MONTH: APRIL
YEAR: 2022
LATITUDE: 44 2 N
LONGITUDE: 103 4 W
[TEMPERATURE DATA] [PRECIPITATION DATA] SYMBOLS USED IN COLUMN 16
AVERAGE MONTHLY: 39.7 TOTAL FOR MONTH: 1.58 1 = FOG OR MIST
DPTR FM NORMAL: -4.2 DPTR FM NORMAL: -0.50 2 = FOG REDUCING VISIBILITY
HIGHEST: 78 ON 19 GRTST 24HR 0.78 ON 22-23 TO 1/4 MILE OR LESS
LOWEST: 7 ON 16 3 = THUNDER
SNOW, ICE PELLETS, HAIL 4 = ICE PELLETS
TOTAL MONTH: M 5 = HAIL
GRTST 24HR M ON M 6 = FREEZING RAIN OR DRIZZLE
GRTST DEPTH: M ON M 7 = DUSTSTORM OR SANDSTORM:
VSBY 1/2 MILE OR LESS
8 = SMOKE OR HAZE
[NO. OF DAYS WITH] [WEATHER - DAYS WITH] 9 = BLOWING SNOW
X = TORNADO
MAX 32 OR BELOW: 2 0.01 INCH OR MORE: 10
MAX 90 OR ABOVE: 0 0.10 INCH OR MORE: 3
MIN 32 OR BELOW: 25 0.50 INCH OR MORE: 2
MIN 0 OR BELOW: 0 1.00 INCH OR MORE: 0
[HDD (BASE 65) ]
TOTAL THIS MO. 753 CLEAR (SCALE 0-3) 15
DPTR FM NORMAL 119 PTCLDY (SCALE 4-7) 11
TOTAL FM JUL 1 6447 CLOUDY (SCALE 8-10) 4
DPTR FM NORMAL -361
[CDD (BASE 65) ]
TOTAL THIS MO. 0
DPTR FM NORMAL -1 [PRESSURE DATA]
TOTAL FM JAN 1 0 HIGHEST SLP 30.47 ON 18
DPTR FM NORMAL -1 LOWEST SLP 29.20 ON 5
[REMARKS]
#FINAL-04-22#