000
CXUS53 KUNR 010930
CF6RAP
PRELIMINARY LOCAL CLIMATOLOGICAL DATA (WS FORM: F-6)
STATION: RAPID CITY AIRPORT SD
MONTH: OCTOBER
YEAR: 2021
LATITUDE: 44 2 N
LONGITUDE: 103 4 W
TEMPERATURE IN F: :PCPN: SNOW: WIND :SUNSHINE: SKY :PK WND
================================================================================
1 2 3 4 5 6A 6B 7 8 9 10 11 12 13 14 15 16 17 18
12Z AVG MX 2MIN
DY MAX MIN AVG DEP HDD CDD WTR SNW DPTH SPD SPD DIR MIN PSBL S-S WX SPD DR
================================================================================
1 73 42 58 4 7 0 0.00 M M 5.2 12 300 M M 0 14 290
2 77 41 59 5 6 0 0.00 M M 9.3 22 350 M M 0 31 340
3 82 40 61 8 4 0 0.00 M M 3.9 10 310 M M 0 15 20
4 87 44 66 13 0 1 0.00 M M 7.5 20 170 M M 0 27 150
5 90 52 71 19 0 6 0.00 M M 11.8 24 160 M M 0 31 170
6 85 50 68 16 0 3 0.00 M M 13.6 29 180 M M 0 38 180
7 80 51 66 15 0 1 0.02 M M 6.6 15 330 M M 1 21 30
8 77 50 64 13 1 0 T M M 5.8 18 240 M M 3 22 240
9 68 49 59 9 6 0 0.17 M M 12.9 32 330 M M 8 13 42 320
10 68 41 55 5 10 0 T M M 11.6 31 330 M M 1 39 330
11 64 40 52 3 13 0 0.00 M M 12.6 23 330 M M 1 32 320
12 52 32 42 -7 23 0 1.63 M M 19.4 36 340 M M 10 13 45 340
13 45 31 38 -10 27 0 0.52 M M 25.8 47 320 M M 9 1 64 320
14 50 27 39 -9 26 0 0.00 M M 8.9 17 340 M M 4 23 300
15 54 30 42 -5 23 0 0.00 M M 12.2 29 320 M M 1 39 320
16 67 30 49 2 16 0 0.00 M M 4.2 12 350 M M 0 17 330
17 78 34 56 10 9 0 0.00 M M 7.0 16 190 M M 0 21 210
18 78 38 58 12 7 0 0.00 M M 8.3 17 330 M M 0 22 330
19 54 32 43 -3 22 0 0.23 M M 24.1 39 340 M M 6 1 52 350
20 40 26 33 -12 32 0 0.19 M M 12.3 25 330 M M 7 1 32 340
21 58 25 42 -3 23 0 0.00 M M 4.2 10 130 M M 3 12 15 120
22 62 37 50 6 15 0 0.00 M M 6.9 15 350 M M 2 19 110
23 55 36 46 2 19 0 T M M 10.6 22 160 M M 6 12 27 150
24 59 34 47 4 18 0 T M M 9.2 18 340 M M 3 12 24 340
25 63 35 49 6 16 0 0.00 M M 16.4 29 150 M M 4 12 37 160
26 51 39 45 3 20 0 T M M 21.0 44 330 M M 5 57 330
27 61 39 50 8 15 0 0.00 M M 17.2 37 320 M M 3 47 310
28 56 31 44 2 21 0 0.00 M M 19.4 39 320 M M 0 53 320
29 73 31 52 11 13 0 0.00 M M 7.6 21 160 M M 0 8 28 170
30 57 36 47 6 18 0 0.00 M M 22.4 37 340 M M 5 48 340
31 40 32 36 -4 29 0 0.00 M M 9.8 24 350 M M 10 29 340
================================================================================
SM 2004 1155 439 11 2.76 M 367.7 M 92
================================================================================
AV 64.6 37.3 11.9 FASTST M M 3 MAX(MPH)
MISC ----> 47 320 64 320
================================================================================
NOTES:
# LAST OF SEVERAL OCCURRENCES
COLUMN 17 PEAK WIND IN M.P.H.
PRELIMINARY LOCAL CLIMATOLOGICAL DATA (WS FORM: F-6) , PAGE 2
STATION: RAPID CITY AIRPORT SD
MONTH: OCTOBER
YEAR: 2021
LATITUDE: 44 2 N
LONGITUDE: 103 4 W
[TEMPERATURE DATA] [PRECIPITATION DATA] SYMBOLS USED IN COLUMN 16
AVERAGE MONTHLY: 51.0 TOTAL FOR MONTH: 2.76 1 = FOG OR MIST
DPTR FM NORMAL: 3.9 DPTR FM NORMAL: 1.35 2 = FOG REDUCING VISIBILITY
HIGHEST: 90 ON 5 GRTST 24HR 2.15 ON 12-13 TO 1/4 MILE OR LESS
LOWEST: 25 ON 21 3 = THUNDER
SNOW, ICE PELLETS, HAIL 4 = ICE PELLETS
TOTAL MONTH: M 5 = HAIL
GRTST 24HR M ON M 6 = FREEZING RAIN OR DRIZZLE
GRTST DEPTH: M ON M 7 = DUSTSTORM OR SANDSTORM:
VSBY 1/2 MILE OR LESS
8 = SMOKE OR HAZE
[NO. OF DAYS WITH] [WEATHER - DAYS WITH] 9 = BLOWING SNOW
X = TORNADO
MAX 32 OR BELOW: 0 0.01 INCH OR MORE: 6
MAX 90 OR ABOVE: 1 0.10 INCH OR MORE: 5
MIN 32 OR BELOW: 11 0.50 INCH OR MORE: 2
MIN 0 OR BELOW: 0 1.00 INCH OR MORE: 1
[HDD (BASE 65) ]
TOTAL THIS MO. 439 CLEAR (SCALE 0-3) 18
DPTR FM NORMAL -121 PTCLDY (SCALE 4-7) 9
TOTAL FM JUL 1 529 CLOUDY (SCALE 8-10) 4
DPTR FM NORMAL -244
[CDD (BASE 65) ]
TOTAL THIS MO. 11
DPTR FM NORMAL 8 [PRESSURE DATA]
TOTAL FM JAN 1 841 HIGHEST SLP 30.44 ON 31
DPTR FM NORMAL 234 LOWEST SLP 29.43 ON 13
[REMARKS]
#FINAL-10-21#