000
CXUS53 KUNR 011030
CF6RAP
PRELIMINARY LOCAL CLIMATOLOGICAL DATA (WS FORM: F-6)
STATION: RAPID CITY AIRPORT SD
MONTH: DECEMBER
YEAR: 2023
LATITUDE: 44 2 N
LONGITUDE: 103 4 W
TEMPERATURE IN F: :PCPN: SNOW: WIND :SUNSHINE: SKY :PK WND
================================================================================
1 2 3 4 5 6A 6B 7 8 9 10 11 12 13 14 15 16 17 18
12Z AVG MX 2MIN
DY MAX MIN AVG DEP HDD CDD WTR SNW DPTH SPD SPD DIR MIN PSBL S-S WX SPD DR
================================================================================
1 37 16 27 -2 38 0 0.00 M M 7.1 18 160 M M 4 23 150
2 48 14 31 3 34 0 0.00 M M 5.4 18 350 M M 2 22 350
3 44 17 31 3 34 0 0.00 M M 13.0 32 310 M M 4 42 320
4 50 23 37 9 28 0 0.00 M M 16.2 40 320 M M 4 58 320
5 50 17 34 6 31 0 0.00 M M 3.2 12 180 M M 4 14 180
6 64 31 48 21 17 0 0.00 M M 2.9 10 300 M M 0 11 300
7 65 32 49 22 16 0 T M M 10.3 32 330 M M 3 47 330
8 44 24 34 7 31 0 T M M 21.1 38 320 M M 5 1 47 320
9 41 15 28 2 37 0 0.00 M M 16.2 31 330 M M 0 42 330
10 46 15 31 5 34 0 0.00 M M 3.8 16 320 M M 3 23 320
11 53 21 37 11 28 0 0.00 M M 11.5 29 350 M M 4 38 340
12 39 16 28 2 37 0 0.00 M M 7.3 28 180 M M 2 33 170
13 42 15 29 3 36 0 0.00 M M 9.0 24 200 M M 0 34 180
14 45 20 33 8 32 0 0.00 M M 14.9 36 180 M M 0 46 180
15 45 16 31 6 34 0 0.00 M M 11.8 26 350 M M 2 36 360
16 50 13 32 7 33 0 0.00 M M 5.7 14 350 M M 1 1 17 340
17 54 18 36 11 29 0 0.00 M M 13.2 36 330 M M 0 47 330
18 51 17 34 9 31 0 0.00 M M 5.6 14 150 M M 0 18 150
19 60 32 46 21 19 0 0.00 M M 4.9 14 360 M M 0 15 350
20 50 25 38 14 27 0 0.00 M M 2.8 9 350 M M 0 11 340
21 63 26 45 21 20 0 0.00 M M 7.8 22 350 M M 0 27 340
22 60 27 44 20 21 0 0.00 M M 3.1 12 300 M M 0 14 300
23 52 24 38 14 27 0 0.00 M M 14.5 45 330 M M 1 61 330
24 33 22 28 4 37 0 0.00 M M 27.6 47 330 M M 8 62 330
25 32 17 25 1 40 0 0.08 M M 25.1 46 340 M M 7 128 61 330
26 34 24 29 5 36 0 0.24 M M 36.8 49 330 M M 10 12 72 340
27 39 21 30 6 35 0 T M M 16.1 31 330 M M 3 1 39 340
28 43 17 30 6 35 0 0.00 M M 5.1 16 350 M M 0 18 350
29 53 23 38 14 27 0 0.00 M M 7.0 20 340 M M 2 25 340
30 41 16 29 5 36 0 0.00 M M 9.6 20 360 M M 1 26 360
31 33 13 23 -1 42 0 0.00 M M 6.7 16 150 M M 2 12 19 170
================================================================================
SM 1461 627 962 0 0.32 M 345.3 M 72
================================================================================
AV 47.1 20.2 11.1 FASTST M M 2 MAX(MPH)
MISC ----> 49 330 72 340
================================================================================
NOTES:
# LAST OF SEVERAL OCCURRENCES
COLUMN 17 PEAK WIND IN M.P.H.
PRELIMINARY LOCAL CLIMATOLOGICAL DATA (WS FORM: F-6) , PAGE 2
STATION: RAPID CITY AIRPORT SD
MONTH: DECEMBER
YEAR: 2023
LATITUDE: 44 2 N
LONGITUDE: 103 4 W
[TEMPERATURE DATA] [PRECIPITATION DATA] SYMBOLS USED IN COLUMN 16
AVERAGE MONTHLY: 33.7 TOTAL FOR MONTH: 0.32 1 = FOG OR MIST
DPTR FM NORMAL: 8.1 DPTR FM NORMAL: -0.03 2 = FOG REDUCING VISIBILITY
HIGHEST: 65 ON 7 GRTST 24HR 0.30 ON 25-26 TO 1/4 MILE OR LESS
LOWEST: 13 ON 31,16 3 = THUNDER
SNOW, ICE PELLETS, HAIL 4 = ICE PELLETS
TOTAL MONTH: M 5 = HAIL
GRTST 24HR M ON M 6 = FREEZING RAIN OR DRIZZLE
GRTST DEPTH: M ON M 7 = DUSTSTORM OR SANDSTORM:
VSBY 1/2 MILE OR LESS
8 = SMOKE OR HAZE
[NO. OF DAYS WITH] [WEATHER - DAYS WITH] 9 = BLOWING SNOW
X = TORNADO
MAX 32 OR BELOW: 1 0.01 INCH OR MORE: 2
MAX 90 OR ABOVE: 0 0.10 INCH OR MORE: 1
MIN 32 OR BELOW: 31 0.50 INCH OR MORE: 0
MIN 0 OR BELOW: 0 1.00 INCH OR MORE: 0
[HDD (BASE 65) ]
TOTAL THIS MO. 962 CLEAR (SCALE 0-3) 22
DPTR FM NORMAL -261 PTCLDY (SCALE 4-7) 8
TOTAL FM JUL 1 2444 CLOUDY (SCALE 8-10) 1
DPTR FM NORMAL -466
[CDD (BASE 65) ]
TOTAL THIS MO. 0
DPTR FM NORMAL 0 [PRESSURE DATA]
TOTAL FM JAN 1 555 HIGHEST SLP 30.56 ON 13
DPTR FM NORMAL -52 LOWEST SLP 29.36 ON 7
[REMARKS]
#FINAL-12-23#