000
CXUS53 KUNR 201416
CF6RAP
PRELIMINARY LOCAL CLIMATOLOGICAL DATA (WS FORM: F-6)
STATION: RAPID CITY AIRPORT SD
MONTH: JUNE
YEAR: 2020
LATITUDE: 44 2 N
LONGITUDE: 103 4 W
TEMPERATURE IN F: :PCPN: SNOW: WIND :SUNSHINE: SKY :PK WND
================================================================================
1 2 3 4 5 6A 6B 7 8 9 10 11 12 13 14 15 16 17 18
12Z AVG MX 2MIN
DY MAX MIN AVG DEP HDD CDD WTR SNW DPTH SPD SPD DIR MIN PSBL S-S WX SPD DR
================================================================================
1 86 59 73 13 0 8 0.00 0.0 0 8.7 25 350 M M 0 35 350
2 79 56 68 8 0 3 0.00 0.0 0 12.6 28 350 M M 0 36 350
3 79 55 67 7 0 2 0.24 0.0 0 7.9 37 330 M M 1 38 45 330
4 81 53 67 6 0 2 1.51 0.0 0 12.2 45 340 M M 1 135 62 340
5 79 51 65 4 0 0 0.02 0.0 0 11.4 23 120 M M 2 3 30 110
6 86 56 71 10 0 6 0.01 0.0 0 13.5 47 270 M M 0 3 66 280
7 86 54 70 8 0 5 0.09 0.0 0 8.2 30 310 M M 1 3 39 310
8 73 52 63 1 2 0 0.06 0.0 0 13.6 24 340 M M 5 32 340
9 67 43 55 -7 10 0 T 0.0 0 22.0 36 330 M M 2 52 320
10 73 40 57 -6 8 0 0.00 0.0 0 11.8 24 350 M M 3 34 340
11 81 46 64 1 1 0 0.00 0.0 0 5.6 15 140 M M 0 18 140
12 88 48 68 5 0 3 0.00 0.0 0 6.9 21 80 M M 0 28 90
13 90 60 75 11 0 10 0.00 0.0 0 16.6 31 150 M M 0 40 180
14 93 58 76 12 0 11 T 0.0 0 12.7 29 230 M M 0 38 240
15 79 59 69 5 0 4 0.00 0.0 0 12.5 26 340 M M 0 37 340
16 94 57 76 11 0 11 0.02 0.0 0 14.1 33 330 M M 1 3 45 330
17 80 55 68 3 0 3 0.02 0.0 0 14.9 33 340 M M 2 3 44 340
18 72 49 61 -4 4 0 0.00 0.0 0 14.1 24 340 M M 3 32 340
19 69 43 56 -10 9 0 T 0.0 0 10.3 22 170 M M 5 30 190
20 78 49 64 -2 1 0 0.10 0.0 0 5.0 18 320 M M 2 3 25 320
21 79 56 68 2 0 3 0.02 0.0 0 9.9 37 300 M M 6 3 48 300
22 77 53 65 -2 0 0 0.02 0.0 0 11.7 32 350 M M 1 3 44 350
23 81 49 65 -2 0 0 0.00 0.0 0 6.6 17 10 M M 0 30 20
24 90 57 74 7 0 9 0.00 0.0 0 3.6 12 110 M M 0 20 10
25 86 64 75 7 0 10 T 0.0 0 10.7 28 330 M M 1 3 35 330
26 82 61 72 4 0 7 0.02 0.0 0 7.1 21 340 M M 2 27 340
27 91 55 73 5 0 8 0.00 0.0 0 6.6 18 150 M M 0 24 160
28 89 59 74 5 0 9 0.02 0.0 0 12.3 36 340 M M 0 3 44 340
29 96 56 76 7 0 11 0.01 0.0 0 9.6 31 340 M M 1 3 42 330
30 76 48 62 -7 3 0 T 0.0 0 14.5 33 340 M M 5 44 340
================================================================================
SM 2460 1601 38 125 2.16 0.0 327.2 M 44
================================================================================
AV 82.0 53.4 10.9 FASTST M M 1 MAX(MPH)
MISC ----> # 47 270 # 66 280
================================================================================
NOTES:
# LAST OF SEVERAL OCCURRENCES
COLUMN 17 PEAK WIND IN M.P.H.
PRELIMINARY LOCAL CLIMATOLOGICAL DATA (WS FORM: F-6) , PAGE 2
STATION: RAPID CITY AIRPORT SD
MONTH: JUNE
YEAR: 2020
LATITUDE: 44 2 N
LONGITUDE: 103 4 W
[TEMPERATURE DATA] [PRECIPITATION DATA] SYMBOLS USED IN COLUMN 16
AVERAGE MONTHLY: 67.7 TOTAL FOR MONTH: 2.16 1 = FOG OR MIST
DPTR FM NORMAL: 3.2 DPTR FM NORMAL: -0.37 2 = FOG REDUCING VISIBILITY
HIGHEST: 96 ON 29 GRTST 24HR 1.51 ON 4- 4 TO 1/4 MILE OR LESS
LOWEST: 40 ON 10 3 = THUNDER
SNOW, ICE PELLETS, HAIL 4 = ICE PELLETS
TOTAL MONTH: 0.0 INCH 5 = HAIL
GRTST 24HR 0.0 6 = FREEZING RAIN OR DRIZZLE
GRTST DEPTH: 0 7 = DUSTSTORM OR SANDSTORM:
VSBY 1/2 MILE OR LESS
8 = SMOKE OR HAZE
[NO. OF DAYS WITH] [WEATHER - DAYS WITH] 9 = BLOWING SNOW
X = TORNADO
MAX 32 OR BELOW: 0 0.01 INCH OR MORE: 14
MAX 90 OR ABOVE: 6 0.10 INCH OR MORE: 3
MIN 32 OR BELOW: 0 0.50 INCH OR MORE: 1
MIN 0 OR BELOW: 0 1.00 INCH OR MORE: 1
[HDD (BASE 65) ]
TOTAL THIS MO. 38 CLEAR (SCALE 0-3) 25
DPTR FM NORMAL -61 PTCLDY (SCALE 4-7) 5
TOTAL FM JUL 1 7328 CLOUDY (SCALE 8-10) 0
DPTR FM NORMAL 175
[CDD (BASE 65) ]
TOTAL THIS MO. 125
DPTR FM NORMAL 41 [PRESSURE DATA]
TOTAL FM JAN 1 131 HIGHEST SLP 30.20 ON 12
DPTR FM NORMAL 32 LOWEST SLP 29.34 ON 28
[REMARKS]
#FINAL-06-20#