000
CXUS53 KUNR 010951
CF6RAP
PRELIMINARY LOCAL CLIMATOLOGICAL DATA (WS FORM: F-6)
STATION: RAPID CITY AIRPORT SD
MONTH: FEBRUARY
YEAR: 2020
LATITUDE: 44 2 N
LONGITUDE: 103 4 W
TEMPERATURE IN F: :PCPN: SNOW: WIND :SUNSHINE: SKY :PK WND
================================================================================
1 2 3 4 5 6A 6B 7 8 9 10 11 12 13 14 15 16 17 18
12Z AVG MX 2MIN
DY MAX MIN AVG DEP HDD CDD WTR SNW DPTH SPD SPD DIR MIN PSBL S-S WX SPD DR
================================================================================
1 69 29 49 24 16 0 0.00 M M 5.3 22 310 M M 1 30 260
2 49 26 38 12 27 0 0.02 M M 13.1 24 360 M M 3 1 32 360
3 26 20 23 -3 42 0 0.05 M M 9.4 22 360 M M 10 1 28 350
4 26 13 20 -6 45 0 0.00 M M 7.7 20 190 M M 5 24 180
5 36 2 19 -7 46 0 0.00 M M 5.2 14 190 M M 2 18 330
6 35 25 30 4 35 0 0.15 M M 11.2 30 340 M M 10 1 40 320
7 28 10 19 -7 46 0 0.10 M M 4.9 20 360 M M 6 1 26 360
8 37 10 24 -2 41 0 T M M 12.3 28 350 M M 7 1 35 350
9 31 17 24 -2 41 0 0.03 M M 11.5 23 350 M M 5 1 29 350
10 33 14 24 -2 41 0 T M M 12.8 33 340 M M 2 43 340
11 39 7 23 -3 42 0 0.00 M M 7.3 21 180 M M 2 25 170
12 36 3 20 -7 45 0 0.01 M M 15.5 40 320 M M 8 189 53 320
13 24 0 12 -15 53 0 0.00 M M 9.3 15 160 M M 3 19 170
14 54 14 34 7 31 0 0.00 M M 10.7 32 320 M M 2 42 320
15 44 18 31 4 34 0 0.00 M M 6.0 20 300 M M 1 26 330
16 49 21 35 8 30 0 0.00 M M 5.1 16 360 M M 2 19 20
17 35 15 25 -3 40 0 0.10 M M 11.6 23 350 M M 8 1 30 350
18 25 9 17 -11 48 0 0.03 M M 8.9 28 10 M M 7 18 34 10
19 19 2 11 -17 54 0 T M M 3.8 10 140 M M 7 18 12 150
20 40 1 21 -7 44 0 0.00 M M 4.3 15 150 M M 0 1 18 150
21 54 15 35 7 30 0 0.00 M M 3.9 12 140 M M 0 18 120
22 56 27 42 13 23 0 0.00 M M 7.2 13 300 M M 0 16 70
23 46 25 36 7 29 0 0.00 M M 10.8 22 350 M M 0 28 350
24 31 23 27 -2 38 0 0.25 M M 15.8 26 350 M M 7 1 34 360
25 26 5 16 -14 49 0 0.13 M M 15.1 24 10 M M 7 1 29 10
26 31 -2 15 -15 50 0 0.00 M M 2.7 9 280 M M 3 12 280
27 39 22 31 1 34 0 0.10 M M 10.6 25 310 M M 4 1 31 320
28 50 20 35 5 30 0 0.00 M M 5.3 20 330 M M 0 26 320
29 59 24 42 12 23 0 0.00 M M 4.8 37 350 M M 0 49 340
================================================================================
SM 1127 415 1107 0 0.97 M 252.1 M 112
================================================================================
AV 38.9 14.3 8.7 FASTST M M 4 MAX(MPH)
MISC ----> # 40 320 # 53 320
================================================================================
NOTES:
# LAST OF SEVERAL OCCURRENCES
COLUMN 17 PEAK WIND IN M.P.H.
PRELIMINARY LOCAL CLIMATOLOGICAL DATA (WS FORM: F-6) , PAGE 2
STATION: RAPID CITY AIRPORT SD
MONTH: FEBRUARY
YEAR: 2020
LATITUDE: 44 2 N
LONGITUDE: 103 4 W
[TEMPERATURE DATA] [PRECIPITATION DATA] SYMBOLS USED IN COLUMN 16
AVERAGE MONTHLY: 26.6 TOTAL FOR MONTH: 0.97 1 = FOG OR MIST
DPTR FM NORMAL: -0.8 DPTR FM NORMAL: 0.53 2 = FOG REDUCING VISIBILITY
HIGHEST: 69 ON 1 GRTST 24HR 0.25 ON 24-24 TO 1/4 MILE OR LESS
LOWEST: -2 ON 26 3 = THUNDER
SNOW, ICE PELLETS, HAIL 4 = ICE PELLETS
TOTAL MONTH: M 5 = HAIL
GRTST 24HR M ON M 6 = FREEZING RAIN OR DRIZZLE
GRTST DEPTH: M ON M 7 = DUSTSTORM OR SANDSTORM:
VSBY 1/2 MILE OR LESS
8 = SMOKE OR HAZE
[NO. OF DAYS WITH] [WEATHER - DAYS WITH] 9 = BLOWING SNOW
X = TORNADO
MAX 32 OR BELOW: 10 0.01 INCH OR MORE: 11
MAX 90 OR ABOVE: 0 0.10 INCH OR MORE: 6
MIN 32 OR BELOW: 29 0.50 INCH OR MORE: 0
MIN 0 OR BELOW: 2 1.00 INCH OR MORE: 0
[HDD (BASE 65) ]
TOTAL THIS MO. 1107 CLEAR (SCALE 0-3) 14
DPTR FM NORMAL 53 PTCLDY (SCALE 4-7) 13
TOTAL FM JUL 1 5357 CLOUDY (SCALE 8-10) 2
DPTR FM NORMAL 113
[CDD (BASE 65) ]
TOTAL THIS MO. 0
DPTR FM NORMAL 0 [PRESSURE DATA]
TOTAL FM JAN 1 0 HIGHEST SLP 30.72 ON 19
DPTR FM NORMAL 0 LOWEST SLP 29.58 ON 6
[REMARKS]
#FINAL-02-20#