000
CXUS54 KFWD 010730
CF6RBD
PRELIMINARY LOCAL CLIMATOLOGICAL DATA (WS FORM: F-6)
STATION: DALLAS EXECUTIVE
MONTH: JULY
YEAR: 2021
LATITUDE: 32 40 N
LONGITUDE: 96 52 W
TEMPERATURE IN F: :PCPN: SNOW: WIND :SUNSHINE: SKY :PK WND
================================================================================
1 2 3 4 5 6A 6B 7 8 9 10 11 12 13 14 15 16 17 18
12Z AVG MX 2MIN
DY MAX MIN AVG DEP HDD CDD WTR SNW DPTH SPD SPD DIR MIN PSBL S-S WX SPD DR
================================================================================
1 95 74 85 1 0 20 1.21 M M 5.4 24 30 M M 2 13 33 20
2 89 75 82 -2 0 17 0.01 M M 5.1 12 50 M M 4 1 15 30
3 85 75 80 -4 0 15 0.01 M M 8.7 17 100 M M 8 1 23 100
4 88 74 81 -3 0 16 0.00 M M 6.3 14 100 M M 6 8 20 120
5 89 73 81 -3 0 16 T M M 8.5 20 160 M M 6 8 28 160
6 92 71 82 -3 0 17 0.50 M M 6.0 32 90 M M 2 138 48 100
7 93 72 83 -2 0 18 0.00 M M 4.9 15 130 M M 0 19 120
8 92 75 84 -1 0 19 0.00 M M 7.8 21 170 M M 1 27 160
9 88 74 81 -4 0 16 0.02 M M 10.4 26 150 M M 6 1 35 150
10 93 74 84 -1 0 19 T M M 10.6 25 200 M M 5 36 200
11 92 69 81 -4 0 16 0.53 M M 7.1 23 240 M M 2 138 36 230
12 87 72 80 -5 0 15 T M M 6.0 20 170 M M 2 3 26 160
13 92 71 82 -3 0 17 0.00 M M 8.3 16 190 M M 0 25 210
14 92 70 81 -5 0 16 0.00 M M 9.6 28 160 M M 1 3 44 190
15 92 75 84 -2 0 19 0.00 M M 10.7 18 170 M M 3 27 230
16 92 76 84 -2 0 19 0.00 M M 10.6 18 200 M M 2 27 200
17 92 77 85 -1 0 20 0.00 M M 10.7 18 210 M M 3 27 200
18 94 78 86 0 0 21 0.00 M M 6.7 15 180 M M 2 22 210
19 86 74 80 -6 0 15 0.07 M M 5.4 14 330 M M 5 1 18 330
20 90 71 81 -5 0 16 0.02 M M 6.1 17 60 M M 4 13 25 30
21 91 71 81 -5 0 16 0.00 M M 5.0 14 90 M M 1 19 40
22 93 72 83 -3 0 18 0.00 M M 6.6 16 160 M M 1 8 20 160
23 94 75 85 -1 0 20 0.00 M M 11.1 18 190 M M 2 27 180
24 97 77 87 1 0 22 0.00 M M 9.5 16 190 M M 0 24 200
25 99 76 88 1 0 23 0.00 M M 8.1 14 130 M M 0 19 170
26 100 75 88 1 0 23 0.00 M M 6.0 15 140 M M 1 18 140
27 100 79 90 3 0 25 0.00 M M 6.1 16 110 M M 0 21 90
28 99 78 89 2 0 24 0.00 M M 6.0 16 120 M M 1 3 20 120
29 98 75 87 0 0 22 0.00 M M 5.1 13 120 M M 2 19 140
30 99 76 88 1 0 23 0.00 M M 5.4 13 90 M M 2 17 150
31 100 80 90 3 0 25 0.00 M M 7.6 16 140 M M 1 21 140
================================================================================
SM 2883 2304 0 588 2.37 M 231.4 M 75
================================================================================
AV 93.0 74.3 7.5 FASTST M M 2 MAX(MPH)
MISC ----> 32 90 48 100
================================================================================
NOTES:
# LAST OF SEVERAL OCCURRENCES
COLUMN 17 PEAK WIND IN M.P.H.
PRELIMINARY LOCAL CLIMATOLOGICAL DATA (WS FORM: F-6) , PAGE 2
STATION: DALLAS EXECUTIVE
MONTH: JULY
YEAR: 2021
LATITUDE: 32 40 N
LONGITUDE: 96 52 W
[TEMPERATURE DATA] [PRECIPITATION DATA] SYMBOLS USED IN COLUMN 16
AVERAGE MONTHLY: 83.7 TOTAL FOR MONTH: 2.37 1 = FOG OR MIST
DPTR FM NORMAL: -1.9 DPTR FM NORMAL: 0.46 2 = FOG REDUCING VISIBILITY
HIGHEST: 100 ON 31,27 GRTST 24HR 1.22 ON 1- 2 TO 1/4 MILE OR LESS
LOWEST: 69 ON 11 3 = THUNDER
SNOW, ICE PELLETS, HAIL 4 = ICE PELLETS
TOTAL MONTH: M 5 = HAIL
GRTST 24HR M ON M 6 = FREEZING RAIN OR DRIZZLE
GRTST DEPTH: M ON M 7 = DUSTSTORM OR SANDSTORM:
VSBY 1/2 MILE OR LESS
8 = SMOKE OR HAZE
[NO. OF DAYS WITH] [WEATHER - DAYS WITH] 9 = BLOWING SNOW
X = TORNADO
MAX 32 OR BELOW: 0 0.01 INCH OR MORE: 8
MAX 90 OR ABOVE: 24 0.10 INCH OR MORE: 3
MIN 32 OR BELOW: 0 0.50 INCH OR MORE: 3
MIN 0 OR BELOW: 0 1.00 INCH OR MORE: 1
[HDD (BASE 65) ]
TOTAL THIS MO. 0 CLEAR (SCALE 0-3) 22
DPTR FM NORMAL 0 PTCLDY (SCALE 4-7) 9
TOTAL FM JUL 1 0 CLOUDY (SCALE 8-10) 0
DPTR FM NORMAL 0
[CDD (BASE 65) ]
TOTAL THIS MO. 588
DPTR FM NORMAL -52 [PRESSURE DATA]
TOTAL FM JAN 1 1442 HIGHEST SLP M ON M
DPTR FM NORMAL -136 LOWEST SLP 29.83 ON 7
[REMARKS]
#FINAL-07-21#