000
CXUS56 KSTO 011301
CF6RBL
PRELIMINARY LOCAL CLIMATOLOGICAL DATA (WS FORM: F-6)
STATION: RED BLUFF
MONTH: MARCH
YEAR: 2023
LATITUDE: 40 8 N
LONGITUDE: 122-15 E
TEMPERATURE IN F: :PCPN: SNOW: WIND :SUNSHINE: SKY :PK WND
================================================================================
1 2 3 4 5 6A 6B 7 8 9 10 11 12 13 14 15 16 17 18
12Z AVG MX 2MIN
DY MAX MIN AVG DEP HDD CDD WTR SNW DPTH SPD SPD DIR MIN PSBL S-S WX SPD DR
================================================================================
1 53 33 43 -10 22 0 0.00 M M 15.1 30 350 M M 0 42 360
2 58 34 46 -7 19 0 0.00 M M 6.1 14 160 M M 2 17 20
3 58 34 46 -7 19 0 0.00 M M 4.5 13 20 M M 0 16 20
4 53 42 48 -5 17 0 0.02 M M 12.8 30 170 M M 2 8 38 160
5 53 38 46 -7 19 0 0.04 M M 16.3 37 160 M M 1 8 43 160
6 44 35 40 -14 25 0 0.56 M M 4.9 13 300 M M 0 8 16 300
7 51 39 45 -9 20 0 0.02 M M 11.3 28 170 M M 0 36 170
8 54 40 47 -7 18 0 0.03 M M 10.9 26 150 M M 0 33 140
9 50 39 45 -9 20 0 1.41 M M 12.9 35 160 M M 0 1 42 160
10 61 42 52 -2 13 0 0.17 M M 8.9 31 160 M M 0 41 160
11 51 39 45 -9 20 0 0.08 M M M M M M M M M M
12 55 46 51 -3 14 0 0.73 M M M M M M M M M M
13 63 54 59 5 6 0 0.03 M M 20.0 18 140 M M M 23 160
14 62 47 55 1 10 0 1.05 M M 15.7 36 160 M M M 46 150
15 63 39 51 -4 14 0 0.00 M M 11.5 24 350 M M M 30 350
16 65 39 52 -3 13 0 0.00 M M 5.1 15 10 M M 0 18 360
17 69 37 53 -2 12 0 0.00 M M 5.0 14 330 M M 0 15 330
18 64 42 53 -2 12 0 0.00 M M 5.7 13 350 M M 0 16 350
19 55 50 53 -2 12 0 0.91 M M 13.1 23 160 M M 10 31 150
20 60 45 53 -2 12 0 T M M 8.0 16 160 M M 6 22 160
21 58 45 52 -3 13 0 0.20 M M 8.1 16 130 M M 7 1 23 120
22 58 46 52 -3 13 0 0.15 0.0 M 6.2 20 170 M M 9 1 23 160
23 61 43 52 -4 13 0 0.01 0.0 M 9.5 28 290 M M 5 3 37 290
24 59 36 48 -8 17 0 0.00 M M 7.9 22 290 M M 1 30 240
25 58 38 48 -8 17 0 0.00 M M 9.6 20 280 M M 2 26 290
26 60 34 47 -9 18 0 0.00 M M 7.6 20 350 M M 0 25 360
27 58 31 45 -11 20 0 0.01 M M 10.9 33 180 M M 5 45 170
28 51 43 47 -9 18 0 0.65 M M 20.0 38 170 M M 9 1 44 180
29 50 38 44 -12 21 0 0.20 M M 10.3 25 140 M M 8 1 32 150
30 59 34 47 -9 18 0 0.00 M M 6.9 16 180 M M 2 20 170
31 59 43 51 -5 14 0 0.00 M M 9.4 21 180 M M 6 27 160
================================================================================
SM 1773 1245 499 0 6.27 0.0 294.2 M 75
================================================================================
AV 57.2 40.2 10.1 FASTST M M 3 MAX(MPH)
MISC ----> 38 170 46 150
================================================================================
NOTES:
# LAST OF SEVERAL OCCURRENCES
COLUMN 17 PEAK WIND IN M.P.H.
PRELIMINARY LOCAL CLIMATOLOGICAL DATA (WS FORM: F-6) , PAGE 2
STATION: RED BLUFF
MONTH: MARCH
YEAR: 2023
LATITUDE: 40 8 N
LONGITUDE: 122-15 E
[TEMPERATURE DATA] [PRECIPITATION DATA] SYMBOLS USED IN COLUMN 16
AVERAGE MONTHLY: 48.7 TOTAL FOR MONTH: 6.27 1 = FOG OR MIST
DPTR FM NORMAL: -6.0 DPTR FM NORMAL: 3.36 2 = FOG REDUCING VISIBILITY
HIGHEST: 69 ON 17 GRTST 24HR 1.58 ON 9-10 TO 1/4 MILE OR LESS
LOWEST: 31 ON 27 3 = THUNDER
SNOW, ICE PELLETS, HAIL 4 = ICE PELLETS
TOTAL MONTH: 0.0 INCH 5 = HAIL
GRTST 24HR 0.0 6 = FREEZING RAIN OR DRIZZLE
GRTST DEPTH: M ON M 7 = DUSTSTORM OR SANDSTORM:
VSBY 1/2 MILE OR LESS
8 = SMOKE OR HAZE
[NO. OF DAYS WITH] [WEATHER - DAYS WITH] 9 = BLOWING SNOW
X = TORNADO
MAX 32 OR BELOW: 0 0.01 INCH OR MORE: 18
MAX 90 OR ABOVE: 0 0.10 INCH OR MORE: 10
MIN 32 OR BELOW: 1 0.50 INCH OR MORE: 6
MIN 0 OR BELOW: 0 1.00 INCH OR MORE: 2
[HDD (BASE 65) ]
TOTAL THIS MO. 499 CLEAR (SCALE 0-3) 17
DPTR FM NORMAL 177 PTCLDY (SCALE 4-7) 6
TOTAL FM JUL 1 2551 CLOUDY (SCALE 8-10) 8
DPTR FM NORMAL 277
[CDD (BASE 65) ]
TOTAL THIS MO. 0
DPTR FM NORMAL -3 [PRESSURE DATA]
TOTAL FM JAN 1 0 HIGHEST SLP 30.42 ON 24
DPTR FM NORMAL -3 LOWEST SLP 29.39 ON 14
[REMARKS]
#FINAL-03-23#