000
CXUS56 KSTO 031009
CLMRDD
CLIMATE REPORT
NATIONAL WEATHER SERVICE SACRAMENTO
209 AM PST SUN DEC 03 2023
...................................
...THE SACRAMENTO CITY CLIMATE SUMMARY FOR THE MONTH OF NOVEMBER 2023...
CLIMATE NORMAL PERIOD: 1991 TO 2020
CLIMATE RECORD PERIOD: 1849 TO 2023
WEATHER OBSERVED NORMAL DEPART LAST YEAR`S
VALUE DATE(S) VALUE FROM VALUE DATE(S)
NORMAL
................................................................
TEMPERATURE (F)
RECORD
HIGH 86 11/01/1997
11/02/1966
LOW 27 11/28/1880
HIGHEST 82 11/04 MM MM 70 11/15
LOWEST 35 11/27 MM MM 34 11/21
11/26
11/30
AVG. MAXIMUM 68.6 65.3 3.3 63.5
AVG. MINIMUM 45.3 45.3 0.0 40.3
MEAN 57.0 55.3 1.7 51.9
DAYS MAX >= 90 0 0.0 0.0 0
DAYS MAX <= 32 0 0.0 0.0 0
DAYS MAX >= 105 0 30
DAYS MAX >= 100 0 0
DAYS MAX <= 50 0 0
DAYS MIN <= 32 0 0.3 -0.3 0
DAYS MIN <= 0 0 0.0 0.0 0
DAYS MIN >= 70 0 0
DAYS MIN <= 40 0 0
DAYS MIN <= 32 0 0
PRECIPITATION (INCHES)
RECORD
MAXIMUM 1.16 2022
MINIMUM 0.74 2021
TOTALS 0.73R 1.78 -1.05 1.16
DAILY AVG. 0.02
DAYS >= .01 6 4
DAYS >= .10 2 3
DAYS >= .50 0 1
DAYS >= 1.00 0 0
DAYS >= %-5.2F 0 0
GREATEST
24 HR. TOTAL 0.35
STORM TOTAL 0.35
SNOWFALL (INCHES)
RECORDS
TOTAL MM MM
24 HR TOTAL MM
TOTALS 0.0 0.0 0.0
LIQUID EQUIV 0.00 0.00 0.00
SINCE 7/1 0.0 0.0 0.0
LIQUID 7/1 0.00
DAYS >= TRACE 0 0.0 0.0
DAYS >= 1.0 0 0.0 0.0
GREATEST
SNOW DEPTH MM
24 HR TOTAL MM
STORM TOTAL 0.0
(MM/DD(HH))
DEGREE DAYS
HEATING TOTAL 240 293 -53
SINCE 7/1 291 354 -63
COOLING TOTAL 6 2 4
SINCE 1/1 1728 1577 151
................................................................
WIND (MPH)
AVERAGE WIND SPEED MM
HIGHEST WIND SPEED/DIRECTION MM DATE MM
HIGHEST GUST SPEED/DIRECTION MM DATE MM
SKY COVER
POSSIBLE SUNSHINE (PERCENT) MM
AVERAGE SKY COVER MM
AVERAGE RH (PERCENT) MM
WEATHER CONDITIONS. NUMBER OF DAYS WITH
THUNDERSTORM 0 MIXED PRECIP 0
HEAVY RAIN 0 RAIN 0
LIGHT RAIN 0 FREEZING RAIN 0
LT FREEZING RAIN 0 HAIL 0
HEAVY SNOW 0 SNOW 0
LIGHT SNOW 0 SLEET 0
FOG 0 FOG W/VIS <= 1/4 MILE 0
HAZE 0
- INDICATES NEGATIVE NUMBERS.
R INDICATES RECORD WAS SET OR TIED.
MM INDICATES DATA IS MISSING.
T INDICATES TRACE AMOUNT.
$$