000
CXUS51 KPHI 161506
CF6RDG
PRELIMINARY LOCAL CLIMATOLOGICAL DATA (WS FORM: F-6)
STATION: READING PA
MONTH: NOVEMBER
YEAR: 2021
LATITUDE: 40 22 N
LONGITUDE: 75 58 W
TEMPERATURE IN F: :PCPN: SNOW: WIND :SUNSHINE: SKY :PK WND
================================================================================
1 2 3 4 5 6A 6B 7 8 9 10 11 12 13 14 15 16 17 18
12Z AVG MX 2MIN
DY MAX MIN AVG DEP HDD CDD WTR SNW DPTH SPD SPD DIR MIN PSBL S-S WX SPD DR
================================================================================
1 59 42 51 1 14 0 0.00 0.0 0 7.3 23 300 M M 1 28 300
2 50 37 44 -5 21 0 0.01 0.0 0 3.6 13 220 M M 7 1 17 220
3 52 31 42 -7 23 0 0.00 0.0 0 7.7 18 300 M M 3 12 22 300
4 52 28 40 -8 25 0 0.00 0.0 0 0.9 8 220 M M 1 10 230
5 54 28 41 -7 24 0 0.00 0.0 0 3.2 10 350 M M 1 1 14 350
6 55 27 41 -7 24 0 0.00 0.0 0 1.2 8 130 M M 0 1 11 130
7 58 26 42 -5 23 0 0.00 0.0 0 1.7 12 330 M M 0 18 13 360
8 69 32 51 4 14 0 0.00 0.0 0 4.6 13 320 M M 0 1 17 330
9 71 38 55 8 10 0 0.00 0.0 0 2.3 13 260 M M 0 8 17 250
10 67 40 54 8 11 0 0.00 0.0 0 5.2 21 340 M M 2 28 330
11 63 38 51 5 14 0 0.00 0.0 0 6.8 18 120 M M 3 25 120
12 64 41 53 7 12 0 1.07 0.0 0 8.1 20 170 M M 5 18 32 190
13 48 36 42 -3 23 0 0.16 0.0 0 7.3 30 290 M M 5 18 39 290
14 47 30 39 -6 26 0 0.04 0.0 0 5.0 20 240 M M 4 26 220
15 47 35 41 -4 24 0 T 0.0 0 9.6 25 290 M M 6 1 37 290
16 50 28 39 -5 26 0 0.00 0.0 0 4.5 17 240 M M 0 22 240
17 53 30 42 -2 23 0 0.00 0.0 0 1.9 8 310 M M 3 18 10 300
18 72 34 53 9 12 0 0.14 0.0 0 6.0 22 300 M M 3 18 28 310
19 47 32 40 -3 25 0 0.00 0.0 0 9.6 28 310 M M 3 37 320
20 47 26 37 -6 28 0 0.00 0.0 0 4.0 13 190 M M 0 1 16 190
21 54 35 45 2 20 0 0.00 0.0 0 3.3 14 210 M M 6 19 160
22 50 30 40 -2 25 0 0.11 0.0 0 7.6 20 340 M M 5 1 24 340
23 43 25 34 -8 31 0 0.00 0.0 0 9.4 25 320 M M 1 31 330
24 46 25 36 -6 29 0 0.00 0.0 0 4.4 13 250 M M 0 17 260
25 55 28 42 0 23 0 0.00 0.0 0 0.5 8 220 M M 4 1 9 210
26 47 37 42 1 23 0 0.03 0.0 0 14.6 32 300 M M 9 1 41 310
27 41 31 36 -5 29 0 T T 0 12.4 26 320 M M 7 33 310
28 41 32 37 -3 28 0 T T 0 2.6 14 290 M M 8 19 290
29 43 28 36 -4 29 0 0.00 0.0 0 7.5 24 320 M M 4 29 320
30 39 30 35 -5 30 0 T T 0 2.8 13 210 M M 10 17 220
================================================================================
SM 1584 960 669 0 1.56 T 165.6 M 101
================================================================================
AV 52.8 32.0 5.5 FASTST M M 3 MAX(MPH)
MISC ----> 32 300 41 310
================================================================================
NOTES:
# LAST OF SEVERAL OCCURRENCES
COLUMN 17 PEAK WIND IN M.P.H.
PRELIMINARY LOCAL CLIMATOLOGICAL DATA (WS FORM: F-6) , PAGE 2
STATION: READING PA
MONTH: NOVEMBER
YEAR: 2021
LATITUDE: 40 22 N
LONGITUDE: 75 58 W
[TEMPERATURE DATA] [PRECIPITATION DATA] SYMBOLS USED IN COLUMN 16
AVERAGE MONTHLY: 42.4 TOTAL FOR MONTH: 1.56 1 = FOG OR MIST
DPTR FM NORMAL: -2.2 DPTR FM NORMAL: -1.46 2 = FOG REDUCING VISIBILITY
HIGHEST: 72 ON 18 GRTST 24HR 1.07 ON 12-12 TO 1/4 MILE OR LESS
LOWEST: 25 ON 23,24 3 = THUNDER
SNOW, ICE PELLETS, HAIL 4 = ICE PELLETS
TOTAL MONTH: T 5 = HAIL
GRTST 24HR T ON 27-27 6 = FREEZING RAIN OR DRIZZLE
GRTST DEPTH: 0 7 = DUSTSTORM OR SANDSTORM:
VSBY 1/2 MILE OR LESS
8 = SMOKE OR HAZE
[NO. OF DAYS WITH] [WEATHER - DAYS WITH] 9 = BLOWING SNOW
X = TORNADO
MAX 32 OR BELOW: 0 0.01 INCH OR MORE: 7
MAX 90 OR ABOVE: 0 0.10 INCH OR MORE: 4
MIN 32 OR BELOW: 19 0.50 INCH OR MORE: 1
MIN 0 OR BELOW: 0 1.00 INCH OR MORE: 1
[HDD (BASE 65) ]
TOTAL THIS MO. 669 CLEAR (SCALE 0-3) 16
DPTR FM NORMAL 57 PTCLDY (SCALE 4-7) 12
TOTAL FM JUL 1 820 CLOUDY (SCALE 8-10) 2
DPTR FM NORMAL -176
[CDD (BASE 65) ]
TOTAL THIS MO. 0
DPTR FM NORMAL 0 [PRESSURE DATA]
TOTAL FM JAN 1 1324 HIGHEST SLP M ON M
DPTR FM NORMAL 270 LOWEST SLP 29.68 ON 26
[REMARKS]
#FINAL-11-21#