000
CXUS51 KPHI 151542
CF6RDG
PRELIMINARY LOCAL CLIMATOLOGICAL DATA (WS FORM: F-6)
STATION: READING PA
MONTH: OCTOBER
YEAR: 2023
LATITUDE: 40 22 N
LONGITUDE: 75 58 W
TEMPERATURE IN F: :PCPN: SNOW: WIND :SUNSHINE: SKY :PK WND
================================================================================
1 2 3 4 5 6A 6B 7 8 9 10 11 12 13 14 15 16 17 18
12Z AVG MX 2MIN
DY MAX MIN AVG DEP HDD CDD WTR SNW DPTH SPD SPD DIR MIN PSBL S-S WX SPD DR
================================================================================
1 81 55 68 7 0 3 0.00 0.0 0 3.7 13 20 M M 0 1 17 40
2 81 56 69 9 0 4 0.00 0.0 0 2.3 10 20 M M 1 1 14 40
3 84 56 70 10 0 5 0.00 0.0 0 0.9 8 330 M M 1 128 10 360
4 85 59 72 12 0 7 0.00 0.0 0 2.5 9 170 M M 3 12 12 220
5 80 55 68 9 0 3 0.00 0.0 0 5.5 15 170 M M 4 18 20 200
6 79 66 73 14 0 8 0.12 0.0 0 5.0 10 150 M M 7 1 15 120
7 69 50 60 2 5 0 0.45 0.0 0 9.2 25 300 M M 8 1 31 300
8 61 44 53 -5 12 0 0.00 0.0 0 8.0 24 260 M M 7 30 240
9 62 40 51 -7 14 0 0.00 0.0 0 4.9 17 240 M M 5 1 23 240
10 67 44 56 -1 9 0 0.00 0.0 0 2.8 15 290 M M 6 18 19 290
11 70 44 57 0 8 0 0.00 0.0 0 2.9 13 280 M M 0 1 15 240
12 72 43 58 1 7 0 0.00 0.0 0 1.0 9 330 M M 5 18 11 300
13 66 46 56 0 9 0 0.00 0.0 0 2.9 12 10 M M 1 1 16 20
14 51 46 49 -7 16 0 0.81 0.0 0 5.3 17 50 M M 8 1 24 50
15 59 42 51 -5 14 0 T 0.0 0 8.9 23 340 M M 6 29 320
16 63 43 53 -2 12 0 T 0.0 0 7.4 18 320 M M 7 21 310
17 64 47 56 1 9 0 T 0.0 0 3.9 17 320 M M 7 19 330
18 65 45 55 1 10 0 0.00 0.0 0 1.3 8 260 M M 6 1 10 250
19 67 40 54 0 11 0 0.00 0.0 0 5.0 14 190 M M 3 18 19 170
20 69 55 62 8 3 0 0.07 0.0 0 5.8 15 170 M M 6 1 21 150
21 65 52 59 6 6 0 T 0.0 0 11.6 25 270 M M 9 1 35 260
22 59 48 54 1 11 0 T 0.0 0 13.7 26 290 M M 3 33 290
23 62 40 51 -2 14 0 0.00 0.0 0 8.1 17 320 M M 1 25 310
24 68 36 52 0 13 0 0.00 0.0 0 2.6 12 200 M M 0 1 15 230
25 75 41 58 6 7 0 0.00 0.0 0 1.7 8 180 M M 0 1 10 200
26 81 48 65 13 0 0 0.00 0.0 0 1.5 10 270 M M 0 1 15 270
27 76 54 65 14 0 0 0.00 0.0 0 2.1 9 220 M M 2 11 210
28 81 58 70 19 0 5 0.00 0.0 0 6.5 17 300 M M 5 1 22 300
29 63 52 58 8 7 0 0.02 0.0 0 5.4 13 330 M M 10 18 16 300
30 59 49 54 4 11 0 0.11 0.0 0 7.4 20 320 M M 9 12 26 320
31 54 40 47 -3 18 0 0.00 0.0 0 4.7 21 320 M M 5 25 320
================================================================================
SM 2138 1494 226 35 1.58 0.0 154.5 M 135
================================================================================
AV 69.0 48.2 5.0 FASTST M M 4 MAX(MPH)
MISC ----> 26 290 35 260
================================================================================
NOTES:
# LAST OF SEVERAL OCCURRENCES
COLUMN 17 PEAK WIND IN M.P.H.
PRELIMINARY LOCAL CLIMATOLOGICAL DATA (WS FORM: F-6) , PAGE 2
STATION: READING PA
MONTH: OCTOBER
YEAR: 2023
LATITUDE: 40 22 N
LONGITUDE: 75 58 W
[TEMPERATURE DATA] [PRECIPITATION DATA] SYMBOLS USED IN COLUMN 16
AVERAGE MONTHLY: 58.6 TOTAL FOR MONTH: 1.58 1 = FOG OR MIST
DPTR FM NORMAL: 3.4 DPTR FM NORMAL: -2.22 2 = FOG REDUCING VISIBILITY
HIGHEST: 85 ON 4 GRTST 24HR 0.81 ON 14-14 TO 1/4 MILE OR LESS
LOWEST: 36 ON 24 3 = THUNDER
SNOW, ICE PELLETS, HAIL 4 = ICE PELLETS
TOTAL MONTH: 0.0 INCH 5 = HAIL
GRTST 24HR 0.0 6 = FREEZING RAIN OR DRIZZLE
GRTST DEPTH: 0 7 = DUSTSTORM OR SANDSTORM:
VSBY 1/2 MILE OR LESS
8 = SMOKE OR HAZE
[NO. OF DAYS WITH] [WEATHER - DAYS WITH] 9 = BLOWING SNOW
X = TORNADO
MAX 32 OR BELOW: 0 0.01 INCH OR MORE: 6
MAX 90 OR ABOVE: 0 0.10 INCH OR MORE: 4
MIN 32 OR BELOW: 0 0.50 INCH OR MORE: 1
MIN 0 OR BELOW: 0 1.00 INCH OR MORE: 0
[HDD (BASE 65) ]
TOTAL THIS MO. 226 CLEAR (SCALE 0-3) 11
DPTR FM NORMAL -93 PTCLDY (SCALE 4-7) 16
TOTAL FM JUL 1 274 CLOUDY (SCALE 8-10) 4
DPTR FM NORMAL -108
[CDD (BASE 65) ]
TOTAL THIS MO. 35
DPTR FM NORMAL 20 [PRESSURE DATA]
TOTAL FM JAN 1 1118 HIGHEST SLP 30.42 ON 24
DPTR FM NORMAL 64 LOWEST SLP 29.38 ON 21
[REMARKS]
#FINAL-10-23#
ADDING SNOW OBSERVATIONS.
STAARMANN