000
CXUS56 KBOI 011002
CF6REO
PRELIMINARY LOCAL CLIMATOLOGICAL DATA (WS FORM: F-6)
STATION: ROME OR
MONTH: JANUARY
YEAR: 2023
LATITUDE: 42 35 N
LONGITUDE: 117 52 W
TEMPERATURE IN F: :PCPN: SNOW: WIND :SUNSHINE: SKY :PK WND
================================================================================
1 2 3 4 5 6A 6B 7 8 9 10 11 12 13 14 15 16 17 18
12Z AVG MX 2MIN
DY MAX MIN AVG DEP HDD CDD WTR SNW DPTH SPD SPD DIR MIN PSBL S-S WX SPD DR
================================================================================
1 38 24 31 1 34 0 0.00 M M 5.5 18 20 M M 0 25 360
2 36 17 27 -3 38 0 0.00 M M 4.6 13 150 M M 0 17 150
3 40 21 31 1 34 0 0.00 M M 4.0 14 170 M M 0 19 190
4 35 20 28 -2 37 0 0.07 M M 4.0 13 50 M M 0 19 110
5 45 24 35 5 30 0 0.07 M M 5.3 20 160 M M 0 27 160
6 48 30 39 9 26 0 0.02 M M 7.6 20 240 M M 0 28 240
7 42 27 35 5 30 0 0.00 M M 5.8 18 160 M M 0 26 160
8 48 32 40 10 25 0 0.00 0.0 0 12.2 32 190 M M 0 43 180
9 46 29 38 8 27 0 0.01 M M 7.6 22 220 M M 0 32 220
10 37 25 31 1 34 0 0.02 M M 4.2 14 210 M M 0 16 210
11 44 30 37 7 28 0 0.11 M M 11.0 20 180 M M 0 27 180
12 46 33 40 10 25 0 0.03 M M 4.1 17 170 M M 0 22 170
13 43 31 37 6 28 0 0.00 M M 3.2 10 90 M M 0 13 90
14 45 33 39 8 26 0 0.01 M M 10.7 22 160 M M 0 30 170
15 45 31 38 7 27 0 0.00 M M 10.9 24 250 M M 0 32 230
16 41 28 35 4 30 0 0.00 M M 5.3 13 10 M M 0 18 10
17 39 24 32 1 33 0 0.00 M M 6.1 14 300 M M 0 20 310
18 41 23 32 1 33 0 0.08 M M 10.9 18 210 M M 0 29 160
19 36 12 24 -7 41 0 0.01 M M 6.9 16 350 M M 0 27 20
20 35 10 23 -8 42 0 0.00 M M 6.5 13 160 M M 0 17 150
21 37 19 28 -3 37 0 0.00 M M 9.7 18 180 M M 0 27 160
22 35 19 27 -4 38 0 0.00 M M 8.6 18 330 M M 0 24 320
23 37 14 26 -6 39 0 0.00 M M 5.1 12 160 M M 0 14 170
24 44 21 33 1 32 0 0.00 M M 9.8 16 160 M M 0 22 160
25 47 24 36 4 29 0 0.00 M M 5.8 15 250 M M 0 21 250
26 49 28 39 7 26 0 0.00 M M 7.9 15 170 M M 0 20 170
27 45 33 39 7 26 0 0.00 M M 12.6 25 290 M M 0 35 310
28 39 26 33 1 32 0 0.04 M M 6.9 22 30 M M 0 29 20
29 26 1 14 -18 51 0 0.02 M M 7.9 16 20 M M 0 23 50
30 22 -3 10 -22 55 0 0.00 M M 5.3 9 170 M M 0 10 110
31 34 4 19 -13 46 0 0.00 M M 7.3 18 160 M M 0 25 160
================================================================================
SM 1245 690 1039 0 0.49 0.0 223.3 M 0
================================================================================
AV 40.2 22.3 7.2 FASTST M M 0 MAX(MPH)
MISC ----> 32 190 43 180
================================================================================
NOTES:
# LAST OF SEVERAL OCCURRENCES
COLUMN 17 PEAK WIND IN M.P.H.
PRELIMINARY LOCAL CLIMATOLOGICAL DATA (WS FORM: F-6) , PAGE 2
STATION: ROME OR
MONTH: JANUARY
YEAR: 2023
LATITUDE: 42 35 N
LONGITUDE: 117 52 W
[TEMPERATURE DATA] [PRECIPITATION DATA] SYMBOLS USED IN COLUMN 16
AVERAGE MONTHLY: 31.2 TOTAL FOR MONTH: 0.49 1 = FOG OR MIST
DPTR FM NORMAL: 0.4 DPTR FM NORMAL: -0.35 2 = FOG REDUCING VISIBILITY
HIGHEST: 49 ON 26 GRTST 24HR 0.13 ON 16-16 TO 1/4 MILE OR LESS
LOWEST: -3 ON 30 3 = THUNDER
SNOW, ICE PELLETS, HAIL 4 = ICE PELLETS
TOTAL MONTH: 0.0 INCH 5 = HAIL
GRTST 24HR 0.0 6 = FREEZING RAIN OR DRIZZLE
GRTST DEPTH: 0 7 = DUSTSTORM OR SANDSTORM:
VSBY 1/2 MILE OR LESS
8 = SMOKE OR HAZE
[NO. OF DAYS WITH] [WEATHER - DAYS WITH] 9 = BLOWING SNOW
X = TORNADO
MAX 32 OR BELOW: 2 0.01 INCH OR MORE: 12
MAX 90 OR ABOVE: 0 0.10 INCH OR MORE: 1
MIN 32 OR BELOW: 28 0.50 INCH OR MORE: 0
MIN 0 OR BELOW: 1 1.00 INCH OR MORE: 0
[HDD (BASE 65) ]
TOTAL THIS MO. 1039 CLEAR (SCALE 0-3) 31
DPTR FM NORMAL -20 PTCLDY (SCALE 4-7) 0
TOTAL FM JUL 1 3709 CLOUDY (SCALE 8-10) 0
DPTR FM NORMAL 68
[CDD (BASE 65) ]
TOTAL THIS MO. 0
DPTR FM NORMAL 0 [PRESSURE DATA]
TOTAL FM JAN 1 0 HIGHEST SLP M ON M
DPTR FM NORMAL 0 LOWEST SLP 29.46 ON 15
[REMARKS]
#FINAL-01-23#