000
CXUS56 KBOI 011002
CF6REO
PRELIMINARY LOCAL CLIMATOLOGICAL DATA (WS FORM: F-6)
STATION: ROME OR
MONTH: FEBRUARY
YEAR: 2024
LATITUDE: 42 35 N
LONGITUDE: 117 52 W
TEMPERATURE IN F: :PCPN: SNOW: WIND :SUNSHINE: SKY :PK WND
================================================================================
1 2 3 4 5 6A 6B 7 8 9 10 11 12 13 14 15 16 17 18
12Z AVG MX 2MIN
DY MAX MIN AVG DEP HDD CDD WTR SNW DPTH SPD SPD DIR MIN PSBL S-S WX SPD DR
================================================================================
1 48 36 42 10 23 0 0.13 M M 6.8 17 250 M M 0 23 250
2 50 31 41 8 24 0 0.00 M M 8.5 21 230 M M 0 27 240
3 41 29 35 2 30 0 0.00 M M 7.1 16 240 M M 0 20 250
4 39 24 32 -1 33 0 0.01 M M 7.0 18 150 M M 0 26 110
5 52 31 42 9 23 0 0.00 M M 10.8 26 220 M M 0 35 220
6 42 25 34 1 31 0 0.00 M M 4.0 8 240 M M 0 13 330
7 42 30 36 3 29 0 0.01 M M 6.2 13 60 M M 0 19 290
8 39 26 33 -1 32 0 0.00 M M 3.8 12 10 M M 0 14 10
9 40 28 34 0 31 0 0.04 M M 6.3 20 340 M M 0 26 360
10 41 19 30 -4 35 0 0.00 M M 5.2 12 160 M M 0 17 160
11 47 23 35 1 30 0 0.00 M M 9.9 18 150 M M 0 23 160
12 54 28 41 7 24 0 0.00 M M 6.9 15 200 M M 0 19 200
13 48 26 37 2 28 0 0.00 M M 4.7 12 30 M M 0 16 20
14 43 25 34 -1 31 0 0.05 M M 9.8 25 220 M M 0 38 230
15 48 34 41 6 24 0 0.00 M M 15.4 32 250 M M 0 44 230
16 42 26 34 -1 31 0 0.00 M M 8.6 21 230 M M 0 26 230
17 36 23 30 -6 35 0 0.10 M M 3.7 13 70 M M 0 19 80
18 50 25 38 2 27 0 0.10 M M 7.0 21 240 M M 0 27 240
19 55 29 42 6 23 0 0.00 M M 6.0 21 200 M M 0 28 200
20 55 32 44 8 21 0 0.00 M M 9.5 22 200 M M 0 27 190
21 48 29 39 2 26 0 0.09 M M 5.9 15 70 M M 0 18 60
22 53 25 39 2 26 0 0.00 M M 3.6 10 160 M M 0 13 160
23 55 22 39 2 26 0 0.00 M M 3.6 12 170 M M 0 14 160
24 62 27 45 7 20 0 0.00 M M 7.6 16 160 M M 0 21 160
25 62 30 46 8 19 0 0.00 M M 12.6 25 260 M M 0 35 250
26 46 25 36 -2 29 0 0.13 M M 17.0 38 240 M M 0 56 240
27 40 18 29 -9 36 0 0.00 M M 9.2 17 250 M M 0 23 250
28 56 23 40 1 25 0 0.00 M M 8.5 17 170 M M 0 25 170
29 59 33 46 7 19 0 0.03 M M 22.8 36 210 M M 0 63 220
================================================================================
SM 1393 782 791 0 0.69 M 238.0 M 0
================================================================================
AV 48.0 27.0 8.2 FASTST M M 0 MAX(MPH)
MISC ----> 38 240 63 220
================================================================================
NOTES:
# LAST OF SEVERAL OCCURRENCES
COLUMN 17 PEAK WIND IN M.P.H.
PRELIMINARY LOCAL CLIMATOLOGICAL DATA (WS FORM: F-6) , PAGE 2
STATION: ROME OR
MONTH: FEBRUARY
YEAR: 2024
LATITUDE: 42 35 N
LONGITUDE: 117 52 W
[TEMPERATURE DATA] [PRECIPITATION DATA] SYMBOLS USED IN COLUMN 16
AVERAGE MONTHLY: 37.5 TOTAL FOR MONTH: 0.69 1 = FOG OR MIST
DPTR FM NORMAL: 2.3 DPTR FM NORMAL: 0.14 2 = FOG REDUCING VISIBILITY
HIGHEST: 62 ON 25,24 GRTST 24HR 0.20 ON 17-18 TO 1/4 MILE OR LESS
LOWEST: 18 ON 27 3 = THUNDER
SNOW, ICE PELLETS, HAIL 4 = ICE PELLETS
TOTAL MONTH: M 5 = HAIL
GRTST 24HR M ON M 6 = FREEZING RAIN OR DRIZZLE
GRTST DEPTH: M ON M 7 = DUSTSTORM OR SANDSTORM:
VSBY 1/2 MILE OR LESS
8 = SMOKE OR HAZE
[NO. OF DAYS WITH] [WEATHER - DAYS WITH] 9 = BLOWING SNOW
X = TORNADO
MAX 32 OR BELOW: 0 0.01 INCH OR MORE: 10
MAX 90 OR ABOVE: 0 0.10 INCH OR MORE: 4
MIN 32 OR BELOW: 26 0.50 INCH OR MORE: 0
MIN 0 OR BELOW: 0 1.00 INCH OR MORE: 0
[HDD (BASE 65) ]
TOTAL THIS MO. 791 CLEAR (SCALE 0-3) 29
DPTR FM NORMAL -43 PTCLDY (SCALE 4-7) 0
TOTAL FM JUL 1 4202 CLOUDY (SCALE 8-10) 0
DPTR FM NORMAL -325
[CDD (BASE 65) ]
TOTAL THIS MO. 0
DPTR FM NORMAL 0 [PRESSURE DATA]
TOTAL FM JAN 1 0 HIGHEST SLP M ON M
DPTR FM NORMAL 0 LOWEST SLP 29.52 ON 1
[REMARKS]
#FINAL-02-24#