000
CXUS53 KGRB 131536
CF6RHI
PRELIMINARY LOCAL CLIMATOLOGICAL DATA (WS FORM: F-6)
STATION: RHINELANDER WI
MONTH: JULY
YEAR: 2023
LATITUDE: 45 37 N
LONGITUDE: 89 27 W
TEMPERATURE IN F: :PCPN: SNOW: WIND :SUNSHINE: SKY :PK WND
================================================================================
1 2 3 4 5 6A 6B 7 8 9 10 11 12 13 14 15 16 17 18
12Z AVG MX 2MIN
DY MAX MIN AVG DEP HDD CDD WTR SNW DPTH SPD SPD DIR MIN PSBL S-S WX SPD DR
================================================================================
1 84 57 71 5 0 6 0.00 0.0 0 2.4 10 270 M M 2 1 16 260
2 81 54 68 2 0 3 0.00 0.0 0 2.7 9 60 M M 2 1 16 10
3 88 52 70 4 0 5 0.06 0.0 0 3.5 28 280 M M 2 123 49 300
4 87 61 74 8 0 9 T 0.0 0 4.1 14 280 M M 3 3 20 280
5 76 57 67 0 0 2 0.39 0.0 0 3.4 9 350 M M 7 13 16 10
6 71 45 58 -9 7 0 0.00 0.0 0 3.9 9 320 M M 4 16 320
7 75 42 59 -8 6 0 0.00 0.0 0 3.6 12 220 M M 2 12 16 220
8 76 48 62 -5 3 0 0.00 0.0 0 3.3 16 310 M M 2 13 24 290
9 79 45 62 -5 3 0 0.00 0.0 0 9.1 20 260 M M 3 12 28 240
10 87 54 71 4 0 6 0.61 0.0 0 10.1 21 250 M M 5 138 37 320
11 72 47 60 -7 5 0 0.01 0.0 0 4.4 14 340 M M 1 24 340
12 68 54 61 -6 4 0 0.01 0.0 0 3.2 12 120 M M 9 1 16 110
13 73 54 64 -3 1 0 0.00 0.0 0 4.2 13 230 M M 6 1 19 240
14 82 59 71 4 0 6 0.09 0.0 0 6.7 16 270 M M 4 13 24 230
15 78 55 67 0 0 2 0.00 0.0 0 5.7 17 280 M M 3 18 23 250
16 73 52 63 -4 2 0 0.26 0.0 0 6.4 21 300 M M 5 13 31 290
17 68 49 59 -8 6 0 T 0.0 0 8.2 17 270 M M 6 25 270
18 75 51 63 -4 2 0 0.01 0.0 0 4.0 14 270 M M 6 20 260
19 73 53 63 -4 2 0 0.18 0.0 0 4.0 20 230 M M 6 13 28 240
20 67 49 58 -9 7 0 0.02 0.0 0 6.0 15 310 M M 7 123 24 320
21 80 49 65 -2 0 0 T 0.0 0 3.0 14 270 M M 4 12 19 260
22 82 52 67 0 0 2 T 0.0 0 4.0 22 270 M M 3 123 31 260
23 81 51 66 -1 0 1 0.00 0.0 0 4.2 12 290 M M 3 128 18 260
24 81 55 68 1 0 3 T 0.0 0 M M 99 M M 4 18 M M
25 87 52 70 3 0 5 T 0.0 0 4.1 15 270 M M 2 238 20 230
26 86 61 74 7 0 9 0.00 0.0 0 3.4 13 290 M M 3 18 19 270
27 90 57 74 7 0 9 1.28 0.0 0 M 35 290 M M 2 12 50 300
28 82 57 70 3 0 5 T 0.0 0 3.7 12 90 M M 7 13 16 80
29 77 50 64 -3 1 0 0.00 0.0 0 3.5 13 290 M M 2 1 21 320
30 75 46 61 -6 4 0 0.00 0.0 0 3.9 12 280 M M 2 12 19 300
31 78 47 63 -4 2 0 0.00 0.0 0 3.2 12 260 M M 1 1 17 300
================================================================================
SM 2432 1615 55 73 2.92 0.0 131.9 M 118
================================================================================
AV 78.5 52.1 4.5 FASTST M M 4 MAX(MPH)
MISC ----> 35 290 50 300
================================================================================
NOTES:
# LAST OF SEVERAL OCCURRENCES
COLUMN 17 PEAK WIND IN M.P.H.
PRELIMINARY LOCAL CLIMATOLOGICAL DATA (WS FORM: F-6) , PAGE 2
STATION: RHINELANDER WI
MONTH: JULY
YEAR: 2023
LATITUDE: 45 37 N
LONGITUDE: 89 27 W
[TEMPERATURE DATA] [PRECIPITATION DATA] SYMBOLS USED IN COLUMN 16
AVERAGE MONTHLY: 65.3 TOTAL FOR MONTH: 2.92 1 = FOG OR MIST
DPTR FM NORMAL: -1.8 DPTR FM NORMAL: -1.23 2 = FOG REDUCING VISIBILITY
HIGHEST: 90 ON 27 GRTST 24HR 1.28 ON 27-27 TO 1/4 MILE OR LESS
LOWEST: 42 ON 7 3 = THUNDER
SNOW, ICE PELLETS, HAIL 4 = ICE PELLETS
TOTAL MONTH: 0.0 INCH 5 = HAIL
GRTST 24HR 0.0 6 = FREEZING RAIN OR DRIZZLE
GRTST DEPTH: 0 7 = DUSTSTORM OR SANDSTORM:
VSBY 1/2 MILE OR LESS
8 = SMOKE OR HAZE
[NO. OF DAYS WITH] [WEATHER - DAYS WITH] 9 = BLOWING SNOW
X = TORNADO
MAX 32 OR BELOW: 0 0.01 INCH OR MORE: 11
MAX 90 OR ABOVE: 1 0.10 INCH OR MORE: 5
MIN 32 OR BELOW: 0 0.50 INCH OR MORE: 2
MIN 0 OR BELOW: 0 1.00 INCH OR MORE: 1
[HDD (BASE 65) ]
TOTAL THIS MO. 55 CLEAR (SCALE 0-3) 16
DPTR FM NORMAL 7 PTCLDY (SCALE 4-7) 14
TOTAL FM JUL 1 55 CLOUDY (SCALE 8-10) 1
DPTR FM NORMAL 8
[CDD (BASE 65) ]
TOTAL THIS MO. 73
DPTR FM NORMAL -39 [PRESSURE DATA]
TOTAL FM JAN 1 169 HIGHEST SLP 30.21 ON 31
DPTR FM NORMAL -14 LOWEST SLP 29.67 ON 10
[REMARKS]
#FINAL-07-23#