000
CXUS51 KAKQ 010900
CF6RIC
PRELIMINARY LOCAL CLIMATOLOGICAL DATA (WS FORM: F-6)
STATION: RICHMOND VA
MONTH: SEPTEMBER
YEAR: 2020
LATITUDE: 37 30 N
LONGITUDE: 77 20 W
TEMPERATURE IN F: :PCPN: SNOW: WIND :SUNSHINE: SKY :PK WND
================================================================================
1 2 3 4 5 6A 6B 7 8 9 10 11 12 13 14 15 16 17 18
12Z AVG MX 2MIN
DY MAX MIN AVG DEP HDD CDD WTR SNW DPTH SPD SPD DIR MIN PSBL S-S WX SPD DR
================================================================================
1 80 69 75 0 0 10 0.97 0.0 0 3.5 10 90 M M 9 1 12 90
2 90 74 82 7 0 17 0.01 0.0 0 7.3 15 200 M M 8 1 19 170
3 93 72 83 8 0 18 0.00 0.0 0 7.6 18 220 M M 3 23 220
4 93 72 83 9 0 18 0.01 0.0 0 6.6 20 360 M M 3 25 330
5 83 61 72 -2 0 7 0.00 0.0 0 8.1 20 10 M M 4 24 60
6 83 58 71 -3 0 6 0.00 0.0 0 2.6 13 110 M M 1 19 150
7 84 57 71 -3 0 6 0.00 0.0 0 2.7 12 100 M M 1 14 120
8 87 63 75 2 0 10 T 0.0 0 5.4 14 30 M M 5 23 30
9 77 73 75 2 0 10 0.25 0.0 0 7.7 13 40 M M 9 1 14 40
10 89 74 82 9 0 17 0.08 0.0 0 4.7 10 50 M M 9 1 14 290
11 87 73 80 8 0 15 0.13 0.0 0 7.5 16 30 M M 7 1 22 30
12 79 63 71 -1 0 6 0.01 0.0 0 7.4 16 100 M M 7 1 20 90
13 85 62 74 2 0 9 0.00 0.0 0 4.0 8 170 M M 3 14 20
14 79 62 71 0 0 6 0.00 0.0 0 8.3 20 360 M M 7 26 360
15 71 55 63 -8 2 0 0.00 0.0 0 6.7 15 10 M M 5 20 10
16 75 54 65 -6 0 0 0.00 0.0 0 2.2 9 140 M M 7 17 300
17 69 66 68 -2 0 3 2.86 0.0 0 4.4 13 60 M M 9 1 15 60
18 77 61 69 -1 0 4 0.15 0.0 0 11.8 22 20 M M 9 1 27 20
19 65 50 58 -12 7 0 0.00 0.0 0 10.2 17 10 M M 8 24 20
20 70 46 58 -11 7 0 0.00 0.0 0 9.2 18 50 M M 3 30 40
21 69 47 58 -11 7 0 0.00 0.0 0 9.3 18 60 M M 3 24 50
22 71 45 58 -10 7 0 0.00 0.0 0 5.2 15 260 M M 1 19 280
23 79 49 64 -4 1 0 0.00 0.0 0 3.7 13 240 M M 3 14 20
24 71 56 64 -4 1 0 T 0.0 0 3.6 10 210 M M 10 13 190
25 69 61 65 -2 0 0 0.69 0.0 0 5.8 14 270 M M 10 1 18 320
26 70 61 66 -1 0 1 0.08 0.0 0 5.8 12 320 M M 10 1 15 330
27 75 66 71 5 0 6 0.00 0.0 0 3.5 9 330 M M 9 1 11 330
28 83 63 73 7 0 8 T 0.0 0 8.0 17 180 M M 5 22 170
29 82 56 69 3 0 4 1.63 0.0 0 9.0 29 330 M M 8 1 34 320
30 71 55 63 -2 2 0 0.05 0.0 0 9.4 17 270 M M 3 1 22 250
================================================================================
SM 2356 1824 34 181 6.92 0.0 191.2 M 179
================================================================================
AV 78.5 60.8 6.4 FASTST M M 6 MAX(MPH)
MISC ----> # 29 330 # 34 320
================================================================================
NOTES:
# LAST OF SEVERAL OCCURRENCES
COLUMN 17 PEAK WIND IN M.P.H.
PRELIMINARY LOCAL CLIMATOLOGICAL DATA (WS FORM: F-6) , PAGE 2
STATION: RICHMOND VA
MONTH: SEPTEMBER
YEAR: 2020
LATITUDE: 37 30 N
LONGITUDE: 77 20 W
[TEMPERATURE DATA] [PRECIPITATION DATA] SYMBOLS USED IN COLUMN 16
AVERAGE MONTHLY: 69.7 TOTAL FOR MONTH: 6.92 1 = FOG OR MIST
DPTR FM NORMAL: -0.9 DPTR FM NORMAL: 2.79 2 = FOG REDUCING VISIBILITY
HIGHEST: 93 ON 4, 3 GRTST 24HR 2.86 ON 17-17 TO 1/4 MILE OR LESS
LOWEST: 45 ON 22 3 = THUNDER
SNOW, ICE PELLETS, HAIL 4 = ICE PELLETS
TOTAL MONTH: 0.0 INCH 5 = HAIL
GRTST 24HR 0.0 6 = FREEZING RAIN OR DRIZZLE
GRTST DEPTH: 0 7 = DUSTSTORM OR SANDSTORM:
VSBY 1/2 MILE OR LESS
8 = SMOKE OR HAZE
[NO. OF DAYS WITH] [WEATHER - DAYS WITH] 9 = BLOWING SNOW
X = TORNADO
MAX 32 OR BELOW: 0 0.01 INCH OR MORE: 13
MAX 90 OR ABOVE: 3 0.10 INCH OR MORE: 7
MIN 32 OR BELOW: 0 0.50 INCH OR MORE: 4
MIN 0 OR BELOW: 0 1.00 INCH OR MORE: 2
[HDD (BASE 65) ]
TOTAL THIS MO. 34 CLEAR (SCALE 0-3) 5
DPTR FM NORMAL 6 PTCLDY (SCALE 4-7) 14
TOTAL FM JUL 1 34 CLOUDY (SCALE 8-10) 11
DPTR FM NORMAL 5
[CDD (BASE 65) ]
TOTAL THIS MO. 181
DPTR FM NORMAL -16 [PRESSURE DATA]
TOTAL FM JAN 1 1653 HIGHEST SLP 30.54 ON 21
DPTR FM NORMAL 149 LOWEST SLP 29.66 ON 29
[REMARKS]
#FINAL-09-20#