000
CXUS51 KAKQ 010810
CF6RIC
PRELIMINARY LOCAL CLIMATOLOGICAL DATA (WS FORM: F-6)
STATION: RICHMOND VA
MONTH: NOVEMBER
YEAR: 2023
LATITUDE: 37 30 N
LONGITUDE: 77 20 W
TEMPERATURE IN F: :PCPN: SNOW: WIND :SUNSHINE: SKY :PK WND
================================================================================
1 2 3 4 5 6A 6B 7 8 9 10 11 12 13 14 15 16 17 18
12Z AVG MX 2MIN
DY MAX MIN AVG DEP HDD CDD WTR SNW DPTH SPD SPD DIR MIN PSBL S-S WX SPD DR
================================================================================
1 53 36 45 -9 20 0 0.00 0.0 0 11.0 23 340 M M 4 35 10
2 54 31 43 -11 22 0 0.00 0.0 0 3.7 10 30 M M 0 16 360
3 61 30 46 -8 19 0 0.00 0.0 0 2.4 10 180 M M 0 15 180
4 72 33 53 0 12 0 0.00 0.0 0 1.7 7 280 M M 3 10 250
5 75 39 57 4 8 0 0.00 0.0 0 2.4 12 340 M M 2 8 17 40
6 71 45 58 6 7 0 0.00 0.0 0 5.4 13 190 M M 5 17 200
7 82 51 67 15 0 2 0.00 0.0 0 8.0 17 240 M M 5 22 250
8 70 48 59 7 6 0 0.00 0.0 0 5.0 13 40 M M 1 1 18 20
9 83 49 66 14 0 1 0.00 0.0 0 7.8 20 10 M M 4 1 24 10
10 66 41 54 3 11 0 T 0.0 0 10.2 21 10 M M 9 34 10
11 61 35 48 -3 17 0 0.00 0.0 0 3.0 10 350 M M 5 1 14 340
12 58 37 48 -3 17 0 0.00 0.0 0 6.6 15 40 M M 3 23 40
13 60 34 47 -3 18 0 0.00 0.0 0 3.0 10 190 M M 2 16 210
14 63 36 50 0 15 0 0.00 0.0 0 3.4 17 350 M M 3 23 350
15 60 37 49 -1 16 0 0.00 0.0 0 2.2 9 170 M M 8 14 210
16 72 37 55 6 10 0 0.00 0.0 0 4.2 13 200 M M 2 18 200
17 74 43 59 10 6 0 0.00 0.0 0 4.3 17 210 M M 5 1 23 210
18 67 43 55 6 10 0 T 0.0 0 9.3 25 360 M M 3 1 35 340
19 61 32 47 -1 18 0 0.00 0.0 0 1.9 9 350 M M 0 12 230
20 57 32 45 -3 20 0 0.00 0.0 0 5.8 14 60 M M 5 19 60
21 63 42 53 5 12 0 1.16 0.0 0 10.4 26 310 M M 10 1 39 310
22 61 48 55 7 10 0 0.76 0.0 0 6.4 20 350 M M 9 1 27 360
23 59 35 47 0 18 0 0.00 0.0 0 4.1 12 240 M M 0 18 260
24 58 37 48 1 17 0 0.00 0.0 0 6.4 16 10 M M 5 26 10
25 47 33 40 -7 25 0 0.00 0.0 0 8.1 17 20 M M 5 24 50
26 47 33 40 -6 25 0 0.16 0.0 0 6.4 12 240 M M 9 18 16 300
27 58 35 47 1 18 0 T 0.0 0 9.5 18 320 M M 3 26 290
28 49 25 37 -9 28 0 0.00 0.0 0 11.5 24 300 M M 2 35 300
29 44 19 32 -14 33 0 0.00 0.0 0 5.1 14 230 M M 1 18 200
30 58 24 41 -4 24 0 0.00 0.0 0 5.0 13 190 M M 3 16 170
================================================================================
SM 1864 1100 462 3 2.08 0.0 174.2 M 116
================================================================================
AV 62.1 36.7 5.8 FASTST M M 4 MAX(MPH)
MISC ----> 26 310 39 310
================================================================================
NOTES:
# LAST OF SEVERAL OCCURRENCES
COLUMN 17 PEAK WIND IN M.P.H.
PRELIMINARY LOCAL CLIMATOLOGICAL DATA (WS FORM: F-6) , PAGE 2
STATION: RICHMOND VA
MONTH: NOVEMBER
YEAR: 2023
LATITUDE: 37 30 N
LONGITUDE: 77 20 W
[TEMPERATURE DATA] [PRECIPITATION DATA] SYMBOLS USED IN COLUMN 16
AVERAGE MONTHLY: 49.4 TOTAL FOR MONTH: 2.08 1 = FOG OR MIST
DPTR FM NORMAL: -0.2 DPTR FM NORMAL: -0.98 2 = FOG REDUCING VISIBILITY
HIGHEST: 83 ON 9 GRTST 24HR 1.92 ON 21-22 TO 1/4 MILE OR LESS
LOWEST: 19 ON 29 3 = THUNDER
SNOW, ICE PELLETS, HAIL 4 = ICE PELLETS
TOTAL MONTH: 0.0 INCH 5 = HAIL
GRTST 24HR 0.0 6 = FREEZING RAIN OR DRIZZLE
GRTST DEPTH: 0 7 = DUSTSTORM OR SANDSTORM:
VSBY 1/2 MILE OR LESS
8 = SMOKE OR HAZE
[NO. OF DAYS WITH] [WEATHER - DAYS WITH] 9 = BLOWING SNOW
X = TORNADO
MAX 32 OR BELOW: 0 0.01 INCH OR MORE: 3
MAX 90 OR ABOVE: 0 0.10 INCH OR MORE: 3
MIN 32 OR BELOW: 7 0.50 INCH OR MORE: 2
MIN 0 OR BELOW: 0 1.00 INCH OR MORE: 1
[HDD (BASE 65) ]
TOTAL THIS MO. 462 CLEAR (SCALE 0-3) 15
DPTR FM NORMAL -3 PTCLDY (SCALE 4-7) 11
TOTAL FM JUL 1 590 CLOUDY (SCALE 8-10) 4
DPTR FM NORMAL -94
[CDD (BASE 65) ]
TOTAL THIS MO. 3
DPTR FM NORMAL 0 [PRESSURE DATA]
TOTAL FM JAN 1 1632 HIGHEST SLP 30.56 ON 2
DPTR FM NORMAL 73 LOWEST SLP 29.72 ON 22
[REMARKS]
#FINAL-11-23#