210
CXUS55 KGJT 011644
CF6RIL
PRELIMINARY LOCAL CLIMATOLOGICAL DATA (WS FORM: F-6)
STATION: RIFLE CO
MONTH: JUNE
YEAR: 2020
LATITUDE: 39 31 N
LONGITUDE: 107 43 W
TEMPERATURE IN F: :PCPN: SNOW: WIND :SUNSHINE: SKY :PK WND
================================================================================
1 2 3 4 5 6A 6B 7 8 9 10 11 12 13 14 15 16 17 18
12Z AVG MX 2MIN
DY MAX MIN AVG DEP HDD CDD WTR SNW DPTH SPD SPD DIR MIN PSBL S-S WX SPD DR
================================================================================
1 93 52 73 12 0 8 0.00 M M 6.7 24 280 M M 0 35 280
2 93 52 73 11 0 8 0.00 M M 4.6 15 320 M M 0 22 310
3 92 49 71 9 0 6 0.00 M M 5.5 26 320 M M 0 3 44 300
4 91 50 71 9 0 6 0.00 M M 6.2 31 300 M M 0 56 290
5 98 52 75 12 0 10 T M M 8.8 33 220 M M 1 3 50 190
6 82 52 67 4 0 2 0.02 M M 8.6 46 170 M M 5 3 63 170
7 83 50 67 4 0 2 0.00 M M 13.2 33 190 M M 3 51 230
8 74 40 57 -7 8 0 0.01 M M 11.6 37 320 M M 4 51 310
9 68 42 55 -9 10 0 0.00 M M 7.0 18 320 M M 5 25 240
10 79 39 59 -5 6 0 0.00 M M 3.7 16 300 M M 0 22 310
11 86 43 65 0 0 0 0.00 M M 5.9 23 280 M M 0 31 280
12 95 45 70 5 0 5 0.00 M M 5.8 30 200 M M 0 44 190
13 89 63 76 10 0 11 T M M 13.8 33 220 M M 1 3 55 220
14 89 56 73 7 0 8 0.00 M M 11.2 30 250 M M 0 42 240
15 91 45 68 2 0 3 0.00 M M 7.4 26 200 M M 0 39 200
16 91 60 76 10 0 11 0.00 M M 15.2 36 220 M M 0 52 220
17 88 58 73 6 0 8 0.00 M M 15.8 28 260 M M 0 38 320
18 82 53 68 1 0 3 0.00 M M 8.7 25 270 M M 2 34 260
19 83 54 69 2 0 4 0.00 M M 8.2 21 280 M M 2 30 280
20 87 43 65 -3 0 0 0.00 M M 6.1 24 260 M M 0 30 270
21 89 51 70 2 0 5 T M M 7.5 24 360 M M 1 40 340
22 91 55 73 5 0 8 0.00 M M 6.5 16 320 M M 1 24 360
23 94 52 73 4 0 8 0.00 M M 4.6 16 260 M M 0 20 260
24 96 56 76 7 0 11 0.00 M M 6.4 26 250 M M 0 31 260
25 94 55 75 6 0 10 T M M 7.8 29 320 M M 1 3 45 340
26 91 52 72 2 0 7 T M M 7.3 44 310 M M 0 38 58 320
27 92 48 70 0 0 5 T M M 8.5 26 100 M M 1 3 45 290
28 92 57 75 5 0 10 0.00 M M 10.7 30 190 M M 1 44 190
29 87 56 72 2 0 7 0.00 M M 18.2 31 320 M M 2 45 200
30 77 45 61 -10 4 0 0.06 M M 9.9 28 320 M M 3 1 37 310
================================================================================
SM 2637 1525 28 166 0.09 M 261.4 M 33
================================================================================
AV 87.9 50.8 8.7 FASTST M M 1 MAX(MPH)
MISC ----> # 46 170 # 63 170
================================================================================
NOTES:
# LAST OF SEVERAL OCCURRENCES
COLUMN 17 PEAK WIND IN M.P.H.
PRELIMINARY LOCAL CLIMATOLOGICAL DATA (WS FORM: F-6) , PAGE 2
STATION: RIFLE CO
MONTH: JUNE
YEAR: 2020
LATITUDE: 39 31 N
LONGITUDE: 107 43 W
[TEMPERATURE DATA] [PRECIPITATION DATA] SYMBOLS USED IN COLUMN 16
AVERAGE MONTHLY: 69.4 TOTAL FOR MONTH: 0.09 1 = FOG OR MIST
DPTR FM NORMAL: 3.2 DPTR FM NORMAL: -0.93 2 = FOG REDUCING VISIBILITY
HIGHEST: 98 ON 5 GRTST 24HR 0.06 ON 30-30 TO 1/4 MILE OR LESS
LOWEST: 39 ON 10 3 = THUNDER
SNOW, ICE PELLETS, HAIL 4 = ICE PELLETS
TOTAL MONTH: M 5 = HAIL
GRTST 24HR M ON M 6 = FREEZING RAIN OR DRIZZLE
GRTST DEPTH: M ON M 7 = DUSTSTORM OR SANDSTORM:
VSBY 1/2 MILE OR LESS
8 = SMOKE OR HAZE
[NO. OF DAYS WITH] [WEATHER - DAYS WITH] 9 = BLOWING SNOW
X = TORNADO
MAX 32 OR BELOW: 0 0.01 INCH OR MORE: 3
MAX 90 OR ABOVE: 15 0.10 INCH OR MORE: 0
MIN 32 OR BELOW: 0 0.50 INCH OR MORE: 0
MIN 0 OR BELOW: 0 1.00 INCH OR MORE: 0
[HDD (BASE 65) ]
TOTAL THIS MO. 28 CLEAR (SCALE 0-3) 27
DPTR FM NORMAL -31 PTCLDY (SCALE 4-7) 3
TOTAL FM JUL 1 6432 CLOUDY (SCALE 8-10) 0
DPTR FM NORMAL -193
[CDD (BASE 65) ]
TOTAL THIS MO. 166
DPTR FM NORMAL 71 [PRESSURE DATA]
TOTAL FM JAN 1 209 HIGHEST SLP 30.27 ON 10
DPTR FM NORMAL 107 LOWEST SLP 29.32 ON 28
[REMARKS]
#FINAL-06-20#