000
CXUS56 KSGX 011045
CF6RIV
PRELIMINARY LOCAL CLIMATOLOGICAL DATA (WS FORM: F-6)
STATION: RIVERSIDE/MARCH ARB CA
MONTH: AUGUST
YEAR: 2021
LATITUDE: 33 53 N
LONGITUDE: 117-15 E
TEMPERATURE IN F: :PCPN: SNOW: WIND :SUNSHINE: SKY :PK WND
================================================================================
1 2 3 4 5 6A 6B 7 8 9 10 11 12 13 14 15 16 17 18
12Z AVG MX 2MIN
DY MAX MIN AVG DEP HDD CDD WTR SNW DPTH SPD SPD DIR MIN PSBL S-S WX SPD DR
================================================================================
1 99 62 81 M 0 16 0.00 M M 5.9 17 320 M M 0 8 21 320
2 103 61 82 M 0 17 0.00 M M 5.3 20 330 M M 0 24 330
3 103 62 83 M 0 18 0.00 M M 4.6 15 310 M M 0 M M
4 102 64 83 M 0 18 0.00 M M 5.8 15 310 M M 0 M M
5 101 66 84 M 0 19 0.00 M M 5.2 15 330 M M 0 20 310
6 96 63 80 M 0 15 0.00 M M 5.4 14 320 M M 0 M M
7 96 57 77 M 0 12 0.00 M M 5.0 14 320 M M 0 M M
8 94 58 76 M 0 11 0.00 M M 5.5 13 310 M M 0 17 330
9 95 61 78 M 0 13 0.00 M M 4.9 15 310 M M 0 M M
10 85 65 75 M 0 10 0.00 M M 0.4 4 340 M M 0 M M
11 97 70 84 M 0 19 0.00 M M 5.7 17 320 M M 3 M M
12 97 64 81 M 0 16 0.00 M M 5.0 16 310 M M 1 18 330
13 95 63 79 M 0 14 0.00 M M 4.2 14 320 M M 0 20 320
14 96 66 81 M 0 16 0.00 M M 3.3 10 320 M M 1 M M
15 100 67 84 M 0 19 0.00 M M 5.3 15 310 M M 1 17 310
16 99 67 83 M 0 18 0.00 M M 5.0 17 320 M M 0 M M
17 91 67 79 M 0 14 0.00 M M 5.9 15 310 M M 0 M M
18 78 65 72 M 0 7 0.00 M M 7.0 10 150 M M 8 18 160
19 86 58 72 M 0 7 0.00 M M 5.8 14 300 M M 2 20 310
20 86 61 74 M 0 9 0.00 M M 7.0 15 310 M M 2 M M
21 77 63 70 M 0 5 0.00 M M 6.1 14 300 M M 5 M M
22 82 63 73 M 0 8 0.00 M M 7.3 13 310 M M 4 M M
23 86 61 74 M 0 9 0.00 M M 5.1 12 300 M M 1 M M
24 91 61 76 M 0 11 0.00 M M 4.6 13 320 M M 1 M M
25 99 66 83 M 0 18 0.00 M M 5.7 16 310 M M 2 20 310
26 102 72 87 M 0 22 0.00 M M 5.2 20 310 M M 1 18 280
27 102 70 86 M 0 21 0.00 M M 5.5 14 300 M M 0 20 310
28 102 70 86 M 0 21 0.00 M M 5.5 16 310 M M 2 17 310
29 100 72 86 M 0 21 0.00 M M 5.9 14 310 M M 5 M M
30 93 70 82 M 0 17 0.00 M M 6.5 17 310 M M 6 21 300
31 86 66 76 M 0 11 0.00 M M 6.8 15 310 M M 6 M M
================================================================================
SM 2919 2001 0 452 0.00 M 166.2 M 51
================================================================================
AV 94.2 64.5 5.4 FASTST M M 2 MAX(MPH)
MISC ----> 20 310 24 330
================================================================================
NOTES:
# LAST OF SEVERAL OCCURRENCES
COLUMN 17 PEAK WIND IN M.P.H.
PRELIMINARY LOCAL CLIMATOLOGICAL DATA (WS FORM: F-6) , PAGE 2
STATION: RIVERSIDE/MARCH ARB CA
MONTH: AUGUST
YEAR: 2021
LATITUDE: 33 53 N
LONGITUDE: 117-15 E
[TEMPERATURE DATA] [PRECIPITATION DATA] SYMBOLS USED IN COLUMN 16
AVERAGE MONTHLY: 79.4 TOTAL FOR MONTH: 0.00 1 = FOG OR MIST
DPTR FM NORMAL: 0.0 DPTR FM NORMAL: M 2 = FOG REDUCING VISIBILITY
HIGHEST: 103 ON 3, 2 GRTST 24HR 0.00 ON 1- 1 TO 1/4 MILE OR LESS
LOWEST: 57 ON 7 3 = THUNDER
SNOW, ICE PELLETS, HAIL 4 = ICE PELLETS
TOTAL MONTH: M 5 = HAIL
GRTST 24HR M ON M 6 = FREEZING RAIN OR DRIZZLE
GRTST DEPTH: M ON M 7 = DUSTSTORM OR SANDSTORM:
VSBY 1/2 MILE OR LESS
8 = SMOKE OR HAZE
[NO. OF DAYS WITH] [WEATHER - DAYS WITH] 9 = BLOWING SNOW
X = TORNADO
MAX 32 OR BELOW: 0 0.01 INCH OR MORE: 0
MAX 90 OR ABOVE: 23 0.10 INCH OR MORE: 0
MIN 32 OR BELOW: 0 0.50 INCH OR MORE: 0
MIN 0 OR BELOW: 0 1.00 INCH OR MORE: 0
[HDD (BASE 65) ]
TOTAL THIS MO. 0 CLEAR (SCALE 0-3) 24
DPTR FM NORMAL M PTCLDY (SCALE 4-7) 6
TOTAL FM JUL 1 0 CLOUDY (SCALE 8-10) 1
DPTR FM NORMAL M
[CDD (BASE 65) ]
TOTAL THIS MO. 452
DPTR FM NORMAL M [PRESSURE DATA]
TOTAL FM JAN 1 1311 HIGHEST SLP M ON M
DPTR FM NORMAL M LOWEST SLP M ON M
[REMARKS]
#FINAL-08-21#