000
CXUS56 KSGX 011046
CF6RIV
PRELIMINARY LOCAL CLIMATOLOGICAL DATA (WS FORM: F-6)
STATION: RIVERSIDE/MARCH ARB CA
MONTH: JULY
YEAR: 2023
LATITUDE: 33 53 N
LONGITUDE: 117-15 E
TEMPERATURE IN F: :PCPN: SNOW: WIND :SUNSHINE: SKY :PK WND
================================================================================
1 2 3 4 5 6A 6B 7 8 9 10 11 12 13 14 15 16 17 18
12Z AVG MX 2MIN
DY MAX MIN AVG DEP HDD CDD WTR SNW DPTH SPD SPD DIR MIN PSBL S-S WX SPD DR
================================================================================
1 99 59 79 3 0 14 0.00 M M 4.9 14 320 M M 0 M M
2 98 59 79 3 0 14 0.00 M M 4.1 14 320 M M 0 M M
3 97 61 79 3 0 14 0.00 M M 5.0 15 320 M M 0 22 320
4 93 59 76 0 0 11 0.00 M M 5.4 14 330 M M 0 21 300
5 92 54 73 -4 0 8 0.00 M M 3.5 13 310 M M 0 20 310
6 88 52 70 -7 0 5 0.00 M M 4.0 15 300 M M 0 21 300
7 87 54 71 -6 0 6 0.00 M M 3.9 12 300 M M 2 1 M M
8 88 55 72 -5 0 7 0.00 M M 4.2 14 310 M M 0 1 17 310
9 88 54 71 -6 0 6 0.00 M M 4.3 14 320 M M 0 20 320
10 97 53 75 -3 0 10 0.00 M M 4.0 12 300 M M 0 M M
11 99 59 79 1 0 14 0.00 M M 2.1 9 150 M M 0 M M
12 98 65 82 4 0 17 0.00 M M 4.4 15 300 M M 0 M M
13 97 67 82 4 0 17 T M M 5.4 16 300 M M 0 18 320
14 100 59 80 2 0 15 0.00 M M 3.5 12 320 M M 0 M M
15 103 64 84 6 0 19 0.00 M M 4.7 14 300 M M 0 M M
16 102 66 84 6 0 19 0.00 M M 5.4 14 310 M M 0 M M
17 100 71 86 8 0 21 0.00 M M 4.6 13 310 M M 0 M M
18 100 68 84 6 0 19 0.00 M M 5.8 15 320 M M 0 22 310
19 100 68 84 6 0 19 0.00 M M 4.9 14 300 M M 0 20 300
20 101 68 85 7 0 20 0.00 M M 4.7 16 330 M M 0 17 330
21 100 64 82 3 0 17 0.00 M M 4.5 15 330 M M 0 M M
22 100 66 83 4 0 18 0.00 M M 4.0 15 290 M M 1 M M
23 94 66 80 1 0 15 0.00 M M 3.8 8 300 M M 4 8 M M
24 103 66 85 6 0 20 0.00 M M 4.7 14 320 M M 0 21 310
25 104 69 87 8 0 22 0.00 M M 4.7 15 320 M M 0 M M
26 103 71 87 8 0 22 0.00 M M 5.0 15 320 M M 0 18 300
27 103 66 85 6 0 20 0.00 M M 5.3 15 320 M M 0 M M
28 102 66 84 5 0 19 0.00 M M 5.1 17 300 M M 1 M M
29 103 69 86 7 0 21 0.00 M M 4.9 15 320 M M 1 M M
30 98 69 84 5 0 19 0.00 M M 4.5 13 310 M M 0 M M
31 95 72 84 6 0 19 0.00 M M 5.1 21 110 M M 5 78 30 110
================================================================================
SM 3032 1959 0 487 T M 140.4 M 14
================================================================================
AV 97.8 63.2 4.5 FASTST M M 0 MAX(MPH)
MISC ----> 21 110 30 110
================================================================================
NOTES:
# LAST OF SEVERAL OCCURRENCES
COLUMN 17 PEAK WIND IN M.P.H.
PRELIMINARY LOCAL CLIMATOLOGICAL DATA (WS FORM: F-6) , PAGE 2
STATION: RIVERSIDE/MARCH ARB CA
MONTH: JULY
YEAR: 2023
LATITUDE: 33 53 N
LONGITUDE: 117-15 E
[TEMPERATURE DATA] [PRECIPITATION DATA] SYMBOLS USED IN COLUMN 16
AVERAGE MONTHLY: 80.5 TOTAL FOR MONTH: T 1 = FOG OR MIST
DPTR FM NORMAL: 2.6 DPTR FM NORMAL: -0.13 2 = FOG REDUCING VISIBILITY
HIGHEST: 104 ON 25 GRTST 24HR T ON 13-13 TO 1/4 MILE OR LESS
LOWEST: 52 ON 6 3 = THUNDER
SNOW, ICE PELLETS, HAIL 4 = ICE PELLETS
TOTAL MONTH: M 5 = HAIL
GRTST 24HR M ON M 6 = FREEZING RAIN OR DRIZZLE
GRTST DEPTH: M ON M 7 = DUSTSTORM OR SANDSTORM:
VSBY 1/2 MILE OR LESS
8 = SMOKE OR HAZE
[NO. OF DAYS WITH] [WEATHER - DAYS WITH] 9 = BLOWING SNOW
X = TORNADO
MAX 32 OR BELOW: 0 0.01 INCH OR MORE: 0
MAX 90 OR ABOVE: 27 0.10 INCH OR MORE: 0
MIN 32 OR BELOW: 0 0.50 INCH OR MORE: 0
MIN 0 OR BELOW: 0 1.00 INCH OR MORE: 0
[HDD (BASE 65) ]
TOTAL THIS MO. 0 CLEAR (SCALE 0-3) 29
DPTR FM NORMAL 0 PTCLDY (SCALE 4-7) 2
TOTAL FM JUL 1 0 CLOUDY (SCALE 8-10) 0
DPTR FM NORMAL 0
[CDD (BASE 65) ]
TOTAL THIS MO. 487
DPTR FM NORMAL 89 [PRESSURE DATA]
TOTAL FM JAN 1 618 HIGHEST SLP M ON M
DPTR FM NORMAL -62 LOWEST SLP M ON M
[REMARKS]
#FINAL-07-23#