000
CXUS55 KRIW 100457
CF6RIW
PRELIMINARY LOCAL CLIMATOLOGICAL DATA (WS FORM: F-6)
STATION: RIVERTON WY
MONTH: MAY
YEAR: 2022
LATITUDE: 43 2 N
LONGITUDE: 108 27 W
TEMPERATURE IN F: :PCPN: SNOW: WIND :SUNSHINE: SKY :PK WND
================================================================================
1 2 3 4 5 6A 6B 7 8 9 10 11 12 13 14 15 16 17 18
12Z AVG MX 2MIN
DY MAX MIN AVG DEP HDD CDD WTR SNW DPTH SPD SPD DIR MIN PSBL S-S WX SPD DR
================================================================================
1 56 37 47 -1 18 0 0.21 0.0 0 10.3 22 60 M M 7 1 36 80
2 60 39 50 2 15 0 0.11 0.0 0 5.9 17 70 M M 8 1 26 50
3 56 35 46 -2 19 0 0.79 0.0 0 9.7 23 10 M M 4 1 30 280
4 55 38 47 -2 18 0 0.43 0.0 0 7.5 20 10 M M 7 1 24 360
5 68 36 52 3 13 0 0.00 0.0 0 5.6 15 260 M M 0 1 22 260
6 71 45 58 9 7 0 0.00 0.0 0 11.4 24 310 M M 0 33 320
7 64 39 52 2 13 0 0.00 0.0 0 15.6 36 260 M M 0 44 250
8 55 32 44 -6 21 0 0.00 0.0 0 11.4 28 250 M M 2 36 250
9 50 33 42 -9 23 0 0.00 0.0 0 15.4 36 230 M M 2 46 200
10 62 27 45 -6 20 0 0.00 0.0 0 9.4 24 190 M M 3 33 190
11 67 42 55 4 10 0 0.05 0.0 0 11.7 30 20 M M 4 40 10
12 50 36 43 -9 22 0 0.20 0.0 0 9.9 28 280 M M 8 13 35 300
13 62 32 47 -5 18 0 0.00 0.0 0 12.4 32 270 M M 0 44 260
14 69 39 54 2 11 0 0.00 0.0 0 9.7 31 280 M M 1 43 280
15 72 40 56 3 9 0 0.00 0.0 0 5.4 10 40 M M 0 15 60
16 78 42 60 7 5 0 T 0.0 0 8.1 25 350 M M 1 35 360
17 74 47 61 7 4 0 0.00 0.0 0 7.8 23 350 M M 1 3 30 10
18 77 47 62 8 3 0 0.00 0.0 0 11.5 29 240 M M 1 41 210
19 66 37 52 -2 13 0 0.00 0.0 0 17.2 37 270 M M 5 50 280
20 45 30 38 -17 27 0 0.02 T 0 16.5 33 20 M M 6 18 45 20
21 52 34 43 -12 22 0 0.00 0.0 0 6.7 14 40 M M 7 19 60
22 56 24 40 -16 25 0 T 0.0 0 5.8 21 350 M M 2 27 350
23 59 38 49 -7 16 0 0.01 0.0 0 8.7 18 210 M M 8 25 210
24 60 38 49 -7 16 0 T 0.0 0 7.0 30 330 M M 5 41 320
25 74 34 54 -2 11 0 0.00 0.0 0 8.4 21 320 M M 1 28 290
26 82 49 66 9 0 1 0.00 0.0 0 10.4 21 310 M M 0 27 240
27 80 52 66 9 0 1 0.00 0.0 0 11.8 28 260 M M 1 37 250
28 66 47 57 -1 8 0 T 0.0 0 10.7 25 320 M M 4 35 310
29 67 41 54 -4 11 0 0.00 0.0 0 10.5 25 310 M M 1 36 250
30 47 40 44 -14 21 0 0.79 0.0 0 10.8 18 310 M M 10 1 24 310
31 52 40 46 -12 19 0 0.48 0.0 0 6.9 20 20 M M 10 1 28 20
================================================================================
SM 1952 1190 438 2 3.09 T 310.1 M 109
================================================================================
AV 63.0 38.4 10.0 FASTST M M 4 MAX(MPH)
MISC ----> 37 270 50 280
================================================================================
NOTES:
# LAST OF SEVERAL OCCURRENCES
COLUMN 17 PEAK WIND IN M.P.H.
PRELIMINARY LOCAL CLIMATOLOGICAL DATA (WS FORM: F-6) , PAGE 2
STATION: RIVERTON WY
MONTH: MAY
YEAR: 2022
LATITUDE: 43 2 N
LONGITUDE: 108 27 W
[TEMPERATURE DATA] [PRECIPITATION DATA] SYMBOLS USED IN COLUMN 16
AVERAGE MONTHLY: 50.7 TOTAL FOR MONTH: 3.09 1 = FOG OR MIST
DPTR FM NORMAL: -2.5 DPTR FM NORMAL: 1.17 2 = FOG REDUCING VISIBILITY
HIGHEST: 82 ON 26 GRTST 24HR 1.22 ON 3- 4 TO 1/4 MILE OR LESS
LOWEST: 24 ON 22 3 = THUNDER
SNOW, ICE PELLETS, HAIL 4 = ICE PELLETS
TOTAL MONTH: T 5 = HAIL
GRTST 24HR T ON 20-20 6 = FREEZING RAIN OR DRIZZLE
GRTST DEPTH: 0 7 = DUSTSTORM OR SANDSTORM:
VSBY 1/2 MILE OR LESS
8 = SMOKE OR HAZE
[NO. OF DAYS WITH] [WEATHER - DAYS WITH] 9 = BLOWING SNOW
X = TORNADO
MAX 32 OR BELOW: 0 0.01 INCH OR MORE: 10
MAX 90 OR ABOVE: 0 0.10 INCH OR MORE: 7
MIN 32 OR BELOW: 5 0.50 INCH OR MORE: 2
MIN 0 OR BELOW: 0 1.00 INCH OR MORE: 0
[HDD (BASE 65) ]
TOTAL THIS MO. 438 CLEAR (SCALE 0-3) 17
DPTR FM NORMAL 63 PTCLDY (SCALE 4-7) 11
TOTAL FM JUL 1 7167 CLOUDY (SCALE 8-10) 3
DPTR FM NORMAL -645
[CDD (BASE 65) ]
TOTAL THIS MO. 2
DPTR FM NORMAL -6 [PRESSURE DATA]
TOTAL FM JAN 1 2 HIGHEST SLP 30.29 ON 31
DPTR FM NORMAL -6 LOWEST SLP 29.35 ON 29
[REMARKS]
#FINAL-05-22#