000
CXUS54 KCRP 011210
CF6RKP
PRELIMINARY LOCAL CLIMATOLOGICAL DATA (WS FORM: F-6)
STATION: ROCKPORT
MONTH: AUGUST
YEAR: 2022
LATITUDE: 28 4 N
LONGITUDE: 97 3 W
TEMPERATURE IN F: :PCPN: SNOW: WIND :SUNSHINE: SKY :PK WND
================================================================================
1 2 3 4 5 6A 6B 7 8 9 10 11 12 13 14 15 16 17 18
12Z AVG MX 2MIN
DY MAX MIN AVG DEP HDD CDD WTR SNW DPTH SPD SPD DIR MIN PSBL S-S WX SPD DR
================================================================================
1 93 79 86 0 0 21 T 0.0 0 10.2 18 140 M M 2 26 150
2 95 84 90 4 0 25 0.00 0.0 0 12.6 22 140 M M 2 32 150
3 94 84 89 3 0 24 0.00 0.0 0 15.3 21 150 M M 2 33 150
4 95 83 89 3 0 24 0.00 0.0 0 13.3 22 150 M M 2 34 160
5 94 82 88 2 0 23 0.00 0.0 0 9.9 18 130 M M 2 24 120
6 94 82 88 2 0 23 0.00 0.0 0 9.9 20 120 M M 2 27 120
7 94 83 89 3 0 24 0.00 0.0 0 11.5 18 130 M M 1 25 130
8 94 81 88 2 0 23 0.00 0.0 0 10.2 16 130 M M 1 22 130
9 94 80 87 1 0 22 0.00 0.0 0 8.8 16 140 M M 1 22 130
10 96 79 88 2 0 23 T 0.0 0 8.3 25 30 M M 2 3 34 20
11 94 79 87 1 0 22 0.00 0.0 0 6.8 15 130 M M 1 20 180
12 96 79 88 2 0 23 0.00 0.0 0 6.4 18 110 M M 1 3 23 110
13 93 79 86 0 0 21 0.01 0.0 0 7.4 15 90 M M 4 20 90
14 83 76 80 -6 0 15 2.61 0.0 0 13.2 24 130 M M 8 138 38 130
15 93 80 87 1 0 22 0.04 0.0 0 11.9 17 120 M M 2 13 24 140
16 93 83 88 2 0 23 M 0.0 0 10.2 15 140 M M 0 17 150
17 94 79 87 1 0 22 0.00 0.0 0 8.2 17 150 M M 1 24 140
18 95 79 87 1 0 22 0.00 0.0 0 7.7 17 140 M M 1 24 140
19 93 82 88 2 0 23 0.00 0.0 0 8.9 18 140 M M 2 24 140
20 94 83 89 3 0 24 0.01 0.0 0 11.9 21 140 M M 2 26 130
21 93 78 86 0 0 21 0.12 0.0 0 11.1 20 150 M M 4 13 29 140
22 93 79 86 0 0 21 0.00 0.0 0 11.4 23 350 M M 3 30 340
23 92 79 86 0 0 21 T 0.0 0 6.2 13 140 M M 2 16 170
24 93 81 87 1 0 22 0.00 0.0 0 6.3 12 110 M M 2 16 110
25 87 76 82 -3 0 17 1.88 0.0 0 2.7 17 70 M M 5 13 23 70
26 91 77 84 -1 0 19 0.00 0.0 0 7.6 15 140 M M 1 20 130
27 93 78 86 1 0 21 0.24 0.0 0 9.2 17 140 M M 2 1 23 140
28 94 82 88 3 0 23 0.00 0.0 M 10.4 17 130 M M 1 24 120
29 92 78 85 0 0 20 1.98 0.0 M 8.5 18 140 M M 4 13 25 140
30 91 84 88 3 0 23 0.05 0.0 0 9.8 16 140 M M 1 24 140
31 93 80 87 2 0 22 0.24 0.0 0 8.7 14 130 M M 1 13 19 120
================================================================================
SM 2883 2488 0 679 7.18 0.0 294.5 M 65
================================================================================
AV 93.0 80.3 9.5 FASTST M M 2 MAX(MPH)
MISC ----> 25 30 38 130
================================================================================
NOTES:
# LAST OF SEVERAL OCCURRENCES
COLUMN 17 PEAK WIND IN M.P.H.
PRELIMINARY LOCAL CLIMATOLOGICAL DATA (WS FORM: F-6) , PAGE 2
STATION: ROCKPORT
MONTH: AUGUST
YEAR: 2022
LATITUDE: 28 4 N
LONGITUDE: 97 3 W
[TEMPERATURE DATA] [PRECIPITATION DATA] SYMBOLS USED IN COLUMN 16
AVERAGE MONTHLY: 86.6 TOTAL FOR MONTH: 7.18 1 = FOG OR MIST
DPTR FM NORMAL: 0.8 DPTR FM NORMAL: 5.68 2 = FOG REDUCING VISIBILITY
HIGHEST: 96 ON 12,10 GRTST 24HR 2.65 ON 14-15 TO 1/4 MILE OR LESS
LOWEST: 76 ON 25,14 3 = THUNDER
SNOW, ICE PELLETS, HAIL 4 = ICE PELLETS
TOTAL MONTH: 0.0 INCH 5 = HAIL
GRTST 24HR 0.0 6 = FREEZING RAIN OR DRIZZLE
GRTST DEPTH: 0 7 = DUSTSTORM OR SANDSTORM:
VSBY 1/2 MILE OR LESS
8 = SMOKE OR HAZE
[NO. OF DAYS WITH] [WEATHER - DAYS WITH] 9 = BLOWING SNOW
X = TORNADO
MAX 32 OR BELOW: 0 0.01 INCH OR MORE: 10
MAX 90 OR ABOVE: 29 0.10 INCH OR MORE: 6
MIN 32 OR BELOW: 0 0.50 INCH OR MORE: 3
MIN 0 OR BELOW: 0 1.00 INCH OR MORE: 3
[HDD (BASE 65) ]
TOTAL THIS MO. 0 CLEAR (SCALE 0-3) 26
DPTR FM NORMAL 0 PTCLDY (SCALE 4-7) 4
TOTAL FM JUL 1 0 CLOUDY (SCALE 8-10) 1
DPTR FM NORMAL 0
[CDD (BASE 65) ]
TOTAL THIS MO. 679
DPTR FM NORMAL 34 [PRESSURE DATA]
TOTAL FM JAN 1 3118 HIGHEST SLP 30.10 ON 7
DPTR FM NORMAL 382 LOWEST SLP 29.77 ON 28
[REMARKS]
#FINAL-08-22#