000
CXUS52 KFFC 011010
CF6RMG
PRELIMINARY LOCAL CLIMATOLOGICAL DATA (WS FORM: F-6)
STATION: ROME
MONTH: JULY
YEAR: 2022
LATITUDE: 34 20 N
LONGITUDE: 85 10 W
TEMPERATURE IN F: :PCPN: SNOW: WIND :SUNSHINE: SKY :PK WND
================================================================================
1 2 3 4 5 6A 6B 7 8 9 10 11 12 13 14 15 16 17 18
12Z AVG MX 2MIN
DY MAX MIN AVG DEP HDD CDD WTR SNW DPTH SPD SPD DIR MIN PSBL S-S WX SPD DR
================================================================================
1 89 73 81 2 0 16 0.04 M M 3.1 16 90 M M 3 3 22 270
2 94 71 83 3 0 18 0.05 M M 2.7 18 30 M M 2 1 22 20
3 92 73 83 3 0 18 0.06 M M 2.1 16 290 M M 1 138 27 290
4 96 73 85 5 0 20 0.00 M M 2.9 15 270 M M 3 13 18 280
5 96 75 86 6 0 21 0.00 M M 3.5 14 10 M M 2 38 19 140
6 99 74 87 7 0 22 T M M 2.9 15 270 M M 1 8 21 270
7 98 75 87 7 0 22 0.74 M M 3.7 40 300 M M 2 3 64 300
8 99 74 87 7 0 22 0.01 M M 3.8 22 30 M M 2 3 30 320
9 93 73 83 3 0 18 0.17 M M 2.7 15 220 M M 5 18 25 220
10 90 71 81 1 0 16 0.15 M M 3.4 16 330 M M 6 18 21 330
11 87 73 80 0 0 15 0.00 M M 4.5 10 160 M M 7 18 14 110
12 93 71 82 2 0 17 0.00 M M 1.9 8 170 M M 4 13 180
13 92 73 83 3 0 18 0.00 M M 3.6 14 320 M M 2 3 19 290
14 93 70 82 2 0 17 0.00 M M 4.1 14 350 M M 1 20 10
15 96 67 82 2 0 17 0.00 M M 3.1 15 30 M M 1 1 19 30
16 96 70 83 3 0 18 0.00 M M 2.5 14 120 M M 1 3 19 110
17 95 70 83 3 0 18 0.00 M M 4.2 14 250 M M 1 21 240
18 93 71 82 2 0 17 0.10 0.0 M 4.2 18 270 M M 3 138 28 270
19 89 71 80 0 0 15 0.36 0.0 M 4.4 13 150 M M 7 13 17 150
20 94 74 84 4 0 19 0.03 0.0 M 5.2 14 230 M M 4 1 22 210
21 88 71 80 -1 0 15 0.31 M M 5.1 22 70 M M 4 13 32 40
22 92 72 82 1 0 17 0.00 M M 3.7 12 170 M M 1 3 15 190
23 95 70 83 2 0 18 0.00 M M 2.8 16 200 M M 1 24 210
24 95 72 84 3 0 19 0.03 M M 3.2 12 210 M M 2 3 20 280
25 90 75 83 2 0 18 0.08 M M 3.3 17 310 M M 2 3 23 330
26 93 74 84 3 0 19 0.00 M M 4.7 14 230 M M 1 1 21 270
27 94 74 84 3 0 19 0.00 M M 4.6 15 260 M M 0 8 24 270
28 97 73 85 4 0 20 0.00 M M 4.8 15 220 M M 1 8 23 220
29 93 74 84 3 0 19 0.79 M M 5.3 18 310 M M 3 138 24 320
30 91 74 83 3 0 18 0.32 M M 1.7 21 160 M M 7 138 27 170
31 88 74 81 1 0 16 0.05 M M 4.2 14 260 M M 6 13 24 240
================================================================================
SM 2890 2245 0 562 3.29 0.0 111.9 M 86
================================================================================
AV 93.2 72.4 3.6 FASTST M M 3 MAX(MPH)
MISC ----> 40 300 64 300
================================================================================
NOTES:
# LAST OF SEVERAL OCCURRENCES
COLUMN 17 PEAK WIND IN M.P.H.
PRELIMINARY LOCAL CLIMATOLOGICAL DATA (WS FORM: F-6) , PAGE 2
STATION: ROME
MONTH: JULY
YEAR: 2022
LATITUDE: 34 20 N
LONGITUDE: 85 10 W
[TEMPERATURE DATA] [PRECIPITATION DATA] SYMBOLS USED IN COLUMN 16
AVERAGE MONTHLY: 82.8 TOTAL FOR MONTH: 3.29 1 = FOG OR MIST
DPTR FM NORMAL: 2.6 DPTR FM NORMAL: -0.45 2 = FOG REDUCING VISIBILITY
HIGHEST: 99 ON 8, 6 GRTST 24HR 1.11 ON 29-30 TO 1/4 MILE OR LESS
LOWEST: 67 ON 15 3 = THUNDER
SNOW, ICE PELLETS, HAIL 4 = ICE PELLETS
TOTAL MONTH: 0.0 INCH 5 = HAIL
GRTST 24HR 0.0 6 = FREEZING RAIN OR DRIZZLE
GRTST DEPTH: M ON M 7 = DUSTSTORM OR SANDSTORM:
VSBY 1/2 MILE OR LESS
8 = SMOKE OR HAZE
[NO. OF DAYS WITH] [WEATHER - DAYS WITH] 9 = BLOWING SNOW
X = TORNADO
MAX 32 OR BELOW: 0 0.01 INCH OR MORE: 16
MAX 90 OR ABOVE: 26 0.10 INCH OR MORE: 8
MIN 32 OR BELOW: 0 0.50 INCH OR MORE: 2
MIN 0 OR BELOW: 0 1.00 INCH OR MORE: 0
[HDD (BASE 65) ]
TOTAL THIS MO. 0 CLEAR (SCALE 0-3) 20
DPTR FM NORMAL 0 PTCLDY (SCALE 4-7) 11
TOTAL FM JUL 1 0 CLOUDY (SCALE 8-10) 0
DPTR FM NORMAL 0
[CDD (BASE 65) ]
TOTAL THIS MO. 562
DPTR FM NORMAL 89 [PRESSURE DATA]
TOTAL FM JAN 1 1334 HIGHEST SLP 30.19 ON 31
DPTR FM NORMAL 281 LOWEST SLP 29.81 ON 21
[REMARKS]
#FINAL-07-22#