581
CXUS52 KFFC 011110
CF6RMG
PRELIMINARY LOCAL CLIMATOLOGICAL DATA (WS FORM: F-6)
STATION: ROME
MONTH: JANUARY
YEAR: 2021
LATITUDE: 34 20 N
LONGITUDE: 85 10 W
TEMPERATURE IN F: :PCPN: SNOW: WIND :SUNSHINE: SKY :PK WND
================================================================================
1 2 3 4 5 6A 6B 7 8 9 10 11 12 13 14 15 16 17 18
12Z AVG MX 2MIN
DY MAX MIN AVG DEP HDD CDD WTR SNW DPTH SPD SPD DIR MIN PSBL S-S WX SPD DR
================================================================================
1 69 57 63 22 2 0 0.42 M M 7.3 16 150 M M 7 12 24 150
2 67 43 55 14 10 0 T M M 2.9 9 270 M M 5 12 17 240
3 50 32 41 0 24 0 0.00 M M 5.8 16 270 M M 6 24 270
4 58 27 43 2 22 0 0.00 M M 1.2 10 240 M M 2 1 15 240
5 58 36 47 6 18 0 0.00 M M 4.3 15 300 M M 3 12 20 320
6 54 28 41 0 24 0 0.00 M M 2.3 9 80 M M 0 12 10
7 47 31 39 -2 26 0 0.36 M M 4.7 17 110 M M 5 1 26 100
8 43 38 41 0 24 0 0.04 M M 6.6 16 340 M M 10 1 24 350
9 38 34 36 -5 29 0 0.00 M M 8.8 15 340 M M 10 21 340
10 49 25 37 -4 28 0 0.00 M M 3.2 17 20 M M 2 8 20 20
11 45 38 42 1 23 0 0.24 M M 3.1 9 20 M M 9 1 13 60
12 45 29 37 -4 28 0 0.00 0.0 M 3.6 12 10 M M 7 1 15 320
13 44 26 35 -6 30 0 0.07 0.0 M 2.9 10 240 M M 7 128 16 210
14 58 26 42 1 23 0 0.00 M M 2.3 14 190 M M 4 12 19 190
15 54 40 47 6 18 0 0.00 M M 8.5 21 220 M M 5 31 230
16 44 38 41 0 24 0 0.00 M M 7.4 20 250 M M 9 31 300
17 53 37 45 4 20 0 0.00 M M 5.4 17 220 M M 9 26 170
18 55 27 41 0 24 0 0.00 M M 4.6 21 260 M M 0 27 290
19 52 28 40 -1 25 0 0.01 M M 2.2 13 250 M M 6 18 20 270
20 56 36 46 5 19 0 0.00 M M 5.1 13 270 M M 1 1 21 330
21 51 42 47 6 18 0 0.27 M M 2.3 7 280 M M 9 1 11 220
22 59 38 49 8 16 0 0.00 M M 2.9 10 350 M M 3 12 13 340
23 59 36 48 7 17 0 0.00 M M 7.0 14 30 M M 2 8 18 10
24 62 33 48 7 17 0 T M M 4.5 14 130 M M 7 1 18 120
25 64 48 56 15 9 0 0.55 M M 2.4 18 290 M M 9 13 31 310
26 69 52 61 20 4 0 0.27 M M 4.8 14 280 M M 6 13 20 270
27 64 41 53 11 12 0 0.10 M M 6.6 22 290 M M 8 1 33 320
28 45 32 39 -3 26 0 0.00 M M 11.7 24 10 M M 5 32 10
29 52 29 41 -1 24 0 0.00 M M 5.6 14 360 M M 0 19 10
30 53 27 40 -2 25 0 0.00 M M 5.5 24 160 M M 5 36 170
31 50 42 46 4 19 0 0.73 M M 4.8 18 310 M M 10 1 26 330
================================================================================
SM 1667 1096 628 0 3.06 0.0 150.3 M 171
================================================================================
AV 53.8 35.4 4.8 FASTST M M 6 MAX(MPH)
MISC ----> # 24 10 36 170
================================================================================
NOTES:
# LAST OF SEVERAL OCCURRENCES
COLUMN 17 PEAK WIND IN M.P.H.
PRELIMINARY LOCAL CLIMATOLOGICAL DATA (WS FORM: F-6) , PAGE 2
STATION: ROME
MONTH: JANUARY
YEAR: 2021
LATITUDE: 34 20 N
LONGITUDE: 85 10 W
[TEMPERATURE DATA] [PRECIPITATION DATA] SYMBOLS USED IN COLUMN 16
AVERAGE MONTHLY: 44.6 TOTAL FOR MONTH: 3.06 1 = FOG OR MIST
DPTR FM NORMAL: 3.4 DPTR FM NORMAL: -1.76 2 = FOG REDUCING VISIBILITY
HIGHEST: 69 ON 26, 1 GRTST 24HR 1.44 ON 31- 1 TO 1/4 MILE OR LESS
LOWEST: 25 ON 10 3 = THUNDER
SNOW, ICE PELLETS, HAIL 4 = ICE PELLETS
TOTAL MONTH: 0.0 INCH 5 = HAIL
GRTST 24HR 0.0 6 = FREEZING RAIN OR DRIZZLE
GRTST DEPTH: M ON M 7 = DUSTSTORM OR SANDSTORM:
VSBY 1/2 MILE OR LESS
8 = SMOKE OR HAZE
[NO. OF DAYS WITH] [WEATHER - DAYS WITH] 9 = BLOWING SNOW
X = TORNADO
MAX 32 OR BELOW: 0 0.01 INCH OR MORE: 11
MAX 90 OR ABOVE: 0 0.10 INCH OR MORE: 8
MIN 32 OR BELOW: 13 0.50 INCH OR MORE: 2
MIN 0 OR BELOW: 0 1.00 INCH OR MORE: 0
[HDD (BASE 65) ]
TOTAL THIS MO. 628 CLEAR (SCALE 0-3) 8
DPTR FM NORMAL -114 PTCLDY (SCALE 4-7) 14
TOTAL FM JUL 1 1661 CLOUDY (SCALE 8-10) 9
DPTR FM NORMAL -379
[CDD (BASE 65) ]
TOTAL THIS MO. 0
DPTR FM NORMAL 0 [PRESSURE DATA]
TOTAL FM JAN 1 0 HIGHEST SLP 30.53 ON 28
DPTR FM NORMAL 0 LOWEST SLP 29.64 ON 15
[REMARKS]
#FINAL-01-21#