000
CXUS51 KRNK 010624
CF6RNK
PRELIMINARY LOCAL CLIMATOLOGICAL DATA (WS FORM: F-6)
STATION: BLACKSBURG VA
MONTH: AUGUST
YEAR: 2023
LATITUDE: 37 13 N
LONGITUDE: 80 25 W
TEMPERATURE IN F: :PCPN: SNOW: WIND :SUNSHINE: SKY :PK WND
================================================================================
1 2 3 4 5 6A 6B 7 8 9 10 11 12 13 14 15 16 17 18
12Z AVG MX 2MIN
DY MAX MIN AVG DEP HDD CDD WTR SNW DPTH SPD SPD DIR MIN PSBL S-S WX SPD DR
================================================================================
1 80 56 68 -3 0 3 0.00 0.0 0 2.2 7 120 M M 3 M M
2 79 56 68 -3 0 3 0.08 0.0 0 2.7 10 130 M M 6 1 M M
3 69 61 65 -6 0 0 0.30 0.0 0 2.6 7 180 M M 10 1 M M
4 84 64 74 3 0 9 0.01 0.0 0 2.5 8 300 M M 7 12 M M
5 87 60 74 3 0 9 0.00 0.0 0 1.1 7 120 M M 1 1 M M
6 81 65 73 2 0 8 0.31 0.0 0 1.3 14 320 M M 5 13 20 320
7 84 66 75 4 0 10 0.07 0.0 0 3.2 13 250 M M 7 1 23 250
8 77 60 69 -2 0 4 0.03 0.0 0 4.2 12 320 M M 5 1 20 300
9 80 59 70 -1 0 5 0.00 0.0 0 2.2 10 320 M M 3 20 290
10 77 65 71 0 0 6 0.44 0.0 0 2.9 10 290 M M 8 1 17 300
11 82 61 72 1 0 7 0.00 0.0 0 1.2 6 240 M M 4 M M
12 84 62 73 2 0 8 0.00 0.0 0 2.2 8 230 M M 2 1 M M
13 86 63 75 4 0 10 0.00 0.0 0 2.4 10 300 M M 3 17 310
14 81 67 74 3 0 9 0.02 0.0 0 1.0 8 210 M M 4 M M
15 85 62 74 3 0 9 0.01 0.0 0 3.8 10 300 M M 3 16 300
16 76 58 67 -3 0 2 0.00 0.0 0 2.1 9 320 M M 5 16 320
17 83 57 70 0 0 5 0.00 0.0 0 1.0 7 190 M M 4 12 M M
18 80 56 68 -2 0 3 0.00 0.0 0 5.1 18 320 M M 3 24 310
19 79 50 65 -5 0 0 0.00 0.0 0 0.8 6 130 M M 0 M M
20 86 54 70 0 0 5 0.00 0.0 0 1.0 6 320 M M 0 M M
21 88 61 75 5 0 10 0.00 0.0 0 2.1 12 330 M M 1 M M
22 87 64 76 6 0 11 0.00 0.0 0 3.8 14 330 M M 1 1 20 320
23 83 57 70 0 0 5 0.00 0.0 0 2.2 8 160 M M 3 M M
24 88 63 76 6 0 11 T 0.0 0 2.4 10 340 M M 3 18 320
25 86 64 75 5 0 10 0.42 0.0 0 3.1 9 20 M M 2 13 23 20
26 83 67 75 5 0 10 0.00 0.0 0 1.4 6 330 M M 4 M M
27 83 66 75 6 0 10 0.01 0.0 0 3.5 10 100 M M 7 1 M M
28 75 67 71 2 0 6 0.23 0.0 0 4.5 9 80 M M 10 1 M M
29 78 67 73 4 0 8 0.02 0.0 0 1.2 7 110 M M 10 M M
30 78 64 71 2 0 6 0.00 0.0 0 3.4 9 360 M M 4 M M
31 80 57 69 0 0 4 0.00 0.0 0 3.6 10 360 M M 3 M M
================================================================================
SM 2529 1899 0 206 1.95 0.0 76.7 M 131
================================================================================
AV 81.6 61.3 2.5 FASTST M M 4 MAX(MPH)
MISC ----> 18 320 24 310
================================================================================
NOTES:
# LAST OF SEVERAL OCCURRENCES
COLUMN 17 PEAK WIND IN M.P.H.
PRELIMINARY LOCAL CLIMATOLOGICAL DATA (WS FORM: F-6) , PAGE 2
STATION: BLACKSBURG VA
MONTH: AUGUST
YEAR: 2023
LATITUDE: 37 13 N
LONGITUDE: 80 25 W
[TEMPERATURE DATA] [PRECIPITATION DATA] SYMBOLS USED IN COLUMN 16
AVERAGE MONTHLY: 71.4 TOTAL FOR MONTH: 1.95 1 = FOG OR MIST
DPTR FM NORMAL: 1.0 DPTR FM NORMAL: -1.62 2 = FOG REDUCING VISIBILITY
HIGHEST: 88 ON 24,21 GRTST 24HR 0.44 ON 10-10 TO 1/4 MILE OR LESS
LOWEST: 50 ON 19 3 = THUNDER
SNOW, ICE PELLETS, HAIL 4 = ICE PELLETS
TOTAL MONTH: 0.0 INCH 5 = HAIL
GRTST 24HR 0.0 6 = FREEZING RAIN OR DRIZZLE
GRTST DEPTH: 0 7 = DUSTSTORM OR SANDSTORM:
VSBY 1/2 MILE OR LESS
8 = SMOKE OR HAZE
[NO. OF DAYS WITH] [WEATHER - DAYS WITH] 9 = BLOWING SNOW
X = TORNADO
MAX 32 OR BELOW: 0 0.01 INCH OR MORE: 13
MAX 90 OR ABOVE: 0 0.10 INCH OR MORE: 5
MIN 32 OR BELOW: 0 0.50 INCH OR MORE: 0
MIN 0 OR BELOW: 0 1.00 INCH OR MORE: 0
[HDD (BASE 65) ]
TOTAL THIS MO. 0 CLEAR (SCALE 0-3) 14
DPTR FM NORMAL -10 PTCLDY (SCALE 4-7) 13
TOTAL FM JUL 1 0 CLOUDY (SCALE 8-10) 4
DPTR FM NORMAL -8
[CDD (BASE 65) ]
TOTAL THIS MO. 206
DPTR FM NORMAL 31 [PRESSURE DATA]
TOTAL FM JAN 1 555 HIGHEST SLP M ON M
DPTR FM NORMAL 13 LOWEST SLP M ON M
[REMARKS]
#FINAL-08-23#