000
CXUS56 KSGX 011912
CLMRNM
CLIMATE REPORT
NATIONAL WEATHER SERVICE SAN DIEGO, CA
1112 AM PST FRI DEC 01 2023
...................................
...THE RAMONA AIRPORT CA CLIMATE SUMMARY FOR THE MONTH OF NOVEMBER 2023...
CLIMATE NORMAL PERIOD: 1991 TO 2020
CLIMATE RECORD PERIOD: 1974 TO 2023
WEATHER OBSERVED NORMAL DEPART LAST YEAR`S
VALUE DATE(S) VALUE FROM VALUE DATE(S)
NORMAL
................................................................
TEMPERATURE (F)
RECORD
HIGH 96 11/01/1997
LOW 22 11/27/2010
HIGHEST 90 11/05 73 17 77 11/21
11/25
LOWEST 24 11/10 42 -18 27 11/23
AVG. MAXIMUM 76.3 72.5 3.8 69.6
AVG. MINIMUM 38.3 40.3 -2.0 36.2
MEAN 57.3 56.4 0.9 52.9
DAYS MAX >= 90 1 0.8 0.2 0
DAYS MAX <= 32 0 0.0 0.0 0
DAYS MAX >= 45 30 30
DAYS MAX >= 120 0 0
DAYS MIN <= 32 4 2.8 1.2 11
DAYS MIN <= 0 0 0.0 0.0 0
PRECIPITATION (INCHES)
RECORD
MAXIMUM 5.81 1985
MINIMUM 0.00 2021
TOTALS 1.04 1.06 -0.02 1.82
DAILY AVG. 0.03 0.04 -0.01 0.06
DAYS >= .01 5 4.8 0.2 5
DAYS >= .10 3 2.4 0.6 3
DAYS >= .50 1 0.8 0.2 1
DAYS >= 1.00 0 0.3 -0.3 1
DAYS >= %-5.2F 0 0
DAYS >= %-5.2F 0 0
GREATEST
24 HR. TOTAL 0.50 11/15 TO 11/15 1.51 11/08 TO 11/09
STORM TOTAL 0.50 1.47
(MM/DD(HH)) MM
DEGREE DAYS
HEATING TOTAL 224 266 -42 354
SINCE 7/1 285 364 -79 MM
COOLING TOTAL 0 8 -8 0
SINCE 1/1 946 957 -11 MM
FREEZE DATES
RECORD
EARLIEST 10/10/1974
LATEST 05/07/1975
EARLIEST 11/09 11/09
LATEST 04/05
................................................................
WIND (MPH)
AVERAGE WIND SPEED 4.6
RESULTANT WIND SPEED/DIRECTION 1/070
HIGHEST WIND SPEED/DIRECTION 28/080 DATE 11/20
28/070 11/21
HIGHEST GUST SPEED/DIRECTION 46/030 DATE 11/21
SKY COVER
POSSIBLE SUNSHINE (PERCENT) MM
AVERAGE SKY COVER 0.26
NUMBER OF DAYS FAIR 20
NUMBER OF DAYS PC 6
NUMBER OF DAYS CLOUDY 4
AVERAGE RH (PERCENT) 52
WEATHER CONDITIONS. NUMBER OF DAYS WITH
THUNDERSTORM 1 MIXED PRECIP 0
HEAVY RAIN 3 RAIN 3
LIGHT RAIN 6 FREEZING RAIN 0
LT FREEZING RAIN 0 HAIL 0
HEAVY SNOW 0 SNOW 0
LIGHT SNOW 1 SLEET 0
FOG 12 FOG W/VIS <= 1/4 MILE 10
HAZE 9
- INDICATES NEGATIVE NUMBERS.
R INDICATES RECORD WAS SET OR TIED.
MM INDICATES DATA IS MISSING.
T INDICATES TRACE AMOUNT.
$$