000
CXUS56 KSGX 020817
CLMRNM
CLIMATE REPORT
NATIONAL WEATHER SERVICE SAN DIEGO, CA
117 AM PDT THU NOV 02 2023
...................................
...THE RAMONA AIRPORT CA CLIMATE SUMMARY FOR THE MONTH OF OCTOBER 2023...
CLIMATE NORMAL PERIOD: 1991 TO 2020
CLIMATE RECORD PERIOD: 1974 TO 2023
WEATHER OBSERVED NORMAL DEPART LAST YEAR`S
VALUE DATE(S) VALUE FROM VALUE DATE(S)
NORMAL
................................................................
TEMPERATURE (F)
RECORD
HIGH 105 10/01/1980
LOW 30 10/27/2020
HIGHEST 98 10/05 81 17 91 10/20
10/07
LOWEST 36 10/29 48 -12 38 10/26
10/29
10/31
AVG. MAXIMUM 83.8 80.0 3.8 80.7
AVG. MINIMUM 47.6 48.5 -0.9 51.5
MEAN 65.7 64.2 1.5 66.1
DAYS MAX >= 90 12 6.2 5.8 2
DAYS MAX <= 32 0 0.0 0.0 0
DAYS MAX >= 45 31 31
DAYS MAX >= 120 0 0
DAYS MIN <= 32 0 0.2 -0.2 0
DAYS MIN <= 0 0 0.0 0.0 0
PRECIPITATION (INCHES)
RECORD
MAXIMUM 3.27 2010
MINIMUM 0.00 2003
TOTALS 0.03 0.69 -0.66 0.48
DAILY AVG. 0.00 0.02 -0.02 0.02
DAYS >= .01 2 3.8 -1.8 4
DAYS >= .10 0 1.3 -1.3 2
DAYS >= .50 0 0.3 -0.3 0
DAYS >= 1.00 0 0.2 -0.2 0
DAYS >= %-5.2F 0 0
DAYS >= %-5.2F 0 0
GREATEST
24 HR. TOTAL 0.02 10/11 TO 10/11 0.25 10/15 TO 10/15
STORM TOTAL 0.02 0.25
(MM/DD(HH)) MM
DEGREE DAYS
HEATING TOTAL 49 84 -35 59
SINCE 7/1 61 96 -35 MM
COOLING TOTAL 83 61 22 98
SINCE 1/1 946 949 -3 MM
FREEZE DATES
RECORD
EARLIEST 10/10/1974
LATEST 05/07/1975
EARLIEST MM
LATEST 04/05
................................................................
WIND (MPH)
AVERAGE WIND SPEED 4.6
RESULTANT WIND SPEED/DIRECTION 2/300
HIGHEST WIND SPEED/DIRECTION 22/080 DATE 10/30
22/070 10/31
HIGHEST GUST SPEED/DIRECTION 33/070 DATE 10/31
SKY COVER
POSSIBLE SUNSHINE (PERCENT) MM
AVERAGE SKY COVER 0.22
NUMBER OF DAYS FAIR 23
NUMBER OF DAYS PC 6
NUMBER OF DAYS CLOUDY 2
AVERAGE RH (PERCENT) 58
WEATHER CONDITIONS. NUMBER OF DAYS WITH
THUNDERSTORM 0 MIXED PRECIP 0
HEAVY RAIN 0 RAIN 0
LIGHT RAIN 3 FREEZING RAIN 0
LT FREEZING RAIN 0 HAIL 0
HEAVY SNOW 0 SNOW 0
LIGHT SNOW 0 SLEET 0
FOG 16 FOG W/VIS <= 1/4 MILE 9
HAZE 8
- INDICATES NEGATIVE NUMBERS.
R INDICATES RECORD WAS SET OR TIED.
MM INDICATES DATA IS MISSING.
T INDICATES TRACE AMOUNT.
$$