000
CXUS51 KRNK 011218
CF6ROA
PRELIMINARY LOCAL CLIMATOLOGICAL DATA (WS FORM: F-6)
STATION: ROANOKE VA
MONTH: OCTOBER
YEAR: 2023
LATITUDE: 37 19 N
LONGITUDE: 79 58 W
TEMPERATURE IN F: :PCPN: SNOW: WIND :SUNSHINE: SKY :PK WND
================================================================================
1 2 3 4 5 6A 6B 7 8 9 10 11 12 13 14 15 16 17 18
12Z AVG MX 2MIN
DY MAX MIN AVG DEP HDD CDD WTR SNW DPTH SPD SPD DIR MIN PSBL S-S WX SPD DR
================================================================================
1 81 56 69 5 0 4 0.00 0.0 0 2.2 12 10 M M 2 18 20
2 83 55 69 5 0 4 0.00 0.0 0 1.5 10 350 M M 1 15 340
3 83 59 71 7 0 6 0.00 0.0 0 1.9 13 120 M M 4 15 120
4 83 57 70 7 0 5 0.00 0.0 0 1.8 15 140 M M 1 18 140
5 75 55 65 2 0 0 0.00 0.0 0 2.2 12 140 M M 5 1 16 130
6 82 59 71 9 0 6 M 0.0 0 1.9 14 350 M M 6 1 18 340
7 65 50 58 -4 7 0 M 0.0 0 9.6 29 330 M M 4 37 330
8 61 48 55 -7 10 0 0.00 0.0 0 9.5 21 290 M M 6 29 290
9 66 43 55 -6 10 0 0.17 0.0 0 3.6 16 240 M M 5 1 27 240
10 73 43 58 -3 7 0 0.00 0.0 0 4.7 17 240 M M 2 1 30 220
11 67 45 56 -5 9 0 0.00 0.0 0 3.4 13 240 M M 5 18 230
12 78 49 64 4 1 0 0.00 0.0 0 1.3 9 160 M M 2 12 150
13 78 49 64 4 1 0 0.00 0.0 0 4.3 12 140 M M 2 16 140
14 68 59 64 4 1 0 0.29 0.0 0 8.7 33 300 M M 9 1 48 310
15 63 46 55 -4 10 0 T 0.0 0 10.4 31 300 M M 7 43 310
16 61 44 53 -6 12 0 T 0.0 0 7.7 17 330 M M 6 26 330
17 63 45 54 -5 11 0 0.00 0.0 0 5.3 16 310 M M 6 23 280
18 66 47 57 -1 8 0 0.00 0.0 0 2.7 12 150 M M 7 15 140
19 70 42 56 -2 9 0 0.00 0.0 0 3.7 17 170 M M 3 26 170
20 62 51 57 -1 8 0 0.15 0.0 0 7.4 22 300 M M 7 1 33 320
21 69 56 63 6 2 0 0.00 0.0 0 13.2 30 320 M M 5 45 310
22 65 49 57 0 8 0 0.00 0.0 0 12.1 28 310 M M 3 40 290
23 70 39 55 -1 10 0 0.00 0.0 0 2.3 15 300 M M 0 20 310
24 74 37 56 0 9 0 0.00 0.0 0 2.2 13 140 M M 0 15 140
25 81 42 62 6 3 0 0.00 0.0 0 2.6 13 140 M M 0 16 140
26 82 47 65 10 0 0 0.00 0.0 0 3.6 14 160 M M 0 18 160
27 83 53 68 13 0 3 0.00 0.0 0 2.2 10 230 M M 5 15 220
28 88 60 74 19 0 9 0.00 0.0 0 4.7 14 270 M M 5 20 250
29 87 63 75 21 0 10 0.00 0.0 0 6.1 15 220 M M 3 22 260
30 81 51 66 12 0 1 T 0.0 0 10.2 24 320 M M 5 32 320
31 51 44 48 -6 17 0 T 0.0 0 5.4 18 300 M M 9 1 26 290
================================================================================
SM 2259 1543 153 48 0.61 0.0 158.4 M 125
================================================================================
AV 72.9 49.8 5.1 FASTST M M 4 MAX(MPH)
MISC ----> 33 300 48 310
================================================================================
NOTES:
# LAST OF SEVERAL OCCURRENCES
COLUMN 17 PEAK WIND IN M.P.H.
PRELIMINARY LOCAL CLIMATOLOGICAL DATA (WS FORM: F-6) , PAGE 2
STATION: ROANOKE VA
MONTH: OCTOBER
YEAR: 2023
LATITUDE: 37 19 N
LONGITUDE: 79 58 W
[TEMPERATURE DATA] [PRECIPITATION DATA] SYMBOLS USED IN COLUMN 16
AVERAGE MONTHLY: 61.3 TOTAL FOR MONTH: 0.61 1 = FOG OR MIST
DPTR FM NORMAL: 2.4 DPTR FM NORMAL: -2.35 2 = FOG REDUCING VISIBILITY
HIGHEST: 88 ON 28 GRTST 24HR 0.29 ON 14-14 TO 1/4 MILE OR LESS
LOWEST: 37 ON 24 3 = THUNDER
SNOW, ICE PELLETS, HAIL 4 = ICE PELLETS
TOTAL MONTH: 0.0 INCH 5 = HAIL
GRTST 24HR 0.0 6 = FREEZING RAIN OR DRIZZLE
GRTST DEPTH: 0 7 = DUSTSTORM OR SANDSTORM:
VSBY 1/2 MILE OR LESS
8 = SMOKE OR HAZE
[NO. OF DAYS WITH] [WEATHER - DAYS WITH] 9 = BLOWING SNOW
X = TORNADO
MAX 32 OR BELOW: 0 0.01 INCH OR MORE: 3
MAX 90 OR ABOVE: 0 0.10 INCH OR MORE: 3
MIN 32 OR BELOW: 0 0.50 INCH OR MORE: 0
MIN 0 OR BELOW: 0 1.00 INCH OR MORE: 0
[HDD (BASE 65) ]
TOTAL THIS MO. 153 CLEAR (SCALE 0-3) 12
DPTR FM NORMAL -65 PTCLDY (SCALE 4-7) 17
TOTAL FM JUL 1 161 CLOUDY (SCALE 8-10) 2
DPTR FM NORMAL -92
[CDD (BASE 65) ]
TOTAL THIS MO. 48
DPTR FM NORMAL 18 [PRESSURE DATA]
TOTAL FM JAN 1 1373 HIGHEST SLP 30.44 ON 25
DPTR FM NORMAL 9 LOWEST SLP 29.53 ON 14
[REMARKS]
DUE TO EQUIPMENT FAILURE DURING OCTOBER 6-7, THE PRECIPITATION DATA
WILL BE MISSING FOR THESE DATES.
#FINAL-10-23#