000
CXUS55 KABQ 011717
CF6ROW
PRELIMINARY LOCAL CLIMATOLOGICAL DATA (WS FORM: F-6)
STATION: ROSWELL NM
MONTH: SEPTEMBER
YEAR: 2021
LATITUDE: 33 17 N
LONGITUDE: 104 32 W
TEMPERATURE IN F: :PCPN: SNOW: WIND :SUNSHINE: SKY :PK WND
================================================================================
1 2 3 4 5 6A 6B 7 8 9 10 11 12 13 14 15 16 17 18
12Z AVG MX 2MIN
DY MAX MIN AVG DEP HDD CDD WTR SNW DPTH SPD SPD DIR MIN PSBL S-S WX SPD DR
================================================================================
1 96 68 82 3 0 17 0.02 0.0 0 5.8 20 230 M M 2 26 200
2 90 70 80 2 0 15 0.02 0.0 0 5.3 14 200 M M 4 18 170
3 97 69 83 5 0 18 0.00 0.0 0 6.1 26 260 M M 1 34 260
4 96 68 82 4 0 17 0.59 0.0 0 7.9 35 260 M M 3 123 45 270
5 86 70 78 0 0 13 0.00 0.0 0 5.7 15 140 M M 2 20 140
6 92 66 79 2 0 14 0.00 0.0 0 5.5 14 140 M M 0 20 130
7 97 64 81 4 0 16 0.00 0.0 0 4.1 12 210 M M 0 15 220
8 93 67 80 3 0 15 0.00 0.0 0 7.9 21 10 M M 0 28 360
9 97 65 81 5 0 16 0.00 0.0 0 8.6 18 190 M M 0 28 160
10 99 61 80 4 0 15 0.00 0.0 0 6.7 18 210 M M 0 25 210
11 97 58 78 2 0 13 0.00 0.0 0 6.7 17 160 M M 0 28 150
12 92 58 75 -1 0 10 0.00 0.0 0 7.1 20 170 M M 0 29 160
13 92 57 75 0 0 10 0.00 0.0 0 7.2 15 200 M M 0 8 22 200
14 96 58 77 2 0 12 0.00 0.0 0 6.0 15 150 M M 0 20 140
15 89 67 78 3 0 13 0.00 0.0 0 7.7 17 200 M M 0 24 170
16 96 61 79 5 0 14 0.00 0.0 0 9.8 35 260 M M 0 44 260
17 101 59 80 6 0 15 0.00 0.0 0 8.3 21 60 M M 0 28 60
18 93 64 79 5 0 14 0.00 0.0 0 8.7 17 360 M M 0 21 360
19 98 60 79 6 0 14 0.00 0.0 0 8.8 25 170 M M 0 33 170
20 98 64 81 8 0 16 0.00 0.0 0 6.6 21 330 M M 0 28 60
21 80 57 69 -4 0 4 0.00 0.0 0 9.2 17 30 M M 0 26 40
22 83 49 66 -6 0 1 0.00 0.0 0 11.9 22 170 M M 0 30 180
23 91 52 72 0 0 7 0.00 0.0 0 9.2 21 180 M M 0 27 180
24 92 62 77 5 0 12 0.00 0.0 0 3.9 9 120 M M 0 16 20
25 84 59 72 1 0 7 0.00 0.0 0 5.9 12 10 M M 0 16 360
26 89 58 74 3 0 9 0.00 0.0 0 4.7 14 140 M M 0 20 120
27 89 60 75 4 0 10 0.06 0.0 0 5.3 23 240 M M 3 3 31 240
28 84 57 71 1 0 6 0.04 0.0 0 8.5 22 260 M M 5 3 28 270
29 90 56 73 3 0 8 0.00 0.0 0 6.6 17 330 M M 1 33 340
30 67 57 62 -8 3 0 0.43 0.0 0 7.8 21 10 M M 3 13 27 350
================================================================================
SM 2744 1841 3 351 1.16 0.0 213.5 M 24
================================================================================
AV 91.5 61.4 7.1 FASTST M M 1 MAX(MPH)
MISC ----> # 35 260 45 270
================================================================================
NOTES:
# LAST OF SEVERAL OCCURRENCES
COLUMN 17 PEAK WIND IN M.P.H.
PRELIMINARY LOCAL CLIMATOLOGICAL DATA (WS FORM: F-6) , PAGE 2
STATION: ROSWELL NM
MONTH: SEPTEMBER
YEAR: 2021
LATITUDE: 33 17 N
LONGITUDE: 104 32 W
[TEMPERATURE DATA] [PRECIPITATION DATA] SYMBOLS USED IN COLUMN 16
AVERAGE MONTHLY: 76.4 TOTAL FOR MONTH: 1.16 1 = FOG OR MIST
DPTR FM NORMAL: 2.0 DPTR FM NORMAL: -0.39 2 = FOG REDUCING VISIBILITY
HIGHEST: 101 ON 17 GRTST 24HR 0.59 ON 4- 4 TO 1/4 MILE OR LESS
LOWEST: 49 ON 22 3 = THUNDER
SNOW, ICE PELLETS, HAIL 4 = ICE PELLETS
TOTAL MONTH: 0.0 INCH 5 = HAIL
GRTST 24HR 0.0 6 = FREEZING RAIN OR DRIZZLE
GRTST DEPTH: 0 7 = DUSTSTORM OR SANDSTORM:
VSBY 1/2 MILE OR LESS
8 = SMOKE OR HAZE
[NO. OF DAYS WITH] [WEATHER - DAYS WITH] 9 = BLOWING SNOW
X = TORNADO
MAX 32 OR BELOW: 0 0.01 INCH OR MORE: 6
MAX 90 OR ABOVE: 21 0.10 INCH OR MORE: 2
MIN 32 OR BELOW: 0 0.50 INCH OR MORE: 1
MIN 0 OR BELOW: 0 1.00 INCH OR MORE: 0
[HDD (BASE 65) ]
TOTAL THIS MO. 3 CLEAR (SCALE 0-3) 28
DPTR FM NORMAL -6 PTCLDY (SCALE 4-7) 2
TOTAL FM JUL 1 3 CLOUDY (SCALE 8-10) 0
DPTR FM NORMAL -1
[CDD (BASE 65) ]
TOTAL THIS MO. 351
DPTR FM NORMAL 60 [PRESSURE DATA]
TOTAL FM JAN 1 2087 HIGHEST SLP 30.35 ON 22
DPTR FM NORMAL -80 LOWEST SLP 29.63 ON 28
[REMARKS]
#FINAL-09-21#