000
CXUS53 KGRB 200649
CF6RRL
PRELIMINARY LOCAL CLIMATOLOGICAL DATA (WS FORM: F-6)
STATION: MERRILL MUNICIPAL AI
MONTH: OCTOBER
YEAR: 2022
LATITUDE: 45 10 N
LONGITUDE: 89 42 W
TEMPERATURE IN F: :PCPN: SNOW: WIND :SUNSHINE: SKY :PK WND
================================================================================
1 2 3 4 5 6A 6B 7 8 9 10 11 12 13 14 15 16 17 18
12Z AVG MX 2MIN
DY MAX MIN AVG DEP HDD CDD WTR SNW DPTH SPD SPD DIR MIN PSBL S-S WX SPD DR
================================================================================
1 70 32 51 M 14 0 M M M 1.3 7 90 M M 1 M M
2 66 44 55 M 10 0 M M M 4.1 7 100 M M 6 M M
3 68 43 56 M 9 0 M M M 2.4 9 230 M M 3 1 M M
4 73 43 58 M 7 0 M M M 1.7 6 210 M M 2 1 M M
5 73 37 55 M 10 0 M M M 3.0 15 270 M M 3 1 25 240
6 57 34 46 M 19 0 M M M 10.0 18 360 M M 6 28 360
7 46 29 38 M 27 0 M M M 5.0 9 290 M M 6 18 10
8 57 29 43 M 22 0 M M M 8.1 22 270 M M 1 28 260
9 62 27 45 M 20 0 M M M 1.3 6 40 M M 3 M M
10 63 32 48 M 17 0 M M M 3.1 8 200 M M 2 M M
11 76 34 55 M 10 0 M M M 8.3 17 200 M M 5 1 31 190
12 64 38 51 M 14 0 M M M 9.1 15 300 M M 8 25 250
13 41 33 37 M 28 0 M M M 7.4 12 300 M M 10 21 240
14 34 30 32 M 33 0 M M M 4.7 8 200 M M 10 M M
15 46 31 39 M 26 0 M M M 6.2 13 290 M M 10 22 290
16 43 32 38 M 27 0 M M M 8.6 14 320 M M 10 22 320
17 36 31 34 M 31 0 M M M 14.6 20 350 M M 10 31 10
18 41 29 35 M 30 0 M M M 12.9 21 350 M M 6 32 350
19 43 29 36 M 29 0 M M M 7.6 13 280 M M 6 18 280
================================================================================
SM 1059 637 383 0 M M 119.3 M 108
================================================================================
AV 55.7 33.5 6.3 FASTST M M 6 MAX(MPH)
MISC ----> 22 270 32 350
================================================================================
NOTES:
# LAST OF SEVERAL OCCURRENCES
COLUMN 17 PEAK WIND IN M.P.H.
PRELIMINARY LOCAL CLIMATOLOGICAL DATA (WS FORM: F-6) , PAGE 2
STATION: MERRILL MUNICIPAL AI
MONTH: OCTOBER
YEAR: 2022
LATITUDE: 45 10 N
LONGITUDE: 89 42 W
[TEMPERATURE DATA] [PRECIPITATION DATA] SYMBOLS USED IN COLUMN 16
AVERAGE MONTHLY: 44.6 TOTAL FOR MONTH: M 1 = FOG OR MIST
DPTR FM NORMAL: 0.0 DPTR FM NORMAL: M 2 = FOG REDUCING VISIBILITY
HIGHEST: 76 ON 11 GRTST 24HR M ON M TO 1/4 MILE OR LESS
LOWEST: 27 ON 9 3 = THUNDER
SNOW, ICE PELLETS, HAIL 4 = ICE PELLETS
TOTAL MONTH: M 5 = HAIL
GRTST 24HR M ON M 6 = FREEZING RAIN OR DRIZZLE
GRTST DEPTH: M ON M 7 = DUSTSTORM OR SANDSTORM:
VSBY 1/2 MILE OR LESS
8 = SMOKE OR HAZE
[NO. OF DAYS WITH] [WEATHER - DAYS WITH] 9 = BLOWING SNOW
X = TORNADO
MAX 32 OR BELOW: 0 0.01 INCH OR MORE: 0
MAX 90 OR ABOVE: 0 0.10 INCH OR MORE: 0
MIN 32 OR BELOW: 11 0.50 INCH OR MORE: 0
MIN 0 OR BELOW: 0 1.00 INCH OR MORE: 0
[HDD (BASE 65) ]
TOTAL THIS MO. 383 CLEAR (SCALE 0-3) 7
DPTR FM NORMAL M PTCLDY (SCALE 4-7) 6
TOTAL FM JUL 1 713 CLOUDY (SCALE 8-10) 6
DPTR FM NORMAL M
[CDD (BASE 65) ]
TOTAL THIS MO. 0
DPTR FM NORMAL M [PRESSURE DATA]
TOTAL FM JAN 1 257 HIGHEST SLP M ON M
DPTR FM NORMAL 257 LOWEST SLP M ON M
[REMARKS]