000
CXUS53 KGRB 061905
CF6RRL
PRELIMINARY LOCAL CLIMATOLOGICAL DATA (WS FORM: F-6)
STATION: MERRILL MUNICIPAL AI
MONTH: JUNE
YEAR: 2023
LATITUDE: 45 10 N
LONGITUDE: 89 42 W
TEMPERATURE IN F: :PCPN: SNOW: WIND :SUNSHINE: SKY :PK WND
================================================================================
1 2 3 4 5 6A 6B 7 8 9 10 11 12 13 14 15 16 17 18
12Z AVG MX 2MIN
DY MAX MIN AVG DEP HDD CDD WTR SNW DPTH SPD SPD DIR MIN PSBL S-S WX SPD DR
================================================================================
1 89 55 72 M 0 7 M M M 3.0 8 240 M M 2 M M
2 83 57 70 M 0 5 M M M 1.9 20 70 M M 3 25 70
3 89 50 70 M 0 5 M M M 3.0 10 70 M M 3 12 M M
4 83 53 68 M 0 3 M M M 2.2 9 140 M M 3 18 M M
5 84 54 69 M 0 4 M M M 1.3 6 60 M M 4 18 M M
6 75 55 65 M 0 0 M M M 4.4 8 80 M M 6 M M
7 75 42 59 M 6 0 M M M 4.5 12 20 M M 1 20 20
8 74 33 54 M 11 0 M M M 2.1 8 330 M M 0 M M
9 80 36 58 M 7 0 M M M 3.1 10 270 M M 1 17 270
10 75 50 63 M 2 0 M M M 5.5 16 40 M M 8 21 30
11 64 36 50 M 15 0 M M M 9.0 15 30 M M 7 22 40
12 66 32 49 M 16 0 M M M 5.2 18 330 M M 7 26 340
13 66 50 58 M 7 0 M M M 5.4 10 330 M M 9 17 320
14 78 50 64 M 1 0 M M M 2.0 8 330 M M 3 1 M M
15 58 47 53 M 12 0 0.04 M M 6.1 12 20 M M 9 17 20
16 76 38 57 M 8 0 M M M 1.3 6 170 M M 1 12 M M
17 80 44 62 M 3 0 M M M 2.2 10 230 M M 4 18 M M
18 80 48 64 M 1 0 0.01 M M 5.2 14 150 M M 4 1 21 150
19 83 58 71 M 0 6 0.09 M M 4.7 12 150 M M 5 1 16 150
20 85 51 68 M 0 3 M M M 4.5 12 110 M M 0 1 17 90
21 86 48 67 M 0 2 M M M 2.4 7 140 M M 2 M M
22 87 56 72 M 0 7 M M M 2.1 8 130 M M 3 1 M M
23 87 53 70 M 0 5 0.16 M M 3.0 16 350 M M 6 23 350
24 86 56 71 M 0 6 0.01 M M 3.8 12 200 M M 4 12 17 200
25 69 59 64 M 1 0 0.53 M M 3.4 8 160 M M 9 1 10 160
26 68 54 61 M 4 0 0.14 M M 9.8 14 360 M M 10 18 21 360
27 79 46 63 M 2 0 0.02 M M 3.2 8 350 M M 4 128 M M
28 79 53 66 M 0 1 0.01 M M 4.1 13 130 M M 8 18 20 160
29 83 62 73 M 0 8 0.01 M M 3.5 8 270 M M 5 8 18 0
30 84 56 70 M 0 5 M M M 3.7 10 300 M M 2 1 18 270
================================================================================
SM 2351 1482 96 67 1.02 M 115.8 M 133
================================================================================
AV 78.4 49.4 3.9 FASTST M M 4 MAX(MPH)
MISC ----> 20 70 26 340
================================================================================
NOTES:
# LAST OF SEVERAL OCCURRENCES
COLUMN 17 PEAK WIND IN M.P.H.
PRELIMINARY LOCAL CLIMATOLOGICAL DATA (WS FORM: F-6) , PAGE 2
STATION: MERRILL MUNICIPAL AI
MONTH: JUNE
YEAR: 2023
LATITUDE: 45 10 N
LONGITUDE: 89 42 W
[TEMPERATURE DATA] [PRECIPITATION DATA] SYMBOLS USED IN COLUMN 16
AVERAGE MONTHLY: 63.9 TOTAL FOR MONTH: 1.02 1 = FOG OR MIST
DPTR FM NORMAL: 0.0 DPTR FM NORMAL: M 2 = FOG REDUCING VISIBILITY
HIGHEST: 89 ON 3, 1 GRTST 24HR 0.53 ON 25-25 TO 1/4 MILE OR LESS
LOWEST: 32 ON 12 3 = THUNDER
SNOW, ICE PELLETS, HAIL 4 = ICE PELLETS
TOTAL MONTH: M 5 = HAIL
GRTST 24HR M ON M 6 = FREEZING RAIN OR DRIZZLE
GRTST DEPTH: M ON M 7 = DUSTSTORM OR SANDSTORM:
VSBY 1/2 MILE OR LESS
8 = SMOKE OR HAZE
[NO. OF DAYS WITH] [WEATHER - DAYS WITH] 9 = BLOWING SNOW
X = TORNADO
MAX 32 OR BELOW: 0 0.01 INCH OR MORE: 10
MAX 90 OR ABOVE: 0 0.10 INCH OR MORE: 3
MIN 32 OR BELOW: 1 0.50 INCH OR MORE: 1
MIN 0 OR BELOW: 0 1.00 INCH OR MORE: 0
[HDD (BASE 65) ]
TOTAL THIS MO. 96 CLEAR (SCALE 0-3) 11
DPTR FM NORMAL M PTCLDY (SCALE 4-7) 15
TOTAL FM JUL 1 8271 CLOUDY (SCALE 8-10) 4
DPTR FM NORMAL 7891
[CDD (BASE 65) ]
TOTAL THIS MO. 67
DPTR FM NORMAL M [PRESSURE DATA]
TOTAL FM JAN 1 74 HIGHEST SLP M ON M
DPTR FM NORMAL 74 LOWEST SLP M ON M
[REMARKS]
#FINAL-06-23#