000
CXUS54 KLZK 011230
CF6RUE
PRELIMINARY LOCAL CLIMATOLOGICAL DATA (WS FORM: F-6)
STATION: RUSSELLVILLE
MONTH: APRIL
YEAR: 2023
LATITUDE: 35 15 N
LONGITUDE: 93 6 W
TEMPERATURE IN F: :PCPN: SNOW: WIND :SUNSHINE: SKY :PK WND
================================================================================
1 2 3 4 5 6A 6B 7 8 9 10 11 12 13 14 15 16 17 18
12Z AVG MX 2MIN
DY MAX MIN AVG DEP HDD CDD WTR SNW DPTH SPD SPD DIR MIN PSBL S-S WX SPD DR
================================================================================
1 69 44 57 0 8 0 0.00 M M 10.6 22 290 M M 2 30 290
2 79 37 58 0 7 0 0.09 M M 5.3 21 180 M M 2 3 30 190
3 84 56 70 12 0 5 0.00 M M 3.8 9 190 M M 6 1 15 170
4 82 67 75 17 0 10 T M M 7.2 12 150 M M 5 3 16 180
5 77 53 65 7 0 0 1.02 M M 8.5 22 280 M M 6 13 32 180
6 61 48 55 -3 10 0 0.00 M M 7.1 16 60 M M 1 22 50
7 67 47 57 -2 8 0 0.00 M M 7.8 16 60 M M 0 22 90
8 72 40 56 -3 9 0 0.00 M M 3.2 12 50 M M 0 13 140
9 64 47 56 -3 9 0 0.00 M M 3.6 10 80 M M 5 16 70
10 75 46 61 1 4 0 0.00 M M 1.4 9 230 M M 2 1 12 130
11 76 47 62 2 3 0 0.00 M M 1.9 9 80 M M 1 13 130
12 80 45 63 3 2 0 0.00 M M 1.6 9 60 M M 0 13 190
13 80 54 67 7 0 2 0.00 M M 1.3 9 270 M M 1 15 270
14 82 48 65 4 0 0 0.00 M M 2.7 14 240 M M 0 1 17 230
15 85 53 69 8 0 4 0.21 M M 8.3 39 280 M M 5 38 60 250
16 68 42 55 -6 10 0 0.00 M M 10.1 26 270 M M 1 36 270
17 78 37 58 -3 7 0 0.00 M M 2.6 12 320 M M 0 15 290
18 81 48 65 3 0 0 0.00 M M 5.0 18 190 M M 0 28 180
19 85 60 73 11 0 8 0.00 M M 3.0 4 99 M M 5 M M
20 73 61 67 5 0 2 1.04 M M 6.7 15 180 M M 10 138 22 180
21 71 47 59 -3 6 0 0.06 M M 4.6 13 30 M M 2 1 21 30
22 67 42 55 -8 10 0 0.06 M M 4.7 12 290 M M 0 1 21 300
23 61 43 52 -11 13 0 0.02 M M 3.0 10 230 M M 0 1 14 70
24 66 38 52 -11 13 0 T M M 3.1 12 80 M M 1 1 18 120
25 63 49 56 -8 9 0 0.56 M M 2.8 9 80 M M 9 1 M M
26 59 50 55 -9 10 0 0.02 M M 1.2 5 80 M M 10 M M
27 63 55 59 -5 6 0 0.36 M M 3.1 10 60 M M 10 138 17 60
28 68 53 61 -3 4 0 0.04 M M 3.4 8 10 M M 10 1 12 30
29 70 50 60 -5 5 0 0.56 M M 5.5 16 280 M M 6 1 22 320
30 72 43 58 -7 7 0 0.00 M M 6.9 25 280 M M 0 1 34 280
================================================================================
SM 2178 1450 160 31 4.04 M 140.0 M 100
================================================================================
AV 72.6 48.3 4.7 FASTST M M 3 MAX(MPH)
MISC ----> 39 280 60 250
================================================================================
NOTES:
# LAST OF SEVERAL OCCURRENCES
COLUMN 17 PEAK WIND IN M.P.H.
PRELIMINARY LOCAL CLIMATOLOGICAL DATA (WS FORM: F-6) , PAGE 2
STATION: RUSSELLVILLE
MONTH: APRIL
YEAR: 2023
LATITUDE: 35 15 N
LONGITUDE: 93 6 W
[TEMPERATURE DATA] [PRECIPITATION DATA] SYMBOLS USED IN COLUMN 16
AVERAGE MONTHLY: 60.5 TOTAL FOR MONTH: 4.04 1 = FOG OR MIST
DPTR FM NORMAL: -0.5 DPTR FM NORMAL: -0.79 2 = FOG REDUCING VISIBILITY
HIGHEST: 85 ON 19,15 GRTST 24HR 1.10 ON 20-21 TO 1/4 MILE OR LESS
LOWEST: 37 ON 17, 2 3 = THUNDER
SNOW, ICE PELLETS, HAIL 4 = ICE PELLETS
TOTAL MONTH: M 5 = HAIL
GRTST 24HR M ON M 6 = FREEZING RAIN OR DRIZZLE
GRTST DEPTH: M ON M 7 = DUSTSTORM OR SANDSTORM:
VSBY 1/2 MILE OR LESS
8 = SMOKE OR HAZE
[NO. OF DAYS WITH] [WEATHER - DAYS WITH] 9 = BLOWING SNOW
X = TORNADO
MAX 32 OR BELOW: 0 0.01 INCH OR MORE: 12
MAX 90 OR ABOVE: 0 0.10 INCH OR MORE: 6
MIN 32 OR BELOW: 0 0.50 INCH OR MORE: 4
MIN 0 OR BELOW: 0 1.00 INCH OR MORE: 2
[HDD (BASE 65) ]
TOTAL THIS MO. 160 CLEAR (SCALE 0-3) 18
DPTR FM NORMAL -4 PTCLDY (SCALE 4-7) 7
TOTAL FM JUL 1 2893 CLOUDY (SCALE 8-10) 5
DPTR FM NORMAL -355
[CDD (BASE 65) ]
TOTAL THIS MO. 31
DPTR FM NORMAL -13 [PRESSURE DATA]
TOTAL FM JAN 1 45 HIGHEST SLP 30.39 ON 7
DPTR FM NORMAL -13 LOWEST SLP 29.58 ON 4
[REMARKS]
#FINAL-04-23#