000
CXUS51 KBTV 010800
CF6RUT
PRELIMINARY LOCAL CLIMATOLOGICAL DATA (WS FORM: F-6)
STATION: RUTLAND VT
MONTH: DECEMBER
YEAR: 2021
LATITUDE: 43 31 N
LONGITUDE: 72 57 W
TEMPERATURE IN F: :PCPN: SNOW: WIND :SUNSHINE: SKY :PK WND
================================================================================
1 2 3 4 5 6A 6B 7 8 9 10 11 12 13 14 15 16 17 18
12Z AVG MX 2MIN
DY MAX MIN AVG DEP HDD CDD WTR SNW DPTH SPD SPD DIR MIN PSBL S-S WX SPD DR
================================================================================
1 39 29 34 M 31 0 0.01 M M 7.5 17 270 M M 6 1 23 270
2 50 31 41 M 24 0 0.10 M M 10.4 18 240 M M 9 1 36 260
3 40 26 33 M 32 0 T M M 11.4 18 290 M M 6 31 250
4 37 16 27 M 38 0 T M M 5.1 13 260 M M 5 23 260
5 36 30 33 M 32 0 0.00 M M 6.1 17 140 M M 6 32 130
6 58 35 47 M 18 0 0.23 M M 18.6 29 130 M M 9 1 40 230
7 36 27 32 M 33 0 T M M 9.4 15 300 M M 6 35 280
8 31 23 27 M 38 0 0.01 M M 4.1 13 110 M M 9 1 M M
9 31 19 25 M 40 0 0.01 M M 4.4 14 280 M M 7 1 17 280
10 36 21 29 M 36 0 T M M 12.6 20 120 M M 8 1 25 130
11 62 33 48 M 17 0 0.40 M M 14.9 29 110 M M 9 1 44 280
12 42 34 38 M 27 0 T M M 12.2 18 270 M M 3 37 260
13 48 38 43 M 22 0 0.00 M M 7.6 14 250 M M 1 18 250
14 45 25 35 M 30 0 0.00 M M 6.1 14 330 M M 1 28 270
15 42 24 33 M 32 0 0.09 M M 8.7 21 110 M M 4 30 120
16 64 40 52 M 13 0 0.11 M M 6.1 17 220 M M 7 41 240
17 64 34 49 M 16 0 0.00 M M 10.5 18 230 M M 2 36 300
18 34 27 31 M 34 0 0.09 M M 5.0 12 190 M M 8 1 17 180
19 33 10 22 M 43 0 0.08 M M 7.6 15 330 M M 7 1 24 310
20 33 4 19 M 46 0 T M M 3.1 7 130 M M 2 M M
21 39 22 31 M 34 0 0.01 M M 5.3 15 140 M M 4 21 180
22 39 27 33 M 32 0 T M M 11.0 22 290 M M 7 1 33 290
23 27 21 24 M 41 0 0.00 M M 14.1 16 280 M M 4 26 290
24 M M M M M M 0.00 M M M M M M M M M M
25 M M M M M M M M M M M M M M M M M
26 M M M M M M 0.00 M M M M M M M M M M
27 29 22 26 M 39 0 0.00 M M 2.9 7 140 M M 10 M M
28 37 25 31 M 34 0 0.01 M M 6.0 12 250 M M 9 1 17 270
29 38 30 34 M 31 0 T M M 2.1 7 120 M M 10 1 M M
30 43 33 38 M 27 0 T M M 3.1 8 130 M M 10 12 M M
31 42 34 38 M 27 0 0.02 M M 3.5 10 140 M M 10 12 M M
================================================================================
SM 1155 740 867 0 1.17 M 219.4 M 179
================================================================================
AV 41.3 26.4 7.8 FASTST M M 6 MAX(MPH)
MISC ----> # 29 130 44 280
================================================================================
NOTES:
# LAST OF SEVERAL OCCURRENCES
COLUMN 17 PEAK WIND IN M.P.H.
PRELIMINARY LOCAL CLIMATOLOGICAL DATA (WS FORM: F-6) , PAGE 2
STATION: RUTLAND VT
MONTH: DECEMBER
YEAR: 2021
LATITUDE: 43 31 N
LONGITUDE: 72 57 W
[TEMPERATURE DATA] [PRECIPITATION DATA] SYMBOLS USED IN COLUMN 16
AVERAGE MONTHLY: 33.8 TOTAL FOR MONTH: 1.17 1 = FOG OR MIST
DPTR FM NORMAL: 0.0 DPTR FM NORMAL: M 2 = FOG REDUCING VISIBILITY
HIGHEST: 64 ON 17,16 GRTST 24HR 0.40 ON 11-11 TO 1/4 MILE OR LESS
LOWEST: 4 ON 20 3 = THUNDER
SNOW, ICE PELLETS, HAIL 4 = ICE PELLETS
TOTAL MONTH: M 5 = HAIL
GRTST 24HR M ON M 6 = FREEZING RAIN OR DRIZZLE
GRTST DEPTH: M ON M 7 = DUSTSTORM OR SANDSTORM:
VSBY 1/2 MILE OR LESS
8 = SMOKE OR HAZE
[NO. OF DAYS WITH] [WEATHER - DAYS WITH] 9 = BLOWING SNOW
X = TORNADO
MAX 32 OR BELOW: 4 0.01 INCH OR MORE: 13
MAX 90 OR ABOVE: 0 0.10 INCH OR MORE: 3
MIN 32 OR BELOW: 20 0.50 INCH OR MORE: 0
MIN 0 OR BELOW: 0 1.00 INCH OR MORE: 0
[HDD (BASE 65) ]
TOTAL THIS MO. 867 CLEAR (SCALE 0-3) 5
DPTR FM NORMAL M PTCLDY (SCALE 4-7) 12
TOTAL FM JUL 1 2244 CLOUDY (SCALE 8-10) 14
DPTR FM NORMAL M
[CDD (BASE 65) ]
TOTAL THIS MO. 0
DPTR FM NORMAL M [PRESSURE DATA]
TOTAL FM JAN 1 497 HIGHEST SLP M ON M
DPTR FM NORMAL M LOWEST SLP M ON M
[REMARKS]
#FINAL-12-21#