000
CXUS51 KBTV 010700
CF6RUT
PRELIMINARY LOCAL CLIMATOLOGICAL DATA (WS FORM: F-6)
STATION: RUTLAND VT
MONTH: OCTOBER
YEAR: 2023
LATITUDE: 43 31 N
LONGITUDE: 72 57 W
TEMPERATURE IN F: :PCPN: SNOW: WIND :SUNSHINE: SKY :PK WND
================================================================================
1 2 3 4 5 6A 6B 7 8 9 10 11 12 13 14 15 16 17 18
12Z AVG MX 2MIN
DY MAX MIN AVG DEP HDD CDD WTR SNW DPTH SPD SPD DIR MIN PSBL S-S WX SPD DR
================================================================================
1 75 46 61 M 4 0 0.00 M M 4.9 13 350 M M 2 12 M M
2 73 49 61 M 4 0 0.00 M M 5.2 12 130 M M 1 M M
3 81 49 65 M 0 0 0.00 M M 5.1 9 120 M M 0 M M
4 87 55 71 M 0 6 0.00 M M 5.6 12 120 M M 0 1 M M
5 84 60 72 M 0 7 0.00 M M 10.4 17 110 M M 0 22 110
6 72 59 66 M 0 1 0.00 M M 14.1 22 120 M M 4 28 120
7 67 47 57 M 8 0 1.24 M M 10.4 16 120 M M 10 1 23 120
8 59 46 53 M 12 0 0.06 M M 7.0 13 210 M M 8 1 30 200
9 58 46 52 M 13 0 T M M 6.3 12 250 M M 8 23 250
10 59 43 51 M 14 0 T M M 5.8 10 130 M M 10 M M
11 58 47 53 M 12 0 T M M 5.0 10 230 M M 9 M M
12 59 40 50 M 15 0 0.08 M M 3.0 7 130 M M 8 12 M M
13 57 34 46 M 19 0 0.00 M M 4.5 10 360 M M 7 12 M M
14 54 39 47 M 18 0 0.00 M M 3.5 10 320 M M 7 M M
15 52 42 47 M 18 0 0.03 M M 5.1 16 350 M M 10 12 22 350
16 55 46 51 M 14 0 0.11 M M 5.4 12 330 M M 10 12 16 330
17 55 46 51 M 14 0 0.00 M M 2.9 12 340 M M 10 M M
18 57 46 52 M 13 0 T M M 3.7 7 120 M M 10 M M
19 63 45 54 M 11 0 0.00 M M 5.9 13 200 M M 6 16 200
20 58 51 55 M 10 0 0.27 M M 11.0 17 140 M M 8 1 22 120
21 58 51 55 M 10 0 1.89 M M 4.3 13 270 M M 10 12 20 290
22 50 40 45 M 20 0 0.01 M M 8.3 14 280 M M 10 1 22 280
23 52 37 45 M 20 0 T M M 3.8 14 110 M M 8 1 M M
24 61 34 48 M 17 0 T M M 5.3 10 110 M M 6 M M
25 71 43 57 M 8 0 T M M 5.0 9 120 M M 2 M M
26 67 53 60 M 5 0 T M M 4.7 9 120 M M 8 M M
27 73 52 63 M 2 0 T M M 6.1 13 220 M M 4 8 M M
28 72 44 58 M 7 0 T M M 7.3 14 260 M M 4 21 310
29 45 40 43 M 22 0 0.08 M M 3.5 9 170 M M 8 1 M M
30 46 37 42 M 23 0 0.50 M M 7.7 14 150 M M 10 1 23 150
31 43 28 36 M 29 0 0.00 M M 4.8 12 320 M M 4 12 16 320
================================================================================
SM 1921 1395 362 14 4.27 M 185.6 M 202
================================================================================
AV 62.0 45.0 6.0 FASTST M M 7 MAX(MPH)
MISC ----> 22 120 30 200
================================================================================
NOTES:
# LAST OF SEVERAL OCCURRENCES
COLUMN 17 PEAK WIND IN M.P.H.
PRELIMINARY LOCAL CLIMATOLOGICAL DATA (WS FORM: F-6) , PAGE 2
STATION: RUTLAND VT
MONTH: OCTOBER
YEAR: 2023
LATITUDE: 43 31 N
LONGITUDE: 72 57 W
[TEMPERATURE DATA] [PRECIPITATION DATA] SYMBOLS USED IN COLUMN 16
AVERAGE MONTHLY: 53.5 TOTAL FOR MONTH: 4.27 1 = FOG OR MIST
DPTR FM NORMAL: 0.0 DPTR FM NORMAL: M 2 = FOG REDUCING VISIBILITY
HIGHEST: 87 ON 4 GRTST 24HR 1.89 ON 21-21 TO 1/4 MILE OR LESS
LOWEST: 28 ON 31 3 = THUNDER
SNOW, ICE PELLETS, HAIL 4 = ICE PELLETS
TOTAL MONTH: M 5 = HAIL
GRTST 24HR M ON M 6 = FREEZING RAIN OR DRIZZLE
GRTST DEPTH: M ON M 7 = DUSTSTORM OR SANDSTORM:
VSBY 1/2 MILE OR LESS
8 = SMOKE OR HAZE
[NO. OF DAYS WITH] [WEATHER - DAYS WITH] 9 = BLOWING SNOW
X = TORNADO
MAX 32 OR BELOW: 0 0.01 INCH OR MORE: 10
MAX 90 OR ABOVE: 0 0.10 INCH OR MORE: 5
MIN 32 OR BELOW: 1 0.50 INCH OR MORE: 3
MIN 0 OR BELOW: 0 1.00 INCH OR MORE: 2
[HDD (BASE 65) ]
TOTAL THIS MO. 362 CLEAR (SCALE 0-3) 6
DPTR FM NORMAL M PTCLDY (SCALE 4-7) 11
TOTAL FM JUL 1 537 CLOUDY (SCALE 8-10) 14
DPTR FM NORMAL M
[CDD (BASE 65) ]
TOTAL THIS MO. 14
DPTR FM NORMAL M [PRESSURE DATA]
TOTAL FM JAN 1 455 HIGHEST SLP M ON M
DPTR FM NORMAL M LOWEST SLP M ON M
[REMARKS]
#FINAL-10-23#