000
CXUS54 KTSA 031156
CF6RVS
PRELIMINARY LOCAL CLIMATOLOGICAL DATA (WS FORM: F-6)
STATION: TULSA-RIVERSIDE OKLAHOMA
MONTH: DECEMBER
YEAR: 2021
LATITUDE: 36 2 N
LONGITUDE: 95 59 W
TEMPERATURE IN F: :PCPN: SNOW: WIND :SUNSHINE: SKY :PK WND
================================================================================
1 2 3 4 5 6A 6B 7 8 9 10 11 12 13 14 15 16 17 18
12Z AVG MX 2MIN
DY MAX MIN AVG DEP HDD CDD WTR SNW DPTH SPD SPD DIR MIN PSBL S-S WX SPD DR
================================================================================
1 72 40 56 11 9 0 0.00 0.0 M 1.0 8 310 M M 0 12 340
2 79 37 58 13 7 0 0.00 0.0 M 2.5 12 170 M M 0 16 190
3 77 45 61 17 4 0 0.00 0.0 M 2.9 10 180 M M 0 1 15 360
4 60 53 57 13 8 0 T 0.0 M 5.8 14 30 M M 9 18 20 30
5 77 50 64 20 1 0 0.54 0.0 M 10.4 23 10 M M 5 13 38 360
6 53 28 41 -3 24 0 0.00 0.0 M 9.7 24 10 M M 1 37 20
7 47 27 37 -6 28 0 0.00 0.0 M 4.3 14 150 M M 0 20 150
8 58 28 43 0 22 0 0.00 0.0 M 5.0 17 170 M M 0 26 170
9 70 46 58 15 7 0 0.00 0.0 M 5.1 16 200 M M 0 25 190
10 77 43 60 18 5 0 0.01 0.0 M 9.2 23 200 M M 4 37 210
11 50 27 39 -3 26 0 0.00 0.0 M 4.5 18 320 M M 0 34 300
12 56 25 41 -1 24 0 0.00 0.0 M 7.6 20 170 M M 0 29 170
13 68 33 51 9 14 0 0.00 0.0 M 8.2 17 190 M M 0 24 190
14 73 45 59 18 6 0 0.00 0.0 M 10.5 20 190 M M 6 31 180
15 78 58 68 27 0 3 0.46 0.0 M 18.2 37 180 M M 7 1 54 180
16 60 42 51 10 14 0 0.01 0.0 M 7.7 16 10 M M 4 18 27 360
17 55 49 52 11 13 0 0.63 0.0 M 2.2 12 350 M M 10 13 20 330
18 51 28 40 0 25 0 0.00 0.0 M 8.7 20 10 M M 3 29 350
19 42 27 35 -5 30 0 0.00 0.0 M 3.1 8 110 M M 4 12 50
20 48 25 37 -3 28 0 0.00 0.0 M 2.3 13 190 M M 0 1 17 190
21 60 26 43 3 22 0 0.00 0.0 M 2.0 10 190 M M 0 1 18 200
22 61 29 45 5 20 0 0.00 0.0 M 3.4 13 190 M M 0 12 18 190
23 65 38 52 12 13 0 0.00 0.0 M 5.8 17 180 M M 3 24 190
24 79 60 70 30 0 5 0.00 0.0 M 14.1 26 190 M M 0 43 210
25 73 47 60 21 5 0 0.00 0.0 M 3.7 15 210 M M 0 23 210
26 74 42 58 19 7 0 0.00 0.0 M 7.8 24 190 M M 0 37 190
27 68 51 60 21 5 0 0.00 0.0 M 7.2 17 10 M M 0 1 27 10
28 73 46 60 21 5 0 T 0.0 M 5.7 18 230 M M 3 1 32 220
29 58 40 49 10 16 0 0.07 0.0 M 4.3 12 30 M M 3 1 16 140
30 59 39 49 10 16 0 0.00 0.0 M 2.6 12 200 M M 5 12 17 190
31 65 46 56 17 9 0 0.22 0.0 M 6.3 20 180 M M 4 1 29 170
================================================================================
SM 1986 1220 413 8 1.94 0.0 191.8 M 71
================================================================================
AV 64.1 39.4 6.2 FASTST M M 2 MAX(MPH)
MISC ----> 37 180 54 180
================================================================================
NOTES:
# LAST OF SEVERAL OCCURRENCES
COLUMN 17 PEAK WIND IN M.P.H.
PRELIMINARY LOCAL CLIMATOLOGICAL DATA (WS FORM: F-6) , PAGE 2
STATION: TULSA-RIVERSIDE OKLAHOMA
MONTH: DECEMBER
YEAR: 2021
LATITUDE: 36 2 N
LONGITUDE: 95 59 W
[TEMPERATURE DATA] [PRECIPITATION DATA] SYMBOLS USED IN COLUMN 16
AVERAGE MONTHLY: 51.7 TOTAL FOR MONTH: 1.94 1 = FOG OR MIST
DPTR FM NORMAL: 10.5 DPTR FM NORMAL: -0.57 2 = FOG REDUCING VISIBILITY
HIGHEST: 79 ON 24, 2 GRTST 24HR 0.63 ON 17-17 TO 1/4 MILE OR LESS
LOWEST: 25 ON 20,12 3 = THUNDER
SNOW, ICE PELLETS, HAIL 4 = ICE PELLETS
TOTAL MONTH: 0.0 INCH 5 = HAIL
GRTST 24HR 0.0 6 = FREEZING RAIN OR DRIZZLE
GRTST DEPTH: M ON M 7 = DUSTSTORM OR SANDSTORM:
VSBY 1/2 MILE OR LESS
8 = SMOKE OR HAZE
[NO. OF DAYS WITH] [WEATHER - DAYS WITH] 9 = BLOWING SNOW
X = TORNADO
MAX 32 OR BELOW: 0 0.01 INCH OR MORE: 7
MAX 90 OR ABOVE: 0 0.10 INCH OR MORE: 4
MIN 32 OR BELOW: 10 0.50 INCH OR MORE: 2
MIN 0 OR BELOW: 0 1.00 INCH OR MORE: 0
[HDD (BASE 65) ]
TOTAL THIS MO. 413 CLEAR (SCALE 0-3) 20
DPTR FM NORMAL -324 PTCLDY (SCALE 4-7) 9
TOTAL FM JUL 1 901 CLOUDY (SCALE 8-10) 2
DPTR FM NORMAL -442
[CDD (BASE 65) ]
TOTAL THIS MO. 8
DPTR FM NORMAL 8 [PRESSURE DATA]
TOTAL FM JAN 1 2102 HIGHEST SLP 30.47 ON 19
DPTR FM NORMAL -43 LOWEST SLP 29.46 ON 10
[REMARKS]
#FINAL-12-21#