000
CXUS55 KCYS 081630
CF6RWL
PRELIMINARY LOCAL CLIMATOLOGICAL DATA (WS FORM: F-6)...CORRECTED
STATION: RAWLINS WYOMING AIRPORT
MONTH: DECEMBER
YEAR: 2021
LATITUDE: 41 47 N
LONGITUDE: 107 12 W
TEMPERATURE IN F: :PCPN: SNOW: WIND :SUNSHINE: SKY :PK WND
================================================================================
1 2 3 4 5 6A 6B 7 8 9 10 11 12 13 14 15 16 17 18
12Z AVG MX 2MIN
DY MAX MIN AVG DEP HDD CDD WTR SNW DPTH SPD SPD DIR MIN PSBL S-S WX SPD DR
================================================================================
1 54 36 45 20 20 0 0.00 M M 16.2 31 250 M M 0 43 250
2 60 36 48 24 17 0 0.00 M M 11.1 25 240 M M 0 34 240
3 55 35 45 21 20 0 0.00 M M 14.6 24 240 M M 0 32 250
4 53 32 43 19 22 0 0.00 M M 15.9 40 250 M M 0 56 240
5 48 9 29 5 36 0 0.00 M M 23.8 44 250 M M 0 61 250
6 37 5 21 -2 44 0 T M M 18.9 37 250 M M 5 50 260
7 43 30 37 14 28 0 0.00 M M 22.9 41 260 M M 1 54 270
8 41 28 35 12 30 0 0.00 M M 24.6 38 240 M M 1 52 240
9 35 25 30 8 35 0 0.49 M M 9.6 36 250 M M 7 12 48 260
10 25 9 17 -5 48 0 T M M 19.8 33 240 M M 7 18 45 240
11 24 10 17 -5 48 0 0.00 M M 23.4 40 240 M M 1 8 54 240
12 35 21 28 6 37 0 0.00 M M 25.0 39 230 M M 0 55 240
13 42 32 37 15 28 0 T M M 18.8 32 200 M M 1 45 210
14 46 35 41 19 24 0 0.00 M M 19.9 41 190 M M 0 59 180
15 44 13 29 7 36 0 0.03 M M 21.9 38 250 M M 7 1 51 240
16 28 11 20 -1 45 0 T M M 20.8 37 240 M M 4 48 240
17 27 3 15 -6 50 0 T M M 17.2 32 260 M M 5 8 43 260
18 29 11 20 -1 45 0 T M M 13.3 29 210 M M 1 37 210
19 37 19 28 7 37 0 0.00 M M 15.2 28 230 M M 1 41 210
20 39 18 29 8 36 0 0.00 M M 12.0 36 240 M M 2 46 250
21 39 30 35 14 30 0 0.00 M M 27.0 40 240 M M 0 56 250
22 42 22 32 11 33 0 0.00 M M 16.5 33 230 M M 1 43 230
23 40 30 35 14 30 0 0.04 M M 26.0 40 200 M M 4 1 60 200
24 35 29 32 11 33 0 0.06 M M 19.4 36 230 M M 7 12 48 240
25 33 24 29 8 36 0 T M M 15.1 35 260 M M 7 8 49 260
26 33 11 22 1 43 0 0.16 M M 19.9 54 240 M M 7 12 75 230
27 27 6 17 -4 48 0 0.01 M M 20.7 43 240 M M 3 68 300
28 18 10 14 -7 51 0 T M M 19.0 32 250 M M 7 8 47 260
29 23 4 14 -7 51 0 T M M 19.4 43 220 M M 4 58 220
30 29 20 25 4 40 0 0.03 M M 28.4 41 240 M M 9 128 62 220
31 26 2 14 -8 51 0 0.02 M M 11.0 35 270 M M 9 8 43 260
================================================================================
SM 1147 606 1132 0 0.84 M 587.3 M 101
================================================================================
AV 37.0 19.5 18.9 FASTST M M 3 MAX(MPH)
MISC ----> 54 240 75 230
================================================================================
NOTES:
# LAST OF SEVERAL OCCURRENCES
COLUMN 17 PEAK WIND IN M.P.H.
PRELIMINARY LOCAL CLIMATOLOGICAL DATA (WS FORM: F-6) , PAGE 2
STATION: RAWLINS WYOMING AIRPORT
MONTH: DECEMBER
YEAR: 2021
LATITUDE: 41 47 N
LONGITUDE: 107 12 W
[TEMPERATURE DATA] [PRECIPITATION DATA] SYMBOLS USED IN COLUMN 16
AVERAGE MONTHLY: 28.3 TOTAL FOR MONTH: 0.84 1 = FOG OR MIST
DPTR FM NORMAL: 6.2 DPTR FM NORMAL: 0.44 2 = FOG REDUCING VISIBILITY
HIGHEST: 60 ON 2 GRTST 24HR 0.49 ON 8- 9 TO 1/4 MILE OR LESS
LOWEST: 2 ON 31 3 = THUNDER
SNOW, ICE PELLETS, HAIL 4 = ICE PELLETS
TOTAL MONTH: M 5 = HAIL
GRTST 24HR M ON M 6 = FREEZING RAIN OR DRIZZLE
GRTST DEPTH: M ON M 7 = DUSTSTORM OR SANDSTORM:
VSBY 1/2 MILE OR LESS
8 = SMOKE OR HAZE
[NO. OF DAYS WITH] [WEATHER - DAYS WITH] 9 = BLOWING SNOW
X = TORNADO
MAX 32 OR BELOW: 10 0.01 INCH OR MORE: 8
MAX 90 OR ABOVE: 0 0.10 INCH OR MORE: 2
MIN 32 OR BELOW: 27 0.50 INCH OR MORE: 0
MIN 0 OR BELOW: 0 1.00 INCH OR MORE: 0
[HDD (BASE 65) ]
TOTAL THIS MO. 1132 CLEAR (SCALE 0-3) 16
DPTR FM NORMAL -199 PTCLDY (SCALE 4-7) 13
TOTAL FM JUL 1 2735 CLOUDY (SCALE 8-10) 2
DPTR FM NORMAL -613
[CDD (BASE 65) ]
TOTAL THIS MO. 0
DPTR FM NORMAL 0 [PRESSURE DATA]
TOTAL FM JAN 1 410 HIGHEST SLP 30.53 ON 18
DPTR FM NORMAL 185 LOWEST SLP 29.21 ON 15
[REMARKS]
DECEMBER 3...TIED RECORD HIGH 55 DEGREES SET IN 1998
DECEMBER 4...RECORD HIGH 53 DEGREES (PREVIOUS 52 DEGREES IN 1998)
DECEMBER 9...RECORD PRECIPITATION 0.49" (PREVIOUS 0.29" IN 1985)
MONTHLY PRECIPITATION 0.84 WAS 10TH WETTEST FOR DECEMBER
MEAN TEMPERATURE 28.3 DEGREES WAS 3RD WARMEST FOR DECEMBER
#FINAL-12-21#